{"id":116,"date":"2017-03-20T11:33:40","date_gmt":"2017-03-20T04:33:40","guid":{"rendered":"http:\/\/furniture.fonicweb.com\/?post_type=product&#038;p=116"},"modified":"2025-10-26T19:13:37","modified_gmt":"2025-10-26T12:13:37","slug":"ban-cafe-kinh","status":"publish","type":"product","link":"https:\/\/demo.bmconnect.vn\/furniture\/cua-hang\/ban-cafe-kinh\/","title":{"rendered":"B\u00e0n cafe k\u00ednh"},"content":{"rendered":"<p>N\u1ebfu qu\u00fd kh\u00e1ch l\u00e0 ng\u01b0\u1eddi c\u00f3 t\u00ednh c\u00e1ch hi\u1ec7n \u0111\u1ea1i th\u00ec m\u1eabu b\u00e0n \u0103n 11 l\u00e0 d\u00e0nh cho qu\u00fd kh\u00e1ch. Kh\u00f4ng r\u01b0\u1eddm r\u00e0, m\u1eb7t b\u00e0n trong xanh \u0111\u01b0\u1ee3c t\u00f4 \u0111i\u1ec3m b\u1eb1ng hai m\u00e9p k\u00ednh u\u1ed1n cong b\u1eb1ng c\u00f4ng ngh\u1ec7 hi\u1ec7n \u0111\u1ea1i. B\u1ed1n ch\u00e2n b\u00e0n v\u00e0 ph\u1ee5 ki\u1ec7n k\u1ebft n\u1ed1i h\u00ecnh tr\u1ee5 tr\u00f2n \u0111\u1ed3ng b\u1ed9 t\u1ea1o n\u00ean t\u00ednh logic trong thi\u1ebft k\u1ebf. M\u1eb7t b\u00e0n l\u00e0 k\u00ednh 12&#8230;<\/p>\n","protected":false},"excerpt":{"rendered":"<p>N\u1ebfu qu\u00fd kh\u00e1ch l\u00e0 ng\u01b0\u1eddi c\u00f3 t\u00ednh c\u00e1ch hi\u1ec7n \u0111\u1ea1i th\u00ec m\u1eabu b\u00e0n \u0103n 11 l\u00e0 d\u00e0nh cho qu\u00fd kh\u00e1ch. Kh\u00f4ng r\u01b0\u1eddm r\u00e0, m\u1eb7t b\u00e0n trong xanh \u0111\u01b0\u1ee3c t\u00f4 \u0111i\u1ec3m b\u1eb1ng hai m\u00e9p k\u00ednh u\u1ed1n cong b\u1eb1ng c\u00f4ng ngh\u1ec7 hi\u1ec7n \u0111\u1ea1i. B\u1ed1n ch\u00e2n b\u00e0n v\u00e0 ph\u1ee5 ki\u1ec7n k\u1ebft n\u1ed1i h\u00ecnh tr\u1ee5 tr\u00f2n \u0111\u1ed3ng b\u1ed9 t\u1ea1o [&#8230;]\n","protected":false},"featured_media":86,"comment_status":"open","ping_status":"closed","template":"","meta":[],"product_cat":[23,22,14,16,18,28,27,30,29,32,11,31,19,26,25,24,20,6,13,10,7,8,9,33,21,15,12,17],"product_tag":[],"_links":{"self":[{"href":"https:\/\/demo.bmconnect.vn\/furniture\/wp-json\/wp\/v2\/product\/116"}],"collection":[{"href":"https:\/\/demo.bmconnect.vn\/furniture\/wp-json\/wp\/v2\/product"}],"about":[{"href":"https:\/\/demo.bmconnect.vn\/furniture\/wp-json\/wp\/v2\/types\/product"}],"replies":[{"embeddable":true,"href":"https:\/\/demo.bmconnect.vn\/furniture\/wp-json\/wp\/v2\/comments?post=116"}],"wp:featuredmedia":[{"embeddable":true,"href":"https:\/\/demo.bmconnect.vn\/furniture\/wp-json\/wp\/v2\/media\/86"}],"wp:attachment":[{"href":"https:\/\/demo.bmconnect.vn\/furniture\/wp-json\/wp\/v2\/media?parent=116"}],"wp:term":[{"taxonomy":"product_cat","embeddable":true,"href":"https:\/\/demo.bmconnect.vn\/furniture\/wp-json\/wp\/v2\/product_cat?post=116"},{"taxonomy":"product_tag","embeddable":true,"href":"https:\/\/demo.bmconnect.vn\/furniture\/wp-json\/wp\/v2\/product_tag?post=116"}],"curies":[{"name":"wp","href":"https:\/\/api.w.org\/{rel}","templated":true}]}}