{"id":114,"date":"2017-03-20T11:30:48","date_gmt":"2017-03-20T04:30:48","guid":{"rendered":"http:\/\/furniture.fonicweb.com\/?post_type=product&#038;p=114"},"modified":"2017-03-20T11:36:02","modified_gmt":"2017-03-20T04:36:02","slug":"ghe-sopha-kem","status":"publish","type":"product","link":"https:\/\/demo.bmconnect.vn\/furniture\/cua-hang\/ghe-sopha-kem\/","title":{"rendered":"Gh\u1ebf sopha kem"},"content":{"rendered":"<p>V\u1edbi s\u1ef1 k\u1ebft h\u1ee3p h\u00e0i ho\u00e0 v\u1ec1 m\u00e0u s\u1eafc, m\u1eabu m\u00e3 v\u00e0 kh\u00f4ng gian ki\u1ebfn tr\u00fac c\u1ee7a ng\u00f4i nh\u00e0. Nh\u1eefng t\u00f4ng m\u00e0u hi\u1ec7n \u0111\u1ea1i, thi\u1ebft k\u1ebf tr\u1ebb trung theo t\u1eebng phong c\u00e1ch. C\u00f4ng ty s\u1ea3n xu\u1ea5t sofa \u0111\u01a1n \u0111\u1eb9p r\u1ebb t\u1ea1i 356 B\u1ea1ch Mai s\u1ebd mang \u0111\u1ebfn cho b\u1ea1n nh\u1eefng b\u1ed9 gh\u1ebf sofa gi\u00e1 r\u1ebb h\u1ee3p v\u1edbi kh\u00f4ng gian s\u1ed1ng. V\u1edbi nhi\u1ec1u m\u1eabu m\u00e3 thi\u1ebft k\u1ebf&#8230;<\/p>\n","protected":false},"excerpt":{"rendered":"<p>V\u1edbi s\u1ef1 k\u1ebft h\u1ee3p h\u00e0i ho\u00e0 v\u1ec1 m\u00e0u s\u1eafc, m\u1eabu m\u00e3 v\u00e0 kh\u00f4ng gian ki\u1ebfn tr\u00fac c\u1ee7a ng\u00f4i nh\u00e0. Nh\u1eefng t\u00f4ng m\u00e0u hi\u1ec7n \u0111\u1ea1i, thi\u1ebft k\u1ebf tr\u1ebb trung theo t\u1eebng phong c\u00e1ch. C\u00f4ng ty s\u1ea3n xu\u1ea5t sofa \u0111\u01a1n \u0111\u1eb9p r\u1ebb t\u1ea1i 356 B\u1ea1ch Mai s\u1ebd mang \u0111\u1ebfn cho b\u1ea1n nh\u1eefng b\u1ed9 gh\u1ebf sofa gi\u00e1 r\u1ebb [&#8230;]\n","protected":false},"featured_media":82,"comment_status":"open","ping_status":"closed","template":"","meta":[],"product_cat":[23,22,14,16,18,28,27,30,29,32,11,31,19,26,25,24,20,6,13,10,7,8,9,33,21,15,12,17],"product_tag":[],"_links":{"self":[{"href":"https:\/\/demo.bmconnect.vn\/furniture\/wp-json\/wp\/v2\/product\/114"}],"collection":[{"href":"https:\/\/demo.bmconnect.vn\/furniture\/wp-json\/wp\/v2\/product"}],"about":[{"href":"https:\/\/demo.bmconnect.vn\/furniture\/wp-json\/wp\/v2\/types\/product"}],"replies":[{"embeddable":true,"href":"https:\/\/demo.bmconnect.vn\/furniture\/wp-json\/wp\/v2\/comments?post=114"}],"wp:featuredmedia":[{"embeddable":true,"href":"https:\/\/demo.bmconnect.vn\/furniture\/wp-json\/wp\/v2\/media\/82"}],"wp:attachment":[{"href":"https:\/\/demo.bmconnect.vn\/furniture\/wp-json\/wp\/v2\/media?parent=114"}],"wp:term":[{"taxonomy":"product_cat","embeddable":true,"href":"https:\/\/demo.bmconnect.vn\/furniture\/wp-json\/wp\/v2\/product_cat?post=114"},{"taxonomy":"product_tag","embeddable":true,"href":"https:\/\/demo.bmconnect.vn\/furniture\/wp-json\/wp\/v2\/product_tag?post=114"}],"curies":[{"name":"wp","href":"https:\/\/api.w.org\/{rel}","templated":true}]}}