{"id":532,"date":"2017-05-17T16:17:33","date_gmt":"2017-05-17T09:17:33","guid":{"rendered":"http:\/\/tk3.com.vn\/?post_type=product&#038;p=532"},"modified":"2017-05-18T17:40:26","modified_gmt":"2017-05-18T10:40:26","slug":"dam-ky-gia","status":"publish","type":"product","link":"https:\/\/demo.bmconnect.vn\/fashion4\/san-pham\/dam-ky-gia\/","title":{"rendered":"\u0110\u1ea7m k\u00fd gi\u1ea3."},"content":{"rendered":"<p>S\u1ea3n ph\u1ea9m hot c\u1ee7a m\u00f9a h\u00e8 2017 gi\u00fap b\u1ea1n n\u1eef t\u1ef1 tin th\u1ea3 d\u00e1ng n\u01a1i c\u00f4ng c\u1ed9ng c\u0169ng nh\u01b0 v\u0103n ph\u00f2ng l\u00e0m vi\u1ec7c.<\/p>\n","protected":false},"excerpt":{"rendered":"<p>S\u1ea3n ph\u1ea9m hot c\u1ee7a m\u00f9a h\u00e8 2017 gi\u00fap b\u1ea1n n\u1eef t\u1ef1 tin th\u1ea3 d\u00e1ng n\u01a1i c\u00f4ng c\u1ed9ng c\u0169ng nh\u01b0 v\u0103n ph\u00f2ng l\u00e0m vi\u1ec7c.<\/p>\n","protected":false},"featured_media":395,"comment_status":"open","ping_status":"closed","template":"","meta":[],"product_cat":[60],"product_tag":[72,73,74,75],"_links":{"self":[{"href":"https:\/\/demo.bmconnect.vn\/fashion4\/wp-json\/wp\/v2\/product\/532"}],"collection":[{"href":"https:\/\/demo.bmconnect.vn\/fashion4\/wp-json\/wp\/v2\/product"}],"about":[{"href":"https:\/\/demo.bmconnect.vn\/fashion4\/wp-json\/wp\/v2\/types\/product"}],"replies":[{"embeddable":true,"href":"https:\/\/demo.bmconnect.vn\/fashion4\/wp-json\/wp\/v2\/comments?post=532"}],"wp:featuredmedia":[{"embeddable":true,"href":"https:\/\/demo.bmconnect.vn\/fashion4\/wp-json\/wp\/v2\/media\/395"}],"wp:attachment":[{"href":"https:\/\/demo.bmconnect.vn\/fashion4\/wp-json\/wp\/v2\/media?parent=532"}],"wp:term":[{"taxonomy":"product_cat","embeddable":true,"href":"https:\/\/demo.bmconnect.vn\/fashion4\/wp-json\/wp\/v2\/product_cat?post=532"},{"taxonomy":"product_tag","embeddable":true,"href":"https:\/\/demo.bmconnect.vn\/fashion4\/wp-json\/wp\/v2\/product_tag?post=532"}],"curies":[{"name":"wp","href":"https:\/\/api.w.org\/{rel}","templated":true}]}}