{"id":690,"date":"2017-05-18T09:02:13","date_gmt":"2017-05-18T09:02:13","guid":{"rendered":"http:\/\/demo.bmconnect.vn\/fashion4\/?page_id=690"},"modified":"2017-05-18T09:50:48","modified_gmt":"2017-05-18T09:50:48","slug":"chinh-sach-van-chuyen-giao-nhan","status":"publish","type":"page","link":"https:\/\/demo.bmconnect.vn\/fashion4\/chinh-sach-van-chuyen-giao-nhan\/","title":{"rendered":"Ch\u00ednh s\u00e1ch v\u1eadn chuy\u1ec3n &#038; giao nh\u1eadn"},"content":{"rendered":"<h4>1. TK3 Moda ch\u1ec9\u00a0\u00e1p d\u1ee5ng h\u00ecnh th\u1ee9c th\u1ee9c thanh chuy\u1ec3n kho\u1ea3n.<\/h4>\n<p>2. S\u1ea3n ph\u1ea9m c\u00f3\u00a0\u0111\u01a1n\u00a0\u0111\u1eb7t h\u00e0ng s\u1ebd\u00a0\u0111\u01b0\u1ee3c l\u01b0u l\u1ea1i kho 24 ti\u1ebfng k\u1ec3 t\u1eeb khi x\u00e1c nh\u1eadn\u00a0\u0111\u1eb7t h\u00e0ng.<\/p>\n<p>3. TK3 Moda chuy\u1ec3n h\u00e0ng cho qu\u00fd kh\u00e1ch sau khi nh\u1eadn\u00a0\u0111\u01b0\u1ee3c th\u00f4ng tin chuy\u1ec3n kho\u1ea3n.<\/p>\n<p>4. M\u1ecdi\u00a0\u0111\u01a1n\u00a0\u0111\u1eb7t h\u00e0ng tr\u01b0\u1edbc 16h s\u1ebd\u00a0\u0111\u01b0\u1ee3c chuy\u1ec3n ngay trong ng\u00e0y, sau 16h,\u00a0\u0111\u01a1n h\u00e0ng c\u1ee7a qu\u00fd kh\u00e1ch s\u1ebd\u00a0\u0111\u01b0\u1ee3c chuy\u1ec3n sang ng\u00e0y h\u00f4m sau.<\/p>\n<p>5. Th\u1eddi gian qu\u00fd kh\u00e1ch nh\u1eadn\u00a0\u0111\u01b0\u1ee3c h\u00e0ng k\u1ec3 t\u1eeb khi TK3 Moda x\u00e1c nh\u1eadn chuy\u1ec3n h\u00e0ng ph\u1ee5 thu\u1ed9c ho\u00e0n to\u00e0n v\u00e0o\u00a0\u0111\u01a1n v\u1ecb chuy\u1ec3n ph\u00e1t.<\/p>\n<p>6. M\u1ecdi chi ph\u00ed giao h\u00e0ng do TK3 Moda ch\u1ecbu, kh\u00e1ch h\u00e0ng kh\u00f4ng ph\u1ea3i tr\u1ea3 th\u00eam b\u1ea5t k\u00ec kho\u1ea3n ph\u00ed n\u00e0o ngo\u00e0i gi\u00e1 tr\u1ecb s\u1ea3n ph\u1ea9m.<\/p>\n<p>\u0110i\u1ec7n tho\u1ea1i:\u00a00912901201<\/p>\n","protected":false},"excerpt":{"rendered":"<p>1. TK3 Moda ch\u1ec9\u00a0\u00e1p d\u1ee5ng h\u00ecnh th\u1ee9c th\u1ee9c thanh chuy\u1ec3n kho\u1ea3n. 2. S\u1ea3n ph\u1ea9m c\u00f3\u00a0\u0111\u01a1n\u00a0\u0111\u1eb7t h\u00e0ng s\u1ebd\u00a0\u0111\u01b0\u1ee3c l\u01b0u l\u1ea1i kho 24 ti\u1ebfng k\u1ec3 t\u1eeb khi x\u00e1c nh\u1eadn\u00a0\u0111\u1eb7t h\u00e0ng. 3. TK3 Moda chuy\u1ec3n h\u00e0ng cho qu\u00fd kh\u00e1ch sau khi nh\u1eadn\u00a0\u0111\u01b0\u1ee3c th\u00f4ng tin chuy\u1ec3n kho\u1ea3n. 4. M\u1ecdi\u00a0\u0111\u01a1n\u00a0\u0111\u1eb7t h\u00e0ng tr\u01b0\u1edbc 16h s\u1ebd\u00a0\u0111\u01b0\u1ee3c chuy\u1ec3n ngay trong ng\u00e0y, sau 16h,\u00a0\u0111\u01a1n [&#8230;]\n","protected":false},"author":1,"featured_media":0,"parent":0,"menu_order":0,"comment_status":"closed","ping_status":"closed","template":"","meta":[],"_links":{"self":[{"href":"https:\/\/demo.bmconnect.vn\/fashion4\/wp-json\/wp\/v2\/pages\/690"}],"collection":[{"href":"https:\/\/demo.bmconnect.vn\/fashion4\/wp-json\/wp\/v2\/pages"}],"about":[{"href":"https:\/\/demo.bmconnect.vn\/fashion4\/wp-json\/wp\/v2\/types\/page"}],"author":[{"embeddable":true,"href":"https:\/\/demo.bmconnect.vn\/fashion4\/wp-json\/wp\/v2\/users\/1"}],"replies":[{"embeddable":true,"href":"https:\/\/demo.bmconnect.vn\/fashion4\/wp-json\/wp\/v2\/comments?post=690"}],"version-history":[{"count":2,"href":"https:\/\/demo.bmconnect.vn\/fashion4\/wp-json\/wp\/v2\/pages\/690\/revisions"}],"predecessor-version":[{"id":769,"href":"https:\/\/demo.bmconnect.vn\/fashion4\/wp-json\/wp\/v2\/pages\/690\/revisions\/769"}],"wp:attachment":[{"href":"https:\/\/demo.bmconnect.vn\/fashion4\/wp-json\/wp\/v2\/media?parent=690"}],"curies":[{"name":"wp","href":"https:\/\/api.w.org\/{rel}","templated":true}]}}