{"id":500,"date":"2017-10-12T17:29:47","date_gmt":"2017-10-12T10:29:47","guid":{"rendered":"https:\/\/demo.bmconnect.vn\/edu\/?page_id=500"},"modified":"2017-10-12T17:29:47","modified_gmt":"2017-10-12T10:29:47","slug":"hoc-dan-violon-tai-artiest","status":"publish","type":"page","link":"https:\/\/demo.bmconnect.vn\/edu\/khoa-hoc\/nhac-cu-phuong-tay\/hoc-dan-violon-tai-artiest\/","title":{"rendered":"H\u1ecdc \u0111\u00e0n Violon t\u1ea1i Artiest"},"content":{"rendered":"<h2 class=\"entry-title mb uppercase\"><span style=\"color: #ff6600;\">H\u1eccC \u0110\u00c0N VIOLIN SI\u00caU T\u1ed0C<\/span> <span style=\"color: #000000;\">CHO M\u1eccI \u0110\u1ed0I T\u01af\u1ee2NG<\/span><\/h2>\n<p><strong>Violin l\u00e0 lo\u1ea1i \u0111\u00e0n c\u00f3 s\u1ee9c quy\u1ebfn r\u0169 \u0111\u1eb7c bi\u1ec7t do s\u1ef1 sang tr\u1ecdng,qu\u00fd ph\u00e1i. \u0110\u00e2y c\u0169ng l\u00e0 lo\u1ea1i \u0111\u00e0n r\u1ea5t kh\u00f3 h\u1ecdc, v\u1edbi t\u1ec9 l\u1ec7 ng\u01b0\u1eddi b\u1ecf cu\u1ed9c sau 1 th\u00e1ng th\u1eed s\u1ee9c l\u00ean \u0111\u1ebfn 70%. T\u1ea1i Elite Arts Academy, ch\u00fang t\u00f4i \u0111\u00e3 \u00e1p d\u1ee5ng th\u00e0nh c\u00f4ng ph\u01b0\u01a1ng ph\u00e1p h\u1ecdc m\u1edbi gi\u00fap m\u1ecdi ng\u01b0\u1eddi c\u00f3 th\u1ec3 <em>h\u1ecdc \u0111\u00e0n violin<\/em> m\u1ed9t c\u00e1ch nhanh ch\u00f3ng v\u00e0 d\u1ec5 d\u00e0ng h\u01a1n.<\/strong><\/p>\n<h3>\u00a0S\u01a1 l\u01b0\u1ee3c v\u1ec1 \u0111\u00e0n Violin<\/h3>\n<p>Nh\u1eafc \u0111\u1ebfn \u0111\u00e0n Violin, ng\u01b0\u1eddi ta s\u1ebd li\u00ean t\u01b0\u1edfng ngay \u0111\u1ebfn nh\u1eefng \u00e2m thanh r\u00e9o r\u1eaft, da di\u1ebft m\u00e0 c\u0169ng kh\u00f4ng k\u00e9m ph\u1ea7n ng\u1ecdt ng\u00e0o, d\u1ecbu d\u00e0ng. H\u00ecnh \u1ea3nh ng\u01b0\u1eddi ngh\u1ec7 s\u0129 v\u1edbi m\u00e1i t\u00f3c x\u00f5a b\u1ec1nh b\u1ed3ng ph\u1ea5p ph\u1edbi theo t\u1eebng nh\u1ecbp k\u00e9o \u0111\u00e0n t\u1ea1o n\u00ean s\u1ee9c cu\u1ed1n h\u00fat k\u00ec l\u1ea1 v\u00e0 \u0111\u1ec3 l\u1ea1i \u1ea5n t\u01b0\u1ee3ng s\u00e2u \u0111\u1eadm v\u1edbi b\u1ea5t k\u00ec ai \u0111\u00e3 t\u1eebng th\u1ea5y qua.<\/p>\n<p>\u0110\u00e0n Violin l\u00e0 lo\u1ea1i \u0111\u00e0n cao qu\u00fd v\u00e0 ki\u00eau sa v\u00ec hai l\u00fd do. Th\u1ee9 nh\u1ea5t l\u00e0 v\u1ebb ngo\u00e0i thanh tho\u00e1t, to\u00e1t l\u00ean s\u1ef1 sang tr\u1ecdng. Th\u1ee9 hai l\u00e0 kh\u00f4ng ph\u1ea3i b\u1ea5t k\u00ec ng\u01b0\u1eddi n\u00e0o c\u0169ng c\u00f3 th\u1ec3 ch\u01a1i \u0111\u01b0\u1ee3c \u0111\u00e0n violin, m\u00e0 ph\u1ea3i c\u00f3 m\u1ed9t kh\u1ea3 n\u0103ng c\u1ea3m \u00e2m tuy\u1ec7t h\u1ea3o v\u00e0 th\u1eddi gian d\u00e0i t\u1eadp luy\u1ec7n nghi\u00eam t\u00fac.<\/p>\n<h4>\u0110\u00e0n Violin c\u00f3 t\u1eeb bao gi\u1edd?<\/h4>\n<p>Violin hay c\u00f2n g\u1ecdi l\u00e0 v\u0129 c\u1ea7m, l\u00e0 lo\u1ea1i \u0111\u00e0n c\u00f3 xu\u1ea5t x\u1ee9 t\u1eeb Italia v\u00e0o kho\u1ea3ng th\u1ebf k\u1ec9 16. \u0110\u00e2y l\u00e0 lo\u1ea1i \u0111\u00e0n c\u00f3 k\u00edch th\u01b0\u1edbc nh\u1ecf nh\u1ea5t nh\u01b0ng cho \u00e2m v\u1ef1c cao nh\u1ea5t trong s\u1ed1 c\u00e1c \u0111\u00e0n h\u1ecd v\u0129 c\u1ea7m. \u0110\u00e0n Violin c\u00f3 th\u1ec3 d\u00f9ng \u0111\u1ed9c t\u1ea5u, nh\u01b0ng th\u01b0\u1eddng nh\u1ea5t l\u00e0 d\u00f9ng trong c\u00e1c d\u00e0n nh\u1ea1c giao h\u01b0\u1edfng.<\/p>\n<h4>\u0110\u00e0n Violin c\u00f3 c\u1ea5u t\u1ea1o nh\u01b0 th\u1ebf n\u00e0o?<\/h4>\n<p>\u0110\u00e0n g\u1ed3m hai b\u1ed9 ph\u1eadn ch\u00ednh l\u00e0 th\u00e2n v\u00e0 v\u0129 \u0111\u00e0n. Ph\u1ea7n th\u00e2n ch\u00ednh l\u00e0m b\u1eb1ng g\u1ed7 c\u00f3 th\u00eam c\u00e1c b\u1ed9 ph\u1eadn nh\u01b0 c\u1ed5 \u0111\u00e0n, h\u1ed9p ch\u1ed1t, cu\u1ed9n xo\u1eafn \u1ed1c, ch\u1ed1t m\u1eafc d\u00e2y, ch\u00e2n \u0111\u1ebf, ng\u1ef1a \u0111\u00e0n, khe ch\u1eef S\u2026 V\u0129 \u0111\u00e0n gi\u1ed1ng nh\u01b0 chi\u1ebfc cung v\u1edbi ph\u1ea7n th\u00e2n v\u0129 b\u1eb1ng g\u1ed7 t\u1ed1t v\u00e0 d\u00e2y v\u0129 l\u00e0m b\u1eb1ng l\u00f4ng \u0111u\u00f4i ng\u1ef1a.<\/p>\n<h4>L\u1ee3i \u00edch t\u1eeb vi\u1ec7c <strong>h\u1ecdc \u0111\u00e0n violin<\/strong><\/h4>\n<p>\u0110\u1ea7u ti\u00ean l\u00e0 l\u1ee3i \u00edch v\u1ec1 tinh th\u1ea7n. <strong><em>H\u1ecdc \u0111\u00e0n violin<\/em><\/strong> s\u1ebd c\u1ea3i thi\u1ec7n kh\u1ea3 n\u0103ng c\u1ea3m \u00e2m. N\u00f3 c\u0169ng trui r\u00e8n s\u1ef1 quy\u1ebft t\u00e2m v\u00e0 l\u00f2ng ki\u00ean tr\u00ec. N\u00f3 c\u0169ng c\u1ea3i thi\u1ec7n kh\u1ea3 n\u0103ng t\u1eadp trung v\u00e0 r\u00e8n luy\u1ec7n tr\u00ed nh\u1edb. Sau nh\u1eefng gi\u1edd l\u00e0m vi\u1ec7c c\u0103ng th\u1eb3ng, ch\u01a1i \u0111\u00e0n violin c\u0169ng l\u00e0 m\u1ed9t c\u00e1ch t\u1ed1t \u0111\u1ec3 l\u1ea5y l\u1ea1i tinh th\u1ea7n v\u00e0 th\u01b0 gi\u00e3n \u0111\u1ea7u \u00f3c.<\/p>\n<p>B\u00ean c\u1ea1nh \u0111\u00f3, <strong><em>h\u1ecdc \u0111\u00e0n Violin<\/em><\/strong> s\u1ebd gi\u00fap t\u0103ng s\u1ee9c m\u1ea1nh c\u00e1nh tay, c\u1ea3i thi\u1ec7n m\u1ee9c \u0111\u1ed9 kh\u00e9o l\u00e9o v\u00e0 c\u00e1c k\u0129 n\u0103ng ph\u1ed1i h\u1ee3p \u0111\u1ed9ng t\u00e1c. N\u00f3 c\u0169ng l\u00e0 m\u1ed9t l\u1ee3i th\u1ebf khi tham gia c\u00e1c ho\u1ea1t \u0111\u1ed9ng t\u1eadp th\u1ec3, x\u00e3 h\u1ed9i.<\/p>\n<h3><strong><em>H\u1ecdc \u0111\u00e0n Violin<\/em><\/strong> t\u1ea1i Artiest<\/h3>\n<p>T\u1ea1i h\u1ecdc vi\u1ec7n Ngh\u1ec7 thu\u1eadt Elite, \u0111\u00e3 c\u00f3 r\u1ea5t nhi\u1ec1u h\u1ecdc vi\u00ean c\u00f3 th\u1ec3 ch\u01a1i Violin t\u1eeb nhu\u1ea7n nhuy\u1ec5n \u0111\u1ebfn \u0111i\u00eau luy\u1ec7n sau 1 ho\u1eb7c 2 kh\u00f3a h\u1ecdc.<\/p>\n<h4>N\u1ed9i dung h\u1ecdc<\/h4>\n<p>\u0110i t\u1eeb c\u00e1c b\u01b0\u1edbc c\u0103n b\u1ea3n nh\u1ea5t nh\u01b0 t\u01b0 th\u1ebf c\u1ea7m \u0111\u00e0n, k\u00e9o v\u0129 c\u1ea7m v\u00e0 b\u1ea5m n\u1ed1t cho \u0111\u1ebfn c\u00e1c k\u1ef9 thu\u1eadt cao c\u1ea5p c\u1ee7a \u0111\u00e0n Violin. Ch\u00fang t\u00f4i lu\u00f4n l\u1ea5y h\u1ecdc vi\u00ean l\u00e0m tr\u1ecdng t\u00e2m. Gi\u00e1o vi\u00ean s\u1ebd bi\u00ean so\u1ea1n v\u00e0 gi\u1ea3ng d\u1ea1y theo c\u00e1ch th\u1ee9c ri\u00eang bi\u1ec7t cho ph\u00f9 h\u1ee3p v\u1edbi t\u1eebng h\u1ecdc vi\u00ean, gi\u00fap h\u1ecdc vi\u00ean nhanh ch\u00f3ng n\u1eafm b\u1eaft k\u1ef9 thu\u1eadt khi <strong><em>h\u1ecdc \u0111\u00e0n violin<\/em><\/strong>.<\/p>\n<h4>Th\u1eddi kh\u00f3a bi\u1ec3u<\/h4>\n<p>Th\u1eddi kh\u00f3a bi\u1ec3u linh \u0111\u1ed9ng s\u1ebd gi\u00fap h\u1ecdc vi\u00ean ch\u1ee7 \u0111\u1ed9ng th\u1eddi gian. H\u1ecdc vi\u00ean c\u00f3 th\u1ec3 th\u1ecfa thu\u1eadn v\u00e0 l\u1ef1a ch\u1ecdn h\u1ecdc 2, 3 ho\u1eb7c nhi\u1ec1u bu\u1ed5i h\u01a1n trong 1 tu\u1ea7n. Th\u1eddi gian h\u1ecdc c\u1ed1 \u0111\u1ecbnh l\u00e0 60 ph\u00fat\/bu\u1ed5i v\u00e0 m\u1ed9t kh\u00f3a c\u00f3 th\u1ec3 k\u00e9o d\u00e0i t\u1eeb 2 \u0111\u1ebfn 4 th\u00e1ng t\u00f9y v\u00e0o tr\u00ecnh \u0111\u1ed9 ti\u1ebfp thu c\u1ee7a h\u1ecdc vi\u00ean.<\/p>\n<h4>H\u00ecnh th\u1ee9c gi\u1ea3ng d\u1ea1y v\u00e0 trang thi\u1ebft b\u1ecb<\/h4>\n<p>C\u00e1c gi\u00e1o vi\u00ean c\u1ee7a ch\u00fang t\u00f4i l\u00e0 nh\u1eefng ng\u01b0\u1eddi \u0111\u00e3 c\u00f3 kinh nghi\u1ec7m l\u00e2u n\u0103m trong l\u0129nh v\u1ef1c d\u1ea1y \u0111\u00e0n Violin v\u00e0 c\u00f3 \u0111\u1ee7 c\u00e1c ch\u1ee9ng ch\u1ec9 s\u01b0 ph\u1ea1m theo quy \u0111inh.<\/p>\n<p>M\u1ed7i l\u1edbp h\u1ecdc violin ch\u1ec9 t\u1eeb 2 \u2013 3 h\u1ecdc vi\u00ean v\u1edbi \u0111\u1ea7y \u0111\u1ee7 c\u00e1c d\u1ee5ng c\u1ee5 h\u1ecdc t\u1eadp v\u00e0 m\u00f4i tr\u01b0\u1eddng tho\u00e1ng m\u00e1t, r\u1ed9ng r\u00e3i s\u1ebd gi\u00fap h\u1ecdc vi\u00ean ti\u1ebfp thu nhanh ch\u00f3ng h\u01a1n.<\/p>\n<p>Ch\u00fang t\u00f4i c\u0169ng ti\u1ebfn h\u00e0nh t\u1ed5ng k\u1ebft, ki\u1ec3m tra v\u00e0 c\u1ea5p ch\u1ee9ng ch\u1ec9 sau m\u1ed7i kh\u00f3a h\u1ecdc. V\u1edbi h\u1ecdc vi\u00ean xu\u1ea5t s\u1eafc s\u1ebd c\u00f3 gi\u1ea5y khen v\u00e0 ph\u1ea7n th\u01b0\u1edfng \u0111\u1eb7c bi\u1ec7t.<\/p>\n<p>N\u1ebfu c\u00f3 nhu c\u1ea7u <strong><em>h\u1ecdc \u0111\u00e0n violin<\/em><\/strong>, h\u00e3y nhanh ch\u00f3ng li\u00ean h\u1ec7 \u0111\u1ecba ch\u1ec9 sau \u0111\u1ec3 \u0111\u01b0\u1ee3c t\u01b0 v\u1ea5n v\u00e0 h\u1ed7 tr\u1ee3.<\/p>\n","protected":false},"excerpt":{"rendered":"<p>H\u1eccC \u0110\u00c0N VIOLIN SI\u00caU T\u1ed0C CHO M\u1eccI \u0110\u1ed0I T\u01af\u1ee2NG Violin l\u00e0 lo\u1ea1i \u0111\u00e0n c\u00f3 s\u1ee9c quy\u1ebfn r\u0169 \u0111\u1eb7c bi\u1ec7t do s\u1ef1 sang tr\u1ecdng,qu\u00fd ph\u00e1i. \u0110\u00e2y c\u0169ng l\u00e0 lo\u1ea1i \u0111\u00e0n r\u1ea5t kh\u00f3 h\u1ecdc, v\u1edbi t\u1ec9 l\u1ec7 ng\u01b0\u1eddi b\u1ecf cu\u1ed9c sau 1 th\u00e1ng th\u1eed s\u1ee9c l\u00ean \u0111\u1ebfn 70%. T\u1ea1i Elite Arts Academy, ch\u00fang t\u00f4i \u0111\u00e3 \u00e1p d\u1ee5ng [&#8230;]\n","protected":false},"author":1,"featured_media":501,"parent":263,"menu_order":0,"comment_status":"closed","ping_status":"closed","template":"page-right-sidebar.php","meta":[],"_links":{"self":[{"href":"https:\/\/demo.bmconnect.vn\/edu\/wp-json\/wp\/v2\/pages\/500"}],"collection":[{"href":"https:\/\/demo.bmconnect.vn\/edu\/wp-json\/wp\/v2\/pages"}],"about":[{"href":"https:\/\/demo.bmconnect.vn\/edu\/wp-json\/wp\/v2\/types\/page"}],"author":[{"embeddable":true,"href":"https:\/\/demo.bmconnect.vn\/edu\/wp-json\/wp\/v2\/users\/1"}],"replies":[{"embeddable":true,"href":"https:\/\/demo.bmconnect.vn\/edu\/wp-json\/wp\/v2\/comments?post=500"}],"version-history":[{"count":1,"href":"https:\/\/demo.bmconnect.vn\/edu\/wp-json\/wp\/v2\/pages\/500\/revisions"}],"predecessor-version":[{"id":502,"href":"https:\/\/demo.bmconnect.vn\/edu\/wp-json\/wp\/v2\/pages\/500\/revisions\/502"}],"up":[{"embeddable":true,"href":"https:\/\/demo.bmconnect.vn\/edu\/wp-json\/wp\/v2\/pages\/263"}],"wp:featuredmedia":[{"embeddable":true,"href":"https:\/\/demo.bmconnect.vn\/edu\/wp-json\/wp\/v2\/media\/501"}],"wp:attachment":[{"href":"https:\/\/demo.bmconnect.vn\/edu\/wp-json\/wp\/v2\/media?parent=500"}],"curies":[{"name":"wp","href":"https:\/\/api.w.org\/{rel}","templated":true}]}}