{"id":17,"date":"2017-10-11T21:51:01","date_gmt":"2017-10-11T14:51:01","guid":{"rendered":"https:\/\/demo.bmconnect.vn\/edu\/?page_id=17"},"modified":"2017-10-12T18:26:01","modified_gmt":"2017-10-12T11:26:01","slug":"lich-hoc","status":"publish","type":"page","link":"https:\/\/demo.bmconnect.vn\/edu\/lich-hoc\/","title":{"rendered":"L\u1ecbch h\u1ecdc"},"content":{"rendered":"<h2>L\u1ecaCH KHAI GI\u1ea2NG <span style=\"color: #ff6600;\">C\u00c1C L\u1edaP NGH\u1ec6 THU\u1eacT TH\u00c1NG 10\/2017<\/span><\/h2>\n<table width=\"94%\">\n<tbody>\n<tr>\n<td width=\"23%\"><span style=\"color: #000000;\"><strong>KH\u00d3A H\u1eccC<\/strong><\/span><\/td>\n<td width=\"19%\"><span style=\"color: #000000;\"><strong>TH\u1edcI GIAN<\/strong><\/span><\/p>\n<p><span style=\"color: #000000;\"><strong>KHAI GI\u1ea2NG<\/strong><\/span><\/td>\n<td width=\"17%\"><span style=\"color: #000000;\"><strong>L\u1ecaCH H\u1eccC<\/strong><\/span><\/td>\n<td width=\"16%\"><span style=\"color: #000000;\"><strong>GI\u1edc H\u1eccC<\/strong><\/span><\/td>\n<td width=\"23%\"><span style=\"color: #000000;\"><strong>GHI CH\u00da<\/strong><\/span><\/td>\n<\/tr>\n<tr>\n<td rowspan=\"12\" width=\"23%\"><span style=\"color: #000000;\"><strong>MC NH\u00cd<\/strong><\/span><\/p>\n<p><span style=\"color: #000000;\"><strong>K\u1ef8 N\u0102NG S\u1ed0NG<\/strong><\/span><\/td>\n<td width=\"19%\"><span style=\"color: #000000;\">01\/10\/2017<\/span><\/td>\n<td width=\"17%\"><span style=\"color: #000000;\">Ch\u1ee7 Nh\u1eadt<\/span><\/td>\n<td width=\"16%\"><span style=\"color: #000000;\">08h30 \u2013 11h00<\/span><\/td>\n<td width=\"23%\"><span style=\"color: #000000;\">Nguy\u00ean H\u1ed3ng<\/span><\/td>\n<\/tr>\n<tr>\n<td width=\"19%\"><span style=\"color: #000000;\">07\/10\/2017<\/span><\/td>\n<td width=\"17%\"><span style=\"color: #000000;\">Th\u1ee9 7<\/span><\/td>\n<td width=\"16%\"><span style=\"color: #000000;\">08h30 \u2013 11h00<\/span><\/td>\n<td width=\"23%\"><span style=\"color: #000000;\">Nguy\u00ean H\u1ed3ng<\/span><\/td>\n<\/tr>\n<tr>\n<td width=\"19%\"><span style=\"color: #000000;\">08\/10\/2017<\/span><\/td>\n<td width=\"17%\"><span style=\"color: #000000;\">Ch\u1ee7 Nh\u1eadt<\/span><\/td>\n<td width=\"16%\"><span style=\"color: #000000;\">14h00 \u2013 16h30<\/span><\/td>\n<td width=\"23%\"><span style=\"color: #000000;\">Nguy\u00ean H\u1ed3ng<\/span><\/td>\n<\/tr>\n<tr>\n<td width=\"19%\"><span style=\"color: #000000;\">14\/10\/2017<\/span><\/td>\n<td width=\"17%\"><span style=\"color: #000000;\">Th\u1ee9 7<\/span><\/td>\n<td width=\"16%\"><span style=\"color: #000000;\">14h00 \u2013 16h30<\/span><\/td>\n<td width=\"23%\"><span style=\"color: #000000;\">H\u00e0ng B\u00e0i<\/span><\/td>\n<\/tr>\n<tr>\n<td width=\"19%\"><span style=\"color: #000000;\">15\/10\/2017<\/span><\/td>\n<td width=\"17%\"><span style=\"color: #000000;\">Ch\u1ee7 Nh\u1eadt<\/span><\/td>\n<td width=\"16%\"><span style=\"color: #000000;\">18h00 \u2013 20h30<\/span><\/td>\n<td width=\"23%\"><span style=\"color: #000000;\">H\u00e0 \u0110\u00f4ng<\/span><\/td>\n<\/tr>\n<tr>\n<td width=\"19%\"><span style=\"color: #000000;\">15\/10\/2017<\/span><\/td>\n<td width=\"17%\"><span style=\"color: #000000;\">Ch\u1ee7 Nh\u1eadt<\/span><\/td>\n<td width=\"16%\"><span style=\"color: #000000;\">14h00 \u2013 16h30<\/span><\/td>\n<td width=\"23%\"><span style=\"color: #000000;\">H\u00e0ng B\u00e0i<\/span><\/td>\n<\/tr>\n<tr>\n<td width=\"19%\"><span style=\"color: #000000;\">21\/10\/2017<\/span><\/td>\n<td width=\"17%\"><span style=\"color: #000000;\">Th\u1ee9 7<\/span><\/td>\n<td width=\"16%\"><span style=\"color: #000000;\">08h30 -11h00<\/span><\/td>\n<td width=\"23%\"><span style=\"color: #000000;\">Nguy\u00ean H\u1ed3ng<\/span><\/td>\n<\/tr>\n<tr>\n<td width=\"19%\"><span style=\"color: #000000;\">22\/10\/2017<\/span><\/td>\n<td width=\"17%\"><span style=\"color: #000000;\">Ch\u1ee7 Nh\u1eadt<\/span><\/td>\n<td width=\"16%\"><span style=\"color: #000000;\">14h00 \u2013 16h30<\/span><\/td>\n<td width=\"23%\"><span style=\"color: #000000;\">Ecopark<\/span><\/td>\n<\/tr>\n<tr>\n<td width=\"19%\"><span style=\"color: #000000;\">22\/10\/2017<\/span><\/td>\n<td width=\"17%\"><span style=\"color: #000000;\">Ch\u1ee7 Nh\u1eadt<\/span><\/td>\n<td width=\"16%\"><span style=\"color: #000000;\">08h30 \u2013 11h00<\/span><\/td>\n<td width=\"23%\"><span style=\"color: #000000;\">Ecopark<\/span><\/td>\n<\/tr>\n<tr>\n<td width=\"19%\"><span style=\"color: #000000;\">28\/10\/2017<\/span><\/td>\n<td width=\"17%\"><span style=\"color: #000000;\">Th\u1ee9 7<\/span><\/td>\n<td width=\"16%\"><span style=\"color: #000000;\">18h00 -20h30<\/span><\/td>\n<td width=\"23%\"><span style=\"color: #000000;\">H\u00e0 \u0110\u00f4ng<\/span><\/td>\n<\/tr>\n<tr>\n<td width=\"19%\"><span style=\"color: #000000;\">28\/10\/2017<\/span><\/td>\n<td width=\"17%\"><span style=\"color: #000000;\">Th\u1ee9 7<\/span><\/td>\n<td width=\"16%\"><span style=\"color: #000000;\">08h30 -11h00<\/span><\/td>\n<td width=\"23%\"><span style=\"color: #000000;\">Nguy\u00ean H\u1ed3ng<\/span><\/td>\n<\/tr>\n<tr>\n<td width=\"19%\"><span style=\"color: #000000;\">29\/10\/2017<\/span><\/td>\n<td width=\"17%\"><span style=\"color: #000000;\">Ch\u1ee7 Nh\u1eadt<\/span><\/td>\n<td width=\"16%\"><span style=\"color: #000000;\">8h30 \u2013 11h00<\/span><\/td>\n<td width=\"23%\"><span style=\"color: #000000;\">H\u00e0ng B\u00e0i<\/span><\/td>\n<\/tr>\n<tr>\n<td rowspan=\"6\" width=\"23%\"><span style=\"color: #000000;\"><strong>MC<\/strong><\/span><\/p>\n<p><span style=\"color: #000000;\"><strong>GIAO TI\u1ebeP<\/strong><\/span><\/p>\n<p><span style=\"color: #000000;\"><strong>THUY\u1ebeT TR\u00ccNH<\/strong><\/span><\/p>\n<p><span style=\"color: #000000;\"><strong>(<\/strong>Sinh vi\u00ean, ng\u01b0\u1eddi \u0111i l\u00e0m)<\/span><\/p>\n<p><span style=\"color: #000000;\"><strong>\u00a0<\/strong><\/span><\/td>\n<td width=\"19%\"><span style=\"color: #000000;\">06\/10\/2017<\/span><\/td>\n<td width=\"17%\"><span style=\"color: #000000;\">Th\u1ee9 6, CN<\/span><\/td>\n<td width=\"16%\"><span style=\"color: #000000;\">18h00 \u2013 21h00<\/span><\/td>\n<td width=\"23%\"><span style=\"color: #000000;\">Nguy\u00ean H\u1ed3ng<\/span><\/td>\n<\/tr>\n<tr>\n<td width=\"19%\"><span style=\"color: #000000;\">10\/10\/2017<\/span><\/td>\n<td width=\"17%\"><span style=\"color: #000000;\">Th\u1ee9 2, th\u1ee9 4<\/span><\/td>\n<td width=\"16%\"><span style=\"color: #000000;\">18h00 \u2013 21h00<\/span><\/td>\n<td width=\"23%\"><span style=\"color: #000000;\">Nguy\u00ean H\u1ed3ng<\/span><\/td>\n<\/tr>\n<tr>\n<td width=\"19%\"><span style=\"color: #000000;\">17\/10\/2017<\/span><\/td>\n<td width=\"17%\"><span style=\"color: #000000;\">Th\u1ee9 3, th\u1ee9 5<\/span><\/td>\n<td width=\"16%\"><span style=\"color: #000000;\">18h00 \u2013 21h00<\/span><\/td>\n<td width=\"23%\"><span style=\"color: #000000;\">Nguy\u00ean H\u1ed3ng<\/span><\/td>\n<\/tr>\n<tr>\n<td width=\"19%\"><span style=\"color: #000000;\">25\/10\/2017<\/span><\/td>\n<td width=\"17%\"><span style=\"color: #000000;\">Th\u1ee9 2, th\u1ee9 4<\/span><\/td>\n<td width=\"16%\"><span style=\"color: #000000;\">18h00 \u2013 21h00<\/span><\/td>\n<td width=\"23%\"><span style=\"color: #000000;\">Nguy\u00ean H\u1ed3ng<\/span><\/td>\n<\/tr>\n<tr>\n<td width=\"19%\"><span style=\"color: #000000;\">27\/10\/2017<\/span><\/td>\n<td width=\"17%\"><span style=\"color: #000000;\">Th\u1ee9 4, th\u1ee9 6<\/span><\/td>\n<td width=\"16%\"><span style=\"color: #000000;\">18h00 \u2013 21h00<\/span><\/td>\n<td width=\"23%\"><span style=\"color: #000000;\">Nguy\u00ean H\u1ed3ng<\/span><\/td>\n<\/tr>\n<tr>\n<td width=\"19%\"><span style=\"color: #000000;\">31\/10\/2017<\/span><\/td>\n<td width=\"17%\"><span style=\"color: #000000;\">Th\u1ee9 3, th\u1ee9 5<\/span><\/td>\n<td width=\"16%\"><span style=\"color: #000000;\">18h00 \u2013 21h00<\/span><\/td>\n<td width=\"23%\"><span style=\"color: #000000;\">Nguy\u00ean H\u1ed3ng<\/span><\/td>\n<\/tr>\n<tr>\n<td rowspan=\"4\" width=\"23%\"><span style=\"color: #000000;\"><strong>MC N\u00c2NG CAO<\/strong><\/span><\/td>\n<td width=\"19%\"><span style=\"color: #000000;\">08\/10\/2017<\/span><\/td>\n<td width=\"17%\"><span style=\"color: #000000;\">Ch\u1ee7 Nh\u1eadt<\/span><\/td>\n<td width=\"16%\"><span style=\"color: #000000;\">08h30 \u2013 11h00<\/span><\/td>\n<td width=\"23%\"><span style=\"color: #000000;\">Ecopark<\/span><\/td>\n<\/tr>\n<tr>\n<td width=\"19%\"><span style=\"color: #000000;\">08\/10\/2017<\/span><\/td>\n<td width=\"17%\"><span style=\"color: #000000;\">Ch\u1ee7 Nh\u1eadt<\/span><\/td>\n<td width=\"16%\"><span style=\"color: #000000;\">18h00 \u2013 20h30<\/span><\/td>\n<td width=\"23%\"><span style=\"color: #000000;\">Nguy\u00ean H\u1ed3ng<\/span><\/td>\n<\/tr>\n<tr>\n<td width=\"19%\"><span style=\"color: #000000;\">22\/10\/2017<\/span><\/td>\n<td width=\"17%\"><span style=\"color: #000000;\">Ch\u1ee7 Nh\u1eadt<\/span><\/td>\n<td width=\"16%\"><span style=\"color: #000000;\">8h30 \u2013 11h00<\/span><\/td>\n<td width=\"23%\"><span style=\"color: #000000;\">Nguy\u00ean H\u1ed3ng<\/span><\/td>\n<\/tr>\n<tr>\n<td width=\"19%\"><span style=\"color: #000000;\">28\/10\/2017<\/span><\/td>\n<td width=\"17%\"><span style=\"color: #000000;\">Th\u1ee9 7<\/span><\/td>\n<td width=\"16%\"><span style=\"color: #000000;\">18h00 \u2013 20h30<\/span><\/td>\n<td width=\"23%\"><span style=\"color: #000000;\">Nguy\u00ean H\u1ed3ng<\/span><\/td>\n<\/tr>\n<tr>\n<td rowspan=\"5\" width=\"23%\"><span style=\"color: #000000;\"><strong>CH\u1eeeA NG\u1eccNG NH\u00cd<\/strong><\/span><\/td>\n<td width=\"19%\"><span style=\"color: #000000;\">08\/10\/2017<\/span><\/td>\n<td width=\"17%\"><span style=\"color: #000000;\">Ch\u1ee7 Nh\u1eadt<\/span><\/td>\n<td width=\"16%\"><span style=\"color: #000000;\">14h30 \u2013 16h30<\/span><\/td>\n<td width=\"23%\"><span style=\"color: #000000;\">Nguy\u00ean H\u1ed3ng<\/span><\/td>\n<\/tr>\n<tr>\n<td width=\"19%\"><span style=\"color: #000000;\">13\/10\/2017<\/span><\/td>\n<td width=\"17%\"><span style=\"color: #000000;\">Th\u1ee9 6<\/span><\/td>\n<td width=\"16%\"><span style=\"color: #000000;\">18h00 \u2013 20h00<\/span><\/td>\n<td width=\"23%\"><span style=\"color: #000000;\">Nguy\u00ean H\u1ed3ng<\/span><\/td>\n<\/tr>\n<tr>\n<td width=\"19%\"><span style=\"color: #000000;\">16\/10\/2017<\/span><\/td>\n<td width=\"17%\"><span style=\"color: #000000;\">Th\u1ee9 2<\/span><\/td>\n<td width=\"16%\"><span style=\"color: #000000;\">18h00 \u2013 20h00<\/span><\/td>\n<td width=\"23%\"><span style=\"color: #000000;\">H\u00e0 \u0110\u00f4ng<\/span><\/td>\n<\/tr>\n<tr>\n<td width=\"19%\"><span style=\"color: #000000;\">21\/10\/2017<\/span><\/td>\n<td width=\"17%\"><span style=\"color: #000000;\">Th\u1ee9 7<\/span><\/td>\n<td width=\"16%\"><span style=\"color: #000000;\">8h30 \u2013 10h30<\/span><\/td>\n<td width=\"23%\"><span style=\"color: #000000;\">Ecopark<\/span><\/td>\n<\/tr>\n<tr>\n<td width=\"19%\"><span style=\"color: #000000;\">29\/10\/2017<\/span><\/td>\n<td width=\"17%\"><span style=\"color: #000000;\">Ch\u1ee7 Nh\u1eadt<\/span><\/td>\n<td width=\"16%\"><span style=\"color: #000000;\">14h30 \u2013 16h30<\/span><\/td>\n<td width=\"23%\"><span style=\"color: #000000;\">Nguy\u00ean H\u1ed3ng<\/span><\/td>\n<\/tr>\n<\/tbody>\n<\/table>\n<p><span style=\"background-color: #ffffff; color: #ff6600;\"><strong>Ghi ch\u00fa:<\/strong><\/span><\/p>\n<p>Tr\u00ean \u0111\u00e2y l\u00e0 l\u1ecbch\u00a0\u00a0khai gi\u1ea3ng d\u1ef1 ki\u1ebfn c\u00e1c l\u1edbp, ph\u1ee5 huynh v\u00e0 h\u1ecdc sinh c\u00f3 th\u1ec3 \u00a0\u0111\u0103ng k\u00fd l\u1ecbch h\u1ecdc theo nguy\u1ec7n v\u1ecdng \u0111\u1ec3 \u0111\u01b0\u1ee3c s\u1eafp x\u1ebfp l\u1edbp ph\u00f9 h\u1ee3p.<\/p>\n","protected":false},"excerpt":{"rendered":"<p>L\u1ecaCH KHAI GI\u1ea2NG C\u00c1C L\u1edaP NGH\u1ec6 THU\u1eacT TH\u00c1NG 10\/2017 KH\u00d3A H\u1eccC TH\u1edcI GIAN KHAI GI\u1ea2NG L\u1ecaCH H\u1eccC GI\u1edc H\u1eccC GHI CH\u00da MC NH\u00cd K\u1ef8 N\u0102NG S\u1ed0NG 01\/10\/2017 Ch\u1ee7 Nh\u1eadt 08h30 \u2013 11h00 Nguy\u00ean H\u1ed3ng 07\/10\/2017 Th\u1ee9 7 08h30 \u2013 11h00 Nguy\u00ean H\u1ed3ng 08\/10\/2017 Ch\u1ee7 Nh\u1eadt 14h00 \u2013 16h30 Nguy\u00ean H\u1ed3ng 14\/10\/2017 Th\u1ee9 7 14h00 \u2013 [&#8230;]\n","protected":false},"author":1,"featured_media":0,"parent":0,"menu_order":0,"comment_status":"closed","ping_status":"closed","template":"page-right-sidebar.php","meta":[],"_links":{"self":[{"href":"https:\/\/demo.bmconnect.vn\/edu\/wp-json\/wp\/v2\/pages\/17"}],"collection":[{"href":"https:\/\/demo.bmconnect.vn\/edu\/wp-json\/wp\/v2\/pages"}],"about":[{"href":"https:\/\/demo.bmconnect.vn\/edu\/wp-json\/wp\/v2\/types\/page"}],"author":[{"embeddable":true,"href":"https:\/\/demo.bmconnect.vn\/edu\/wp-json\/wp\/v2\/users\/1"}],"replies":[{"embeddable":true,"href":"https:\/\/demo.bmconnect.vn\/edu\/wp-json\/wp\/v2\/comments?post=17"}],"version-history":[{"count":4,"href":"https:\/\/demo.bmconnect.vn\/edu\/wp-json\/wp\/v2\/pages\/17\/revisions"}],"predecessor-version":[{"id":572,"href":"https:\/\/demo.bmconnect.vn\/edu\/wp-json\/wp\/v2\/pages\/17\/revisions\/572"}],"wp:attachment":[{"href":"https:\/\/demo.bmconnect.vn\/edu\/wp-json\/wp\/v2\/media?parent=17"}],"curies":[{"name":"wp","href":"https:\/\/api.w.org\/{rel}","templated":true}]}}