{"id":22,"date":"2018-04-22T09:09:19","date_gmt":"2018-04-22T02:09:19","guid":{"rendered":"http:\/\/duocpham3.ninhbinhweb.net\/?page_id=22"},"modified":"2018-09-26T00:17:29","modified_gmt":"2018-09-25T17:17:29","slug":"khach-hang-chia-se","status":"publish","type":"page","link":"https:\/\/demo.bmconnect.vn\/duocpham3\/khach-hang-chia-se\/","title":{"rendered":"Kh\u00e1ch h\u00e0ng chia s\u1ebb"},"content":{"rendered":"<div class=\"row\"  id=\"row-559860156\">\n\n\t<div id=\"col-896670070\" class=\"col medium-6 small-12 large-6\"  >\n\t\t\t\t<div class=\"col-inner\"  >\n\t\t\t\n\t\t\t\n<div class=\"video video-fit mb\" style=\"padding-top:50%;\"><p><iframe loading=\"lazy\" width=\"1020\" height=\"574\" src=\"https:\/\/www.youtube.com\/embed\/y4IsfjhgFTI?feature=oembed\" frameborder=\"0\" allow=\"autoplay; encrypted-media\" allowfullscreen><\/iframe><\/p>\n<\/div>\n<div id=\"HEADLINE152\" class=\"widget-element widget-snap\">\n<div id=\"HEADLINE152\" class=\"widget-element widget-snap\">\n<h3 class=\"widget-content\" style=\"text-align: center;\"><span style=\"color: #000000; font-size: 150%;\">Ch\u1ecb H\u1eb1ng, Hai B\u00e0 Tr\u01b0ng, H\u00e0 N\u1ed9i<\/span><\/h3>\n<\/div>\n<div id=\"PARAGRAPH153\" class=\"widget-element widget-snap\">\n<p class=\"widget-content\" style=\"text-align: center;\"><span style=\"font-size: 95%;\">T\u00f4i \u0111\u00e3 s\u1eed d\u1ee5ng thu\u1ed1c nhu\u1ed9m n\u00e0y r\u1ea5t l\u00e0 hi\u1ec7u\u00a0qu\u1ea3 l\u00ean m\u00e0u \u0111\u1ec1u v\u00e0 kh\u00f4ng b\u1ecb ng\u1ee9a v\u00e0 r\u00e1t\u00a0da \u0111\u1ea7u. N\u00f3i chung l\u00e0 r\u1ea5t tin c\u1eady.<\/span><\/p>\n<\/div>\n<\/div>\n\t\t<\/div>\n\t\t\t\t\t<\/div>\n\n\t\n\n\t<div id=\"col-1329551011\" class=\"col medium-6 small-12 large-6\"  >\n\t\t\t\t<div class=\"col-inner\"  >\n\t\t\t\n\t\t\t\n<div class=\"video video-fit mb\" style=\"padding-top:50%;\"><p><iframe loading=\"lazy\" width=\"1020\" height=\"574\" src=\"https:\/\/www.youtube.com\/embed\/4TzfP165KBU?feature=oembed\" frameborder=\"0\" allow=\"autoplay; encrypted-media\" allowfullscreen><\/iframe><\/p>\n<\/div>\n<div id=\"HEADLINE152\" class=\"widget-element widget-snap\">\n<div id=\"HEADLINE152\" class=\"widget-element widget-snap\">\n<div id=\"HEADLINE152\" class=\"widget-element widget-snap\">\n<h3 class=\"widget-content\" style=\"text-align: center;\"><span style=\"color: #000000; font-size: 150%;\">Ch\u1ecb Th\u00fay \u2013 \u0110\u00f4ng Anh, H\u00e0 N\u1ed9i<\/span><\/h3>\n<\/div>\n<div id=\"PARAGRAPH153\" class=\"widget-element widget-snap\">\n<p class=\"widget-content\" style=\"text-align: center;\"><span style=\"font-size: 95%;\">B\u1ed9t nhu\u1ed9m t\u00f3c n\u00e0y c\u00f3 m\u00f9i h\u01b0\u01a1ng r\u1ea5t d\u1ec5 ch\u1ecbu, b\u1ec1n m\u00e0u, v\u00e0 s\u1ea1ch da \u0111\u1ea7u n\u1eefa. Nh\u00e0 m\u00ecnh r\u1ea5t tin d\u00f9ng s\u1ea3n ph\u1ea9m c\u1ee7a ogatic!<\/span><\/p>\n<\/div>\n<\/div>\n<\/div>\n\t\t<\/div>\n\t\t\t\t\t<\/div>\n\n\t\n<\/div>\n<div class=\"row\"  id=\"row-731984861\">\n\n\t<div id=\"col-1762766186\" class=\"col small-12 large-12\"  >\n\t\t\t\t<div class=\"col-inner\"  >\n\t\t\t\n\t\t\t\n<div role=\"form\" class=\"wpcf7\" id=\"wpcf7-f1086-o1\" lang=\"vi\" dir=\"ltr\">\n<div class=\"screen-reader-response\"><p role=\"status\" aria-live=\"polite\" aria-atomic=\"true\"><\/p> <ul><\/ul><\/div>\n<form action=\"\/duocpham3\/wp-json\/wp\/v2\/pages\/22#wpcf7-f1086-o1\" method=\"post\" class=\"wpcf7-form init\" novalidate=\"novalidate\" data-status=\"init\">\n<div style=\"display: none;\">\n<input type=\"hidden\" name=\"_wpcf7\" value=\"1086\" \/>\n<input type=\"hidden\" name=\"_wpcf7_version\" value=\"5.4.2\" \/>\n<input type=\"hidden\" name=\"_wpcf7_locale\" value=\"vi\" \/>\n<input type=\"hidden\" name=\"_wpcf7_unit_tag\" value=\"wpcf7-f1086-o1\" \/>\n<input type=\"hidden\" name=\"_wpcf7_container_post\" value=\"0\" \/>\n<input type=\"hidden\" name=\"_wpcf7_posted_data_hash\" value=\"\" \/>\n<\/div>\n<div class=\"form-dat-hang2\">\n<div class=\"tieu-de\">B\u1ed8T L\u00c1 NHU\u1ed8M T\u00d3C OGATIC - MANG L\u1ea0I V\u1eba \u0110\u1eb8P THANH XU\u00c2N T\u1ef0 NHI\u00caN<\/div>\n<div class=\"left\">\n<p>\u0110i\u1ec1n th\u00f4ng tin \u0111\u1ec3 \u0111\u1eb7t h\u00e0ng tr\u1ef1c tuy\u1ebfn:<\/p>\n<p> FREESHIP khi mua t\u1eeb 02 h\u1ed9p tr\u1edf l\u00ean<\/p>\n<p>Gi\u00e1 khuy\u1ebfn m\u00e3i m\u1edbi nh\u1ea5t: <span style=\"color:red\">150.000\u0111\/h\u1ed9p 50g<\/span><br \/>\n<span class=\"wpcf7-form-control-wrap text-848\"><input type=\"text\" name=\"text-848\" value=\"\" size=\"40\" class=\"wpcf7-form-control wpcf7-text wpcf7-validates-as-required\" aria-required=\"true\" aria-invalid=\"false\" placeholder=\"H\u1ecd v\u00e0 t\u00ean...\" \/><\/span><br \/>\n<span class=\"wpcf7-form-control-wrap tel-647\"><input type=\"tel\" name=\"tel-647\" value=\"\" size=\"40\" class=\"wpcf7-form-control wpcf7-text wpcf7-tel wpcf7-validates-as-required wpcf7-validates-as-tel\" aria-required=\"true\" aria-invalid=\"false\" placeholder=\"S\u1ed1 \u0111i\u1ec7n tho\u1ea1i...\" \/><\/span><br \/>\n<span class=\"wpcf7-form-control-wrap menu-271\"><select name=\"menu-271\" class=\"wpcf7-form-control wpcf7-select\" aria-invalid=\"false\"><option value=\"S\u1ed1 l\u01b0\u1ee3ng s\u1ea3n ph\u1ea9m c\u1ea7n mua\">S\u1ed1 l\u01b0\u1ee3ng s\u1ea3n ph\u1ea9m c\u1ea7n mua<\/option><option value=\"1 h\u1ed9p\">1 h\u1ed9p<\/option><option value=\"2 h\u1ed9p: FREE SHIP + t\u1eb7ng 01 l\u01b0\u1ee3c nhu\u1ed9m tr\u1ecb gi\u00e1 20.000\u0111\">2 h\u1ed9p: FREE SHIP + t\u1eb7ng 01 l\u01b0\u1ee3c nhu\u1ed9m tr\u1ecb gi\u00e1 20.000\u0111<\/option><option value=\"4 h\u1ed9p: FREE SHIP + t\u1eb7ng 01 h\u1ed9p L\u00e1 th\u01a1m g\u1ed9i \u0111\u1ea7u tr\u1ecb gi\u00e1 80.000\u0111\">4 h\u1ed9p: FREE SHIP + t\u1eb7ng 01 h\u1ed9p L\u00e1 th\u01a1m g\u1ed9i \u0111\u1ea7u tr\u1ecb gi\u00e1 80.000\u0111<\/option><\/select><\/span><br \/>\n<input type=\"submit\" value=\"\u0110\u1eb7t mua ngay\" class=\"wpcf7-form-control wpcf7-submit\" \/><\/p>\n<p>T\u01b0 v\u1ea5n mi\u1ec5n ph\u00ed m\u1ecdi l\u00fac m\u1ecdi n\u01a1i: 0972.939.830<\/p>\n<\/div>\n<div class=\"right\">\n<img src=\"\/wp-content\/uploads\/2018\/09\/1223.png\"\/><\/p>\n<ul>\n<li>Chi\u1ebft xu\u1ea5t 100% t\u1ef1 nhi\u00ean<\/li>\n<li>Kh\u00f4ng ch\u1ea5t b\u1ea3o qu\u1ea3n<\/li>\n<li>Kh\u00f4ng s\u1eed d\u1ee5ng h\u00f3a ch\u1ea5t \u0111\u1ed9c h\u1ea1i.<\/li>\n<\/ul>\n<\/div>\n<div class=\"clearboth\"><\/div>\n<\/div>\n<div class=\"wpcf7-response-output\" aria-hidden=\"true\"><\/div><\/form><\/div>\n\t\t<\/div>\n\t\t\t\t\t<\/div>\n\n\t\n<\/div>\n","protected":false},"excerpt":{"rendered":"","protected":false},"author":1,"featured_media":0,"parent":0,"menu_order":0,"comment_status":"closed","ping_status":"closed","template":"page-right-sidebar.php","meta":[],"_links":{"self":[{"href":"https:\/\/demo.bmconnect.vn\/duocpham3\/wp-json\/wp\/v2\/pages\/22"}],"collection":[{"href":"https:\/\/demo.bmconnect.vn\/duocpham3\/wp-json\/wp\/v2\/pages"}],"about":[{"href":"https:\/\/demo.bmconnect.vn\/duocpham3\/wp-json\/wp\/v2\/types\/page"}],"author":[{"embeddable":true,"href":"https:\/\/demo.bmconnect.vn\/duocpham3\/wp-json\/wp\/v2\/users\/1"}],"replies":[{"embeddable":true,"href":"https:\/\/demo.bmconnect.vn\/duocpham3\/wp-json\/wp\/v2\/comments?post=22"}],"version-history":[{"count":2,"href":"https:\/\/demo.bmconnect.vn\/duocpham3\/wp-json\/wp\/v2\/pages\/22\/revisions"}],"predecessor-version":[{"id":1088,"href":"https:\/\/demo.bmconnect.vn\/duocpham3\/wp-json\/wp\/v2\/pages\/22\/revisions\/1088"}],"wp:attachment":[{"href":"https:\/\/demo.bmconnect.vn\/duocpham3\/wp-json\/wp\/v2\/media?parent=22"}],"curies":[{"name":"wp","href":"https:\/\/api.w.org\/{rel}","templated":true}]}}