{"id":701,"date":"2018-03-06T15:24:45","date_gmt":"2018-03-06T08:24:45","guid":{"rendered":"https:\/\/demo.bmconnect.vn\/docu\/?post_type=product&#038;p=701"},"modified":"2018-03-06T15:26:25","modified_gmt":"2018-03-06T08:26:25","slug":"thanh-ly-ban-cafe-chu-nhat-1m2-mau-trang","status":"publish","type":"product","link":"https:\/\/demo.bmconnect.vn\/docu\/san-pham\/thanh-ly-ban-cafe-chu-nhat-1m2-mau-trang\/","title":{"rendered":"Thanh l\u00fd b\u00e0n cafe ch\u1eef nh\u1eadt 1m2 m\u00e0u tr\u1eafng"},"content":{"rendered":"<p><strong>\u201cDo s\u1ed1 l\u01b0\u1ee3ng v\u00e0 ch\u1ee7ng lo\u1ea1i c\u00e1c m\u1eb7t h\u00e0ng thanh l\u00fd c\u1ee7a Ba Huy qu\u00e1 nhi\u1ec1u, h\u00ecnh \u1ea3nh tr\u00ean website kh\u00f4ng th\u1ec3 update h\u1ebft. Qu\u00fd kh\u00e1ch c\u00f3 th\u1ec3 tr\u1ef1c ti\u1ebfp qua kho \u0111\u1ec3 xem h\u00e0ng, ho\u1eb7c li\u00ean h\u1ec7\u00a00963651 80\u00a0ho\u1eb7c\u00a0fanpage Bahuy\u201c<\/strong><\/p>\n<p>\u2013 H\u00e0ng m\u1edbi 98%<\/p>\n<p>\u2013 B\u00e0n \u0111\u01b0\u1ee3c l\u00e0m t\u1eeb g\u1ed7 MDF<\/p>\n<p>\u2013 B\u00e0n thi\u1ebft k\u1ebf theo phong c\u00e1ch hi\u1ec7n \u0111\u1ea1i, mang l\u1ea1i kh\u00f4ng gian ho\u00e0n h\u1ea3o cho ph\u00f2ng \u0103n c\u1ee7a gia \u0111\u00ecnh b\u1ea1n.<\/p>\n<p><img loading=\"lazy\" class=\"aligncenter size-full wp-image-3850\" src=\"https:\/\/bahuy.com\/wp-content\/uploads\/2017\/04\/gh%E1%BA%BF-cf.jpg\" sizes=\"(max-width: 500px) 100vw, 500px\" srcset=\"https:\/\/bahuy.com\/wp-content\/uploads\/2017\/04\/gh\u1ebf-cf.jpg 500w, https:\/\/bahuy.com\/wp-content\/uploads\/2017\/04\/gh\u1ebf-cf-300x227.jpg 300w\" alt=\"\" width=\"500\" height=\"378\" \/><\/p>\n<p><img loading=\"lazy\" class=\"aligncenter size-full wp-image-5777\" src=\"https:\/\/bahuy.com\/wp-content\/uploads\/2017\/04\/ban-cafe-chu-nhat.jpg\" sizes=\"(max-width: 500px) 100vw, 500px\" srcset=\"https:\/\/bahuy.com\/wp-content\/uploads\/2017\/04\/ban-cafe-chu-nhat.jpg 500w, https:\/\/bahuy.com\/wp-content\/uploads\/2017\/04\/ban-cafe-chu-nhat-300x164.jpg 300w\" alt=\"\" width=\"500\" height=\"274\" \/><\/p>\n","protected":false},"excerpt":{"rendered":"<p>\u201cDo s\u1ed1 l\u01b0\u1ee3ng v\u00e0 ch\u1ee7ng lo\u1ea1i c\u00e1c m\u1eb7t h\u00e0ng thanh l\u00fd c\u1ee7a Ba Huy qu\u00e1 nhi\u1ec1u, h\u00ecnh \u1ea3nh tr\u00ean website kh\u00f4ng th\u1ec3 update h\u1ebft. Qu\u00fd kh\u00e1ch c\u00f3 th\u1ec3 tr\u1ef1c ti\u1ebfp qua kho \u0111\u1ec3 xem h\u00e0ng, ho\u1eb7c li\u00ean h\u1ec7\u00a00963651 80\u00a0ho\u1eb7c\u00a0fanpage Bahuy\u201c \u2013 H\u00e0ng m\u1edbi 98% \u2013 B\u00e0n \u0111\u01b0\u1ee3c l\u00e0m t\u1eeb g\u1ed7 MDF \u2013 B\u00e0n thi\u1ebft k\u1ebf [&#8230;]\n","protected":false},"featured_media":702,"comment_status":"open","ping_status":"closed","template":"","meta":[],"product_cat":[21,29,22],"product_tag":[],"_links":{"self":[{"href":"https:\/\/demo.bmconnect.vn\/docu\/wp-json\/wp\/v2\/product\/701"}],"collection":[{"href":"https:\/\/demo.bmconnect.vn\/docu\/wp-json\/wp\/v2\/product"}],"about":[{"href":"https:\/\/demo.bmconnect.vn\/docu\/wp-json\/wp\/v2\/types\/product"}],"replies":[{"embeddable":true,"href":"https:\/\/demo.bmconnect.vn\/docu\/wp-json\/wp\/v2\/comments?post=701"}],"wp:featuredmedia":[{"embeddable":true,"href":"https:\/\/demo.bmconnect.vn\/docu\/wp-json\/wp\/v2\/media\/702"}],"wp:attachment":[{"href":"https:\/\/demo.bmconnect.vn\/docu\/wp-json\/wp\/v2\/media?parent=701"}],"wp:term":[{"taxonomy":"product_cat","embeddable":true,"href":"https:\/\/demo.bmconnect.vn\/docu\/wp-json\/wp\/v2\/product_cat?post=701"},{"taxonomy":"product_tag","embeddable":true,"href":"https:\/\/demo.bmconnect.vn\/docu\/wp-json\/wp\/v2\/product_tag?post=701"}],"curies":[{"name":"wp","href":"https:\/\/api.w.org\/{rel}","templated":true}]}}