{"id":986,"date":"2019-04-15T17:28:15","date_gmt":"2019-04-15T10:28:15","guid":{"rendered":"http:\/\/demo.bmconnect.vn\/dienmay3\/?post_type=product&#038;p=986"},"modified":"2019-04-15T17:28:15","modified_gmt":"2019-04-15T10:28:15","slug":"dem-massage-3d-nau","status":"publish","type":"product","link":"https:\/\/demo.bmconnect.vn\/dienmay3\/dem-massage-3d-nau\/","title":{"rendered":"\u0110\u1ec7m Massage 3D (N\u00e2u)"},"content":{"rendered":"<p><img loading=\"lazy\" class=\"aligncenter size-full wp-image-303\" src=\"http:\/\/fujikima.com.vn\/wp-content\/uploads\/2017\/11\/5.png\" sizes=\"(max-width: 376px) 100vw, 376px\" srcset=\"http:\/\/fujikima.com.vn\/wp-content\/uploads\/2017\/11\/5.png 376w, http:\/\/fujikima.com.vn\/wp-content\/uploads\/2017\/11\/5-300x282.png 300w, http:\/\/fujikima.com.vn\/wp-content\/uploads\/2017\/11\/5-180x169.png 180w\" alt=\"\" width=\"376\" height=\"353\" \/><\/p>\n<p>L\u1ec5 t\u00edch c\u1ef1c c\u1ee7a \u201ckhoa h\u1ecdc qu\u1ea3n l\u00fd v\u00e0 ch\u1ea5t l\u01b0\u1ee3ng cao, s\u1ea3n ph\u1ea9m, d\u1ecbch v\u1ee5 ch\u00e2n th\u00e0nh nh\u1ea5t\u201d nguy\u00ean t\u1eafc;<br \/>\n\u201ch\u1ee3p t\u00e1c v\u00e0 gi\u00e0nh chi\u1ebfn th\u1eafng-th\u1eafng\u201d l\u00e0 m\u1ee5c ti\u00eau cu\u1ed1i c\u00f9ng, to\u00e0n t\u00e2m v\u1edbi s\u1ef1 ph\u00e1t tri\u1ec3n, s\u1ea3n xu\u1ea5t<br \/>\nv\u00e0 b\u00e1n h\u00e0ng c\u1ee7a thi\u1ebft b\u1ecb massage.\u00a0Th\u01b0\u01a1ng m\u1ea1i v\u00e0 kh\u00e1ch h\u00e0ng n\u01b0\u1edbc ngo\u00e0i \u0111\u1ec3 th\u1ef1c hi\u1ec7n c\u00e1c \u0111\u01a1n \u0111\u1eb7t h\u00e0ng<br \/>\nOEM, v\u00e0 s\u1eb5n s\u00e0ng \u0111\u1ec3 cung c\u1ea5p cho b\u1ea1n v\u1edbi c\u00e1c phong c\u00e1ch m\u1edbi nh\u1ea5t v\u00e0 t\u1ed1t h\u01a1n so v\u1edbi gi\u00e1 th\u1ecb tr\u01b0\u1eddng<br \/>\nc\u1ee7a c\u00f9ng m\u1ed9t \u0111o\u1ea1n massage, ch\u1ea5t l\u01b0\u1ee3ng d\u1ecbch v\u1ee5, ch\u00e2n th\u00e0nh ch\u00e0o \u0111\u00f3n b\u1ea1n \u0111\u1ebfn th\u0103m c\u00f4ng ty c\u1ee7a<br \/>\nch\u00fang t\u00f4i ho\u1eb7c g\u1ecdi cho ch\u00fang t\u00f4i!\u00a0L\u1eddi khuy\u00ean: chi\u1ec1u d\u00e0i d\u00e2y \u0111i\u1ec7n, v\u1eadt li\u1ec7u n\u1ed9i b\u1ed9 v\u00e0 b\u00ean ngo\u00e0i,<br \/>\n\u0111\u00f3ng h\u1ed9p, k\u00edch th\u01b0\u1edbc s\u1ea3n ph\u1ea9m, \u0111\u01b0\u1ee3c x\u00e2y d\u1ef1ng trong ch\u01b0\u01a1ng tr\u00ecnh, massage, vv c\u00f3 th\u1ec3 \u0111\u01b0\u1ee3c x\u00e1c \u0111\u1ecbnh b\u1edfi b\u1ea1n!<\/p>\n<p>FUJIKIMA\u00a0<strong>massage nh\u00e0 \u0111\u1ec7m<\/strong><\/p>\n<p><strong>C\u00e1c t\u00ednh n\u0103ng:<\/strong><br \/>\n1, C\u1ed5: hai \u0111\u1ea7u massage \u0111\u00f4i \u1ea5m b\u1ecdc v\u1ea3i c\u00f3 th\u1ec3 gi\u1eb7t;<br \/>\n2, Tr\u1edf l\u1ea1i: Trong b\u1ed1n nh\u00f3m t\u00e1m massage massage \u0111\u1ea7u \u0111i b\u1ed9, m\u1ed7i m\u1ed9t nh\u1ecf \u0111\u1ea7u massage, \u0111\u00e8n nhi\u1ec7t m\u00e0u<br \/>\nxanh tr\u00ean l\u01b0ng,\u00a0\u00e1nh s\u00e1ng h\u1ed3ng ngo\u1ea1i \u0111\u1ecf l\u01b0ng d\u01b0\u1edbi;<br \/>\n3, \u0110\u1ec7m: m\u1ed9t massage t\u0103ng \u0111\u1ed9 rung;<br \/>\n4, Ch\u1ea5t li\u1ec7u: PU da nh\u1eadp kh\u1ea9u h\u00e0ng \u0111\u1ea7u, v\u1ea3i th\u00e2n thi\u1ec7n v\u1edbi da, breathable l\u01b0\u1edbi g\u1ea1c ba b\u1ec1n;<br \/>\n5, Massage: c\u1ed5 \/ l\u1ea1i nh\u00e0o v\u1ec1 ph\u00eda tr\u01b0\u1edbc \/ nh\u00e0o ng\u01b0\u1ee3c l\u1ea1i, rung \u0111\u1ed9ng, \u0111i b\u1ed9; eo massage h\u00f4ng \/ nh\u00e0o;<br \/>\n6, \u0110i\u1ec1u khi\u1ec3n tay: c\u1ea3m \u1ee9ng thi\u1ebft k\u1ebf ti\u1ec7n d\u1ee5ng c\u1ee7a m\u1ed9t n\u00fat \u0111\u1ec3 l\u00e0m vi\u1ec7c, \u0111i k\u00e8m v\u1edbi nh\u00e3n hi\u1ec7u l\u00e0 thu\u1eadn ti\u1ec7n<br \/>\nh\u01a1n \u0111\u1ec3 \u0111\u1eb7t t\u00fai kh\u00f4ng chi\u1ebfm ph\u1ea7n\u00a0ti\u1ebft ki\u1ec7m kh\u00f4ng gian h\u01a1n;<br \/>\n7, Ph\u00e2n ph\u1ed1i \u0111\u1ea7u massage: hai \u0111\u1ea7u massage v\u00e0 l\u00e0m n\u00f3ng c\u1ed5, l\u01b0ng d\u01b0\u1edbi t\u00e1m qu\u1ea3 b\u00f3ng massage n\u00f3ng, m\u00f4ng<br \/>\nhai massage rung t\u1ea7n s\u1ed1 cao\u00a0c\u00f3 \u0111\u1ed9ng c\u01a1,<br \/>\n8, Mi\u1ebfng x\u1ed1p: super kh\u1ea3 n\u0103ng ph\u1ee5c h\u1ed3i b\u1ecdt b\u1ed9 nh\u1edb m\u1ea1nh m\u1ebd, kh\u00f4ng d\u1ec5 b\u1ecb bi\u1ebfn d\u1ea1ng;<br \/>\n9, Motor: t\u1ef1 b\u1ea3o v\u1ec7 bay Ke \u0111\u1ed9ng c\u01a1 \u0111i\u1ec7n m\u1ea1nh m\u1ebd;<br \/>\n10, D\u00f2ng \u0111i\u1ec7n: Qu\u1ed1c b\u1eaft bu\u1ed9c ch\u1ee9ng nh\u1eadn 3C , d\u00e2y \u0111i\u1ec7n gia d\u1ee5ng AC nh\u1eb9.<\/p>\n<p>Th\u01b0\u1eddng s\u1eed d\u1ee5ng th\u01b0\u1eddng xuy\u00ean massage\u00a0\u00a0nghi l\u1ec5 c\u00f3 th\u1ec3 c\u1ea3i thi\u1ec7n hi\u1ec7u su\u1ea5t c\u01a1 b\u1eafp, th\u01b0 gi\u00e3n<br \/>\ntho\u1ea3i m\u00e1i n\u00e9m ho\u1ea1t \u0111\u1ed9ng, c\u1ea3i thi\u1ec7n ch\u1ea5t l\u01b0\u1ee3ng gi\u1ea5c ng\u1ee7, t\u0103ng c\u01b0\u1eddng\u00a0h\u1ec7 th\u1ed1ng mi\u1ec5n d\u1ecbch, th\u00fac \u0111\u1ea9y l\u01b0u<br \/>\nth\u00f4ng m\u00e1u, \u0111i\u1ec1u ch\u1ec9nh ch\u1ee9c n\u0103ng ti\u00eau h\u00f3a, c\u1ea3i thi\u1ec7n c\u01a1 b\u1eafp c\u01a1 th\u1ec3 c\u00f3 th\u1ec3 gi\u1ea3m b\u1edbt s\u1ee9c kh\u1ecfe ph\u1ee5, 7 l\u1edbn h\u1ecfi<br \/>\nc\u00e2u h\u1ecfi \u0111\u1ed3ng b\u1ed9 gi\u1ea3i quy\u1ebft, d\u1ec5 d\u00e0ng \u0111\u1ec3 th\u01b0\u1edfng th\u1ee9c \u0111\u01b0\u1ee3c c\u00f4ng ngh\u1ec7 l\u1ec5 v\u1eadt l\u00fd, do s\u1ee9c kh\u1ecfe ho\u00e0n h\u1ea3o.<\/p>\n<p><em>S\u1ea3n ph\u1ea9m ti\u1ec7n l\u1ee3i, ti\u1ebft ki\u1ec7m nh\u1ea5t d\u00e0nh cho ng\u01b0\u1eddi gi\u00e0 c\u1ea3, ng\u01b0\u1eddi l\u00e0m vi\u1ec7c v\u0103n ph\u00f2ng<\/em><br \/>\nKh\u00f4ng c\u1ea7n b\u1ecf ra nhi\u1ec1u th\u1eddi gian, c\u00f4ng s\u1ee9c v\u00e0 ti\u1ec1n b\u1ea1c \u0111\u1ec3 \u0111\u1ebfn \u00a0c\u00e1c trung t\u00e2m massage, spa \u0111\u1ec3 t\u00ecm c\u1ea3m gi\u00e1c<br \/>\nth\u01b0 gi\u00e3n b\u1ea1n c\u00f3 th\u1ec3 s\u1eed d\u1ee5ng ngay\u00a0e.Move 3D th\u01b0 gi\u00e3n b\u1ea5t k\u00ec l\u00fac n\u00e0o<\/p>\n","protected":false},"excerpt":{"rendered":"<div>M\u00e3 SP: FJ-806K<\/div>\n<div>T\u00ecnh tr\u1ea1ng: M\u1edbi<\/div>\n<div><em>S\u1ea3n ph\u1ea9m ti\u1ec7n l\u1ee3i, ti\u1ebft ki\u1ec7m nh\u1ea5t d\u00e0nh cho ng\u01b0\u1eddi gi\u00e0 c\u1ea3, ng\u01b0\u1eddi l\u00e0m vi\u1ec7c v\u0103n ph\u00f2ng<\/em><br \/>\nKh\u00f4ng c\u1ea7n b\u1ecf ra nhi\u1ec1u th\u1eddi gian, c\u00f4ng s\u1ee9c v\u00e0 ti\u1ec1n b\u1ea1c \u0111\u1ec3 \u0111\u1ebfn \u00a0c\u00e1c trung t\u00e2m massage, spa \u0111\u1ec3 t\u00ecm c\u1ea3m gi\u00e1c<br \/>\nth\u01b0 gi\u00e3n b\u1ea1n c\u00f3 th\u1ec3 s\u1eed d\u1ee5ng ngay\u00a0e.Move 3D th\u01b0 gi\u00e3n b\u1ea5t k\u00ec l\u00fac n\u00e0o<\/div>\n","protected":false},"featured_media":987,"comment_status":"open","ping_status":"closed","template":"","meta":[],"product_cat":[35],"product_tag":[],"_links":{"self":[{"href":"https:\/\/demo.bmconnect.vn\/dienmay3\/wp-json\/wp\/v2\/product\/986"}],"collection":[{"href":"https:\/\/demo.bmconnect.vn\/dienmay3\/wp-json\/wp\/v2\/product"}],"about":[{"href":"https:\/\/demo.bmconnect.vn\/dienmay3\/wp-json\/wp\/v2\/types\/product"}],"replies":[{"embeddable":true,"href":"https:\/\/demo.bmconnect.vn\/dienmay3\/wp-json\/wp\/v2\/comments?post=986"}],"wp:featuredmedia":[{"embeddable":true,"href":"https:\/\/demo.bmconnect.vn\/dienmay3\/wp-json\/wp\/v2\/media\/987"}],"wp:attachment":[{"href":"https:\/\/demo.bmconnect.vn\/dienmay3\/wp-json\/wp\/v2\/media?parent=986"}],"wp:term":[{"taxonomy":"product_cat","embeddable":true,"href":"https:\/\/demo.bmconnect.vn\/dienmay3\/wp-json\/wp\/v2\/product_cat?post=986"},{"taxonomy":"product_tag","embeddable":true,"href":"https:\/\/demo.bmconnect.vn\/dienmay3\/wp-json\/wp\/v2\/product_tag?post=986"}],"curies":[{"name":"wp","href":"https:\/\/api.w.org\/{rel}","templated":true}]}}