{"id":934,"date":"2019-04-15T16:07:59","date_gmt":"2019-04-15T09:07:59","guid":{"rendered":"http:\/\/demo.bmconnect.vn\/dienmay3\/?post_type=product&#038;p=934"},"modified":"2019-04-15T16:07:59","modified_gmt":"2019-04-15T09:07:59","slug":"ghe-fujikima-space-galaxy-4d-fj-579","status":"publish","type":"product","link":"https:\/\/demo.bmconnect.vn\/dienmay3\/ghe-fujikima-space-galaxy-4d-fj-579\/","title":{"rendered":"Gh\u1ebf FUJIKIMA SPACE GALAXY 4D-FJ-579"},"content":{"rendered":"<div>\n<h4><strong>Nh\u1eefng t\u00ednh n\u0103ng tuy\u1ec7t v\u1eddi\u00a0<\/strong><\/h4>\n<p><strong>\u25ba Th\u01b0 gi\u00e3n c\u01a1 th\u1ec3 v\u00e0 mang t\u1edbi gi\u1ea5c ng\u1ee7 ngon h\u01a1n<\/strong><\/p>\n<p>L\u00e0 s\u1ea3n ph\u1ea9m ch\u0103m s\u00f3c s\u1ee9c kh\u1ecfe v\u1eadt l\u00fd tr\u1ecb li\u1ec7u \u0111\u01b0\u1ee3c c\u00e1c b\u00e1c s\u0129\u00a0 khuy\u00ean d\u00f9ng v\u00e0 \u0111ang th\u00e0nh xu th\u1ebf ch\u0103m s\u00f3c s\u1ee9c kh\u1ecfe t\u1ea1i nh\u00e0,GH\u1ebe MASSAGE FUJIKIMA SPACE GALAXY 4D -FJ G579 c\u00f3 t\u00e1c d\u1ee5ng xua tan c\u0103ng th\u1eb3ng v\u00e0 m\u1ec7t m\u1ecfi trong cu\u1ed9c s\u1ed1ng, h\u1ea1n ch\u1ebf v\u00e0 l\u00e0m d\u1ecbu t\u00ecnh tr\u1ea1ng c\u0103ng c\u1ee9ng c\u01a1 b\u1eafp.<\/p>\n<\/div>\n<p>N\u1ebfu b\u1ea1n b\u1ecb ch\u1ee9ng m\u1ea5t ng\u1ee7 th\u00ec \u0111\u1eebng b\u1ecf qua s\u1ea3n ph\u1ea9m n\u00e0y b\u1edfi n\u00f3 s\u1ebd c\u1ea3i thi\u1ec7n tri\u1ec7t \u0111\u1ec3 t\u00ecnh tr\u1ea1ng m\u1ea5t ng\u1ee7, gi\u00fap b\u1ea1n qu\u00ean \u0111i nh\u1eefng mu\u1ed9n phi\u1ec1n v\u1edbi k\u0129 thu\u1eadt b\u1ea5m huy\u1ec7t massage v\u00e0 khai th\u00e1c t\u1eeb \u0111\u00f3 l\u00e0m gi\u1ea3m \u00e1p l\u1ef1c h\u00e0ng ng\u00e0y, t\u0103ng t\u1ed1c \u0111\u1ed9 l\u01b0u th\u00f4ng m\u00e1u trong c\u01a1 th\u1ec3<img loading=\"lazy\" class=\"aligncenter size-full wp-image-545\" src=\"http:\/\/fujikimavn.com\/wp-content\/uploads\/2018\/07\/thu-gian-truoc-khi-len-may-bay.jpg\" alt=\"\" width=\"1430\" height=\"949\" \/><\/p>\n<p><strong>\u25ba Massage , xoa b\u00f3p theo c\u00f4ng ngh\u1ec7 4D<\/strong><\/p>\n<p>\u0110\u1eebng ng\u1ea7n ng\u1ea1i n\u1ebfu b\u1ea1n mu\u1ed1n massage to\u00e0n c\u01a1 th\u1ec3 \u1edf c\u01b0\u1eddng \u0111\u1ed9 cao,\u00a0\u00a0 GH\u1ebe MASSAGE\u00a0 s\u1ebd ph\u1ee5c h\u1ed3i n\u0103ng l\u01b0\u1ee3ng b\u1ecb m\u1ea5t \u0111i trong m\u1ed9t v\u00e0i ph\u00fat, \u0111\u1ed3ng th\u1eddi xua tan m\u1ec7t m\u1ecfi. H\u01a1n th\u1ebf, v\u1ec7t \u00e1nh s\u00e1ng d\u00e0i v\u00e0 VIP Luxury r\u1ea5t t\u1ed1t cho \u0111\u00f4i m\u1eaft s\u1ebd gi\u00fap b\u1ea1n th\u01b0 gi\u00e3n t\u1ed1t h\u01a1n v\u00e0 \u0111\u1ea7y \u0111\u1ee7 h\u01a1n.<\/p>\n<p><img loading=\"lazy\" class=\"aligncenter size-full wp-image-509\" src=\"http:\/\/fujikimavn.com\/wp-content\/uploads\/2018\/07\/anh-dang-web-4.jpg\" alt=\"\" width=\"5472\" height=\"3648\" \/><\/p>\n<p><strong>\u25ba Massage to\u00e0n b\u1ed9 c\u00e1nh tay v\u1edbi t\u00fai kh\u00ed theo chi\u1ec1u d\u1ecdc<\/strong><\/p>\n<p>GH\u1ebe MASSAGE FUJIKIMA SPACE GALAXY 4D -FJ G579\u00a0 c\u00f3 th\u00eam t\u00fai kh\u00ed massage \u1edf v\u1ecb tr\u00ed d\u1ecdc gi\u00fap c\u00e1nh tay \u0111\u01b0\u1ee3c massage hi\u1ec7u qu\u1ea3 v\u00e0 thu\u1eadn l\u1ee3i h\u01a1n. S\u1ea3n ph\u1ea9m n\u00e0y mang t\u1edbi s\u1ef1 ti\u1ec7n l\u1ee3i c\u00f9ng t\u01b0 th\u1ebf ng\u1ed3i tho\u1ea3i m\u00e1i cho ng\u01b0\u1eddi s\u1eed d\u1ee5ng.<\/p>\n<p><img loading=\"lazy\" class=\"aligncenter wp-image-527\" src=\"http:\/\/fujikimavn.com\/wp-content\/uploads\/2018\/07\/IMG_0007.png\" alt=\"\" width=\"896\" height=\"875\" \/><\/p>\n<p><strong>Ch\u1ebf \u0111\u1ed9 massage kh\u00f4ng tr\u1ecdng l\u1ef1c<\/strong><\/p>\n<p>Ch\u1ebf \u0111\u1ed9 kh\u00f4ng tr\u1ecdng l\u1ef1c l\u00e0 c\u00f3 t\u00e1c d\u1ee5ng r\u1ea5t cao gi\u00fap ng\u01b0\u1eddi d\u00f9ng c\u1ea3m th\u1ea5y tho\u1ea3i m\u00e1i v\u00e0 th\u01b0 gi\u00e3n to\u00e0n c\u01a1 th\u1ec3. Ch\u1ec9 v\u1edbi m\u1ed9t n\u00fat nh\u1ea5n \u0111\u01a1n gi\u1ea3n, ph\u1ea7n l\u01b0ng, l\u01b0\u1ee1i v\u00e0 vai c\u00f3 th\u1ec3 \u0111\u01b0\u1ee3c \u0111\u01b0a t\u1edbi v\u1ecb tr\u00ed kh\u00f4ng tr\u1ecdng l\u01b0\u1ee3ng tuy\u1ec7t v\u1eddi. Th\u00f4ng qua trung t\u00e2m, c\u00e1c v\u1ecb tr\u00ed n\u00e0y c\u00f3 kh\u1ea3 n\u0103ng d\u00f2 t\u00ecm t\u1edbi c\u00e1c huy\u1ec7t \u0111\u1ea1o m\u1ed9t c\u00e1ch ch\u00ednh x\u00e1c.<\/p>\n<p>Ngo\u00e0i ra , c\u00e1c con l\u0103n massage c\u0169ng c\u00f3 th\u1ec3 k\u1ebft n\u1ed1i t\u1ed1t h\u01a1n v\u1edbi ph\u1ea7n th\u1eaft l\u01b0ng khi\u1ebfn to\u00e0n b\u1ed9 c\u01a1 th\u1ec3 t\u1eadn h\u01b0\u1edfng \u0111\u01b0\u1ee3c c\u1ea3m gi\u00e1c massage t\u1ed1t nh\u1ea5t.<\/p>\n","protected":false},"excerpt":{"rendered":"<p>M\u00e3 s\u1ea3n ph\u1ea9m : FJ G579<br \/>\nTr\u1ecdng L\u01b0\u1ee3ng: 120 kg<br \/>\n\u0110i\u1ec7n \u00e1p ti\u00eau th\u1ee5: 150w<br \/>\nCh\u1ea5t li\u1ec7u da: PU<br \/>\nM\u1ea7u s\u1eafc : t\u00edm, xanh r\u00eau<br \/>\nTime li\u1ec7u tr\u00ecnh 15 -&gt; 30p<br \/>\n\u0110\u01b0\u1ee3c s\u1ea3n xu\u1ea5t tr\u00ean c\u00f4ng ngh\u1ec7 Nh\u1eadt B\u1ea3n<\/p>\n","protected":false},"featured_media":936,"comment_status":"open","ping_status":"closed","template":"","meta":[],"product_cat":[15],"product_tag":[],"_links":{"self":[{"href":"https:\/\/demo.bmconnect.vn\/dienmay3\/wp-json\/wp\/v2\/product\/934"}],"collection":[{"href":"https:\/\/demo.bmconnect.vn\/dienmay3\/wp-json\/wp\/v2\/product"}],"about":[{"href":"https:\/\/demo.bmconnect.vn\/dienmay3\/wp-json\/wp\/v2\/types\/product"}],"replies":[{"embeddable":true,"href":"https:\/\/demo.bmconnect.vn\/dienmay3\/wp-json\/wp\/v2\/comments?post=934"}],"wp:featuredmedia":[{"embeddable":true,"href":"https:\/\/demo.bmconnect.vn\/dienmay3\/wp-json\/wp\/v2\/media\/936"}],"wp:attachment":[{"href":"https:\/\/demo.bmconnect.vn\/dienmay3\/wp-json\/wp\/v2\/media?parent=934"}],"wp:term":[{"taxonomy":"product_cat","embeddable":true,"href":"https:\/\/demo.bmconnect.vn\/dienmay3\/wp-json\/wp\/v2\/product_cat?post=934"},{"taxonomy":"product_tag","embeddable":true,"href":"https:\/\/demo.bmconnect.vn\/dienmay3\/wp-json\/wp\/v2\/product_tag?post=934"}],"curies":[{"name":"wp","href":"https:\/\/api.w.org\/{rel}","templated":true}]}}