{"id":1054,"date":"2019-04-15T18:25:50","date_gmt":"2019-04-15T11:25:50","guid":{"rendered":"http:\/\/demo.bmconnect.vn\/dienmay3\/?post_type=product&#038;p=1054"},"modified":"2019-04-15T18:25:50","modified_gmt":"2019-04-15T11:25:50","slug":"quat-dieu-hoa-lam-mat-khong-khi-2-tang-kimura-onaga-s780-350w","status":"publish","type":"product","link":"https:\/\/demo.bmconnect.vn\/dienmay3\/quat-dieu-hoa-lam-mat-khong-khi-2-tang-kimura-onaga-s780-350w\/","title":{"rendered":"Qu\u1ea1t \u0111i\u1ec1u h\u00f2a l\u00e0m m\u00e1t kh\u00f4ng kh\u00ed 2 t\u1ea7ng Kimura Onaga S780-350W"},"content":{"rendered":"<div id=\"anchor-intro\" class=\"prd-intro\">\n<div class=\"content detail-content\">\n<p>Nhi\u1ec7t \u0111\u1ed9 tr\u00e1i \u0111\u1ea5t \u0111ang t\u0103ng l\u00ean k\u1ebft h\u1ee3p v\u1edbi qu\u00e1 tr\u00ecnh \u0111\u00f4 th\u1ecb h\u00f3a c\u1ee7a \u0111\u1ea5t n\u01b0\u1edbc h\u00e0ng n\u0103m c\u1ee9 n\u0103m sau l\u1ea1i n\u00f3ng h\u01a1n n\u0103m tr\u01b0\u1edbc. V\u00e0o m\u00f9a n\u00f3ng nhu c\u1ea7u s\u1eed d\u1ee5ng \u0111i\u1ec7n t\u0103ng l\u00ean r\u1ea5t l\u1edbn ch\u00ednh v\u00ec v\u1eady vi\u1ec7c ch\u1ecdn l\u1ef1a s\u1ea3n ph\u1ea9m ti\u1ebft ki\u1ec7m n\u0103ng l\u01b0\u1ee3ng b\u1ea3o v\u1ec7 s\u1ee9c kh\u1ecfe gia \u0111\u00ecnh ch\u00ednh l\u00e0 n\u1ed7i \u0111\u1eafn \u0111o c\u1ee7a nhi\u1ec1u gia \u0111\u00ecnh. V\u1eady l\u1ef1a ch\u1ecdn s\u1ea3n ph\u1ea9m l\u00e0m m\u00e1t kh\u00f4ng kh\u00ed nh\u01b0 th\u1ebf n\u00e0o cho hi\u1ec7u qu\u1ea3 v\u00e0o m\u00f9a n\u00f3ng.<\/p>\n<p>Gi\u1ea3i ph\u00e1p s\u1eed d\u1ee5ng qu\u1ea1t phun s\u01b0\u01a1ng: \u0110\u00e2y l\u00e0 gi\u1ea3i ph\u00e1p m\u00e0 c\u00e1c n\u0103m tr\u01b0\u1edbc \u0111\u01b0\u1ee3c r\u1ea5t nhi\u1ec1u gia \u0111\u00ecnh s\u1eed d\u1ee5ng tuy nhi\u00ean c\u00f3 qu\u00e1 nhi\u1ec1u nh\u01b0\u1ee3c \u0111i\u1ec3m m\u00e0 \u0111\u1ebfn th\u1eddi \u0111i\u1ec3m n\u00e0y r\u1ea5t \u00edt kh\u00e1ch h\u00e0ng ch\u1ecdn qu\u1ea1t phun s\u01b0\u01a1ng cho gia \u0111\u00ecnh v\u00e0o m\u00f9a n\u00f3ng. C\u00f3 th\u1ec3 k\u1ec3 ra m\u1ed9t s\u1ed1 v\u1ea5n \u0111\u1ec1 th\u01b0\u1eddng g\u1eb7p khi s\u1eed d\u1ee5ng qu\u1ea1t phun s\u01b0\u01a1ng nh\u01b0 sau:<\/p>\n<\/div>\n<\/div>\n<div id=\"anchor-spec\" class=\"prd-spec\">\n<div class=\"content detail-content\">\n<p><img src=\"http:\/\/amua.vn\/uploads\/images\/san-pham\/quat-dieu-hoa\/s780\/z1006282081949-96f4e2afc8722de5e9e9dd3bf3067df5.jpg\" alt=\"\" \/><\/p>\n<p>+ \u0110\u1ed9 \u1ea9m qu\u00e1 cao: Do s\u1eed d\u1ee5ng ph\u01b0\u01a1ng ph\u00e1p phun tr\u1ef1c ti\u1ebfp n\u01b0\u1edbc v\u00e0o kh\u00f4ng kh\u00ed d\u01b0\u1edbi d\u1ea1ng s\u01b0\u01a1ng v\u00e0o kh\u00f4ng gian n\u00ean \u0111\u1ed9 \u1ea9m t\u0103ng r\u1ea5t nhanh. \u0110\u1ed9 \u1ea9m cao x\u1ea3y ra nhi\u1ec1u v\u1ea5n \u0111\u1ec1 nh\u01b0 l\u00e0m h\u01b0 h\u1ecfng \u0111\u1ed3 g\u1ed7, thi\u1ebft b\u1ecb \u0111i\u1ec7n t\u1eed, \u1ea9m n\u1ec1n nh\u00e0 r\u1ea5t kh\u00f3 ch\u1ecbu.<\/p>\n<p>+ N\u01b0\u1edbc phun th\u1eb3ng v\u00e0o ph\u1ed5i c\u1ee7a ng\u01b0\u1eddi s\u1eed d\u1ee5ng c\u00f3 th\u1ec3 g\u00e2y c\u00e1c b\u1ec7nh h\u00f4 h\u1ea5p nh\u1ea5t l\u00e0 v\u1edbi tr\u1ebb em.<\/p>\n<p>+ Nhi\u1ec7t \u0111\u1ed9 cao, \u0111\u1ed9 \u1ea9m cao: Khi tr\u1eddi c\u00e0ng n\u00f3ng m\u00e0 \u0111\u1ed9 \u1ea9m c\u00e0ng cao th\u00ec n\u01b0\u1edbc tr\u00ean da s\u1ebd kh\u00f4ng bay h\u01a1i \u0111\u01b0\u1ee3c v\u00ec v\u1eady m\u1eb7c d\u00f9 s\u1eed d\u1ee5ng qu\u1ea1t phun s\u01b0\u01a1ng nh\u01b0ng con ng\u01b0\u1eddi c\u1ea3m th\u1ea5y r\u1ea5t kh\u00f3 ch\u1ecbu gi\u1ed1ng nh\u01b0 l\u00fac tr\u1eddi n\u1ed3m hay l\u00fac b\u1ecb s\u1ed1t.<\/p>\n<p>+ Th\u00f4ng th\u01b0\u1eddng sau 1 n\u0103m s\u1eed d\u1ee5ng c\u00e1c b\u00e9c phun s\u1ebd h\u1ecfng v\u00e0 g\u1ea7n nh\u01b0 n\u00f3 ch\u1ec9 c\u00f2n l\u00e0 chi\u1ebfc qu\u1ea1t b\u00ecnh th\u01b0\u1eddng. V\u1eady s\u1eed d\u1ee5ng s\u1ea3n ph\u1ea9m l\u00e0m m\u00e1t n\u00e0o gi\u1ea3i quy\u1ebft \u0111\u01b0\u1ee3c nh\u1eefng v\u1ea5n \u0111\u1ec1 tr\u00ean. Sau nhi\u1ec1u n\u0103m nghi\u00ean c\u1ee9u v\u00e0 ph\u00e1t tri\u1ec3n m\u00e1y l\u00e0m m\u00e1t kh\u00f4ng kh\u00ed 2 t\u1ea7ng Kimura S780 ra \u0111\u1eddi gi\u1ea3i quy\u1ebft \u0111\u01b0\u1ee3c nh\u1eefng v\u1ea5n \u0111\u1ec1 tr\u00ean. Ma\u0301y la\u0300m ma\u0301t kh\u00f4ng khi\u0301 c\u00f4ng nghi\u1ec7p Sumika S780-2 t\u1ea7ng, c\u00f4ng su\u1ea5t m\u00e1y 350W, giu\u0301p la\u0300m ma\u0301t kh\u00f4ng khi\u0301 trong pho\u0300ng b\u0103\u0300ng h\u00ea\u0323 th\u00f4\u0301ng th\u00f4\u0309i h\u01a1i n\u01b0\u01a1\u0301c trong la\u0300nh va\u0300o kh\u00f4ng khi\u0301.<\/p>\n<p><img src=\"http:\/\/amua.vn\/uploads\/images\/san-pham\/quat-dieu-hoa\/s780\/z1006280884062-ae204c4dc80a5af25d65773c8cf3118b.jpg\" alt=\"\" \/><\/p>\n<p>+ Giu\u0301p \u0111i\u00ea\u0300u ho\u0300a nhi\u00ea\u0323t \u0111\u00f4\u0323 pho\u0300ng t\u1eeb 40 t\u1edbi 50 m\u00e9t vu\u00f4ng, cho ba\u0323n b\u00e2\u0300u kh\u00f4ng khi\u0301 t\u01b0\u01a1i ma\u0301t \u0111\u00ea\u0309 t\u00e2\u0323n h\u01b0\u01a1\u0309ng cu\u0300ng gia \u0111i\u0300nh va\u0300 ng\u01b0\u01a1\u0300i th\u00e2n. B\u00ean ca\u0323nh \u0111o\u0301, ma\u0301y la\u0300m ma\u0301t kh\u00f4ng khi\u0301\u00a0Kimura S780\u00a0co\u0300n r\u00e2\u0301t co\u0301 l\u01a1\u0323i cho s\u01b0\u0301c kho\u0309e va\u0300 kh\u00f4ng g\u00e2y kh\u00f4 da, co\u0300n giu\u0301p la\u0300m t\u0103ng c\u01b0\u01a1\u0300ng \u0111\u00f4\u0323 \u00e2\u0309m cho da trong nh\u01b0\u0303ng nga\u0300y no\u0301ng n\u01b0\u0323c cu\u0309a mu\u0300a he\u0300. Trong nh\u01b0\u0303ng nga\u0300y he\u0300, ho\u0301a \u0111\u01a1n ti\u00ea\u0300n \u0111i\u00ea\u0323n t\u0103ng cao \u0111ang la\u0300 m\u00f4\u0323t trong nh\u01b0\u0303ng m\u00f4\u0301i b\u00e2\u0323n t\u00e2m l\u01a1\u0301n nh\u00e2\u0301t kh\u00f4ng chi\u0309 ri\u00eang m\u00f4\u0303i gia \u0111i\u0300nh ma\u0300 co\u0300n la\u0300 cu\u0309a ca\u0309 qu\u00f4\u0301c gia. Nh\u00e2\u0301t la\u0300 \u0111i\u00ea\u0323n n\u0103ng ti\u00eau thu\u0323 b\u01a1\u0309i ca\u0301c thi\u00ea\u0301t bi\u0323 la\u0300m ma\u0301t. Mo\u0323i ng\u01b0\u01a1\u0300i hay s\u01b0\u0309 du\u0323ng ma\u0301y \u0111i\u00ea\u0300u ho\u0300a \u0111\u00ea\u0309 la\u0300m ma\u0301t pho\u0300ng.<\/p>\n<p>+ Tuy nhi\u00ean, ma\u0301y \u0111i\u00ea\u0300u ho\u0300a ti\u00eau t\u00f4\u0301n m\u00f4\u0323t l\u01b0\u01a1\u0323ng \u0111i\u00ea\u0323n n\u0103ng r\u00e2\u0301t l\u01a1\u0301n va\u0300 r\u00e2\u0301t co\u0301 ha\u0323i cho da va\u0300 s\u01b0\u0301c kho\u0309e cu\u0309a chu\u0301ng ta. Vi\u0300 th\u00ea\u0301 ma\u0300 da\u0323o g\u00e2\u0300n \u0111\u00e2y, Ma\u0301y la\u0300m ma\u0301t kh\u00f4ng khi\u0301 c\u00f4ng nghi\u1ec7p\u00a0Kimura S780\u00a0\u0111ang tr\u01a1\u0309 tha\u0300nh m\u0103\u0323t ha\u0300ng ba\u0301n cha\u0323y nh\u00e2\u0301t tr\u00ean thi\u0323 tr\u01b0\u01a1\u0300ng trong n\u01b0\u01a1\u0301c.<\/p>\n<h3>Ca\u0301c b\u01b0\u01a1\u0301c v\u00ea\u0323 sinh\u00a0ma\u0301y la\u0300m ma\u0301t kh\u00f4ng khi\u0301 2 t\u00e2\u0300ng\u00a0Kimura S780:<\/h3>\n<p>&#8211; Ca\u0301c b\u01b0\u01a1\u0301c v\u00ea\u0323 sinh na\u0300y v\u00f4 cu\u0300ng \u0111\u01a1n gia\u0309n, kh\u00f4ng m\u00e2\u0301t nhi\u00ea\u0300u th\u01a1\u0300i gian, th\u00ea\u0301 n\u00ean quy\u0301 kha\u0301ch ha\u0300ng n\u00ean th\u01b0\u01a1\u0300ng xuy\u00ean v\u00ea\u0323 sinh ma\u0301y \u0111\u00ea\u0309 co\u0301 \u0111\u01b0\u01a1\u0323c m\u00f4\u0323t la\u0300n kh\u00f4ng khi\u0301 sa\u0323ch se\u0303, an toa\u0300n cho s\u01b0\u0301c kho\u0309e cu\u0309a ca\u0301c tha\u0300nh vi\u00ean trong gia \u0111i\u0300nh nhe\u0301.<\/p>\n<p>&#8211; Du\u0300ng kh\u0103n va\u0309i m\u00ea\u0300m th\u00e2\u0301m n\u01b0\u01a1\u0301c va\u0300 lau sa\u0323ch th\u00e2n ngoa\u0300i cu\u0309a ma\u0301y.<\/p>\n<p>&#8211; Du\u0300ng vo\u0300i n\u01b0\u01a1\u0301c nhe\u0323 nha\u0300ng xi\u0323t va\u0300o t\u00e2\u0301m cooling pad \u0111\u00ea\u0309 cho bu\u0323i b\u00e2\u0309n tr\u00f4i \u0111i.<\/p>\n<p>&#8211; Xa\u0309 h\u00ea\u0301t n\u01b0\u01a1\u0301c trong thu\u0300ng ra \u0111\u00ea\u0309 nh\u01b0\u0303ng bu\u0323i b\u00e2\u0309n cha\u0309y h\u00ea\u0301t ra ngoa\u0300i.<\/p>\n<p><img src=\"http:\/\/amua.vn\/uploads\/images\/san-pham\/quat-dieu-hoa\/s780\/z1006280886874-0ac85720e05e768519cb8dfd1f6d3fa9.jpg\" alt=\"\" \/><\/p>\n<h3>Nh\u01b0\u0303ng \u01b0u \u0111i\u00ea\u0309m v\u01b0\u01a1\u0323t tr\u00f4\u0323i cu\u0309a Ma\u0301y la\u0300m ma\u0301t kh\u00f4ng khi\u0301 Sumika S780:<\/h3>\n<p>&#8211; Ti\u00ea\u0301t ki\u00ea\u0323m \u0111\u00ea\u0301n 90% \u0111i\u00ea\u0323n n\u0103ng so v\u01a1\u0301i s\u01b0\u0309 du\u0323ng ma\u0301y \u0111i\u00ea\u0300u ho\u0300a trong cu\u0300ng m\u00f4\u0323t di\u00ea\u0323n ti\u0301ch la\u0300m ma\u0301t.<\/p>\n<p>&#8211; Ma\u0301y la\u0300m ma\u0301t c\u00f4ng nghi\u1ec7p Kimura\u00a0S780 co\u0301 c\u00f4ng su\u00e2\u0301t 350W va\u0300 co\u0301 2 t\u00e2\u0300ng la\u0300m ma\u0301t ri\u00eang bi\u00ea\u0323t \u0111a\u0309m ba\u0309o cho khu v\u01b0\u0323c t\u01b0\u0300 40 \u0111\u00ea\u0301n 50m2 \u0111\u01b0\u01a1\u0323c la\u0300m ma\u0301t hoa\u0300n toa\u0300n.<\/p>\n<p>&#8211; Ph\u00e2\u0300n d\u01b0\u01a1\u0301i th\u00e2n co\u0301 ba\u0301nh xe d\u00ea\u0303 da\u0300ng di chuy\u00ea\u0309n. Giu\u0301p quy\u0301 kha\u0301ch ha\u0300ng co\u0301 th\u00ea\u0309 mang \u0111\u00ea\u0301n kh\u0103\u0301p mo\u0323i gian pho\u0300ng trong nha\u0300 ma\u0300 kh\u00f4ng g\u0103\u0323p b\u00e2\u0301t c\u01b0\u0301 kho\u0301 kh\u0103n na\u0300o.<\/p>\n<p>&#8211; Bi\u0300nh ch\u01b0\u0301a n\u01b0\u01a1\u0301c co\u0301 kho\u0301a \u0111a\u0309m ba\u0309o kh\u00f4ng bi\u0323 tra\u0300n n\u01b0\u01a1\u0301c trong qua\u0301 tri\u0300nh di chuy\u00ea\u0309n qua\u0323t.<\/p>\n<p>&#8211; S\u01b0\u0309 du\u0323ng \u0111\u01a1n gia\u0309n b\u0103\u0300ng nu\u0301t b\u00e2\u0301m theo ch\u00ea\u0301 \u0111\u00f4\u0323 gio\u0301 mong mu\u00f4\u0301n.<\/p>\n<p>&#8211; Ngoa\u0300i ch\u01b0\u0301c n\u0103ng la\u0300m ma\u0301t kh\u00f4ng khi\u0301, Ma\u0301y la\u0300m ma\u0301t kh\u00f4ng khi\u0301\u00a0Kimura\u00a0S780\u00a0\u00a0co\u0300n cung c\u00e2\u0301p oxy cho gian pho\u0300ng nha\u0300 ba\u0323n, giu\u0301p ba\u0323n lu\u00f4n co\u0301 \u0111u\u0309 khi\u0301 oxy cho c\u01a1 th\u00ea\u0309 h\u00f4 h\u00e2\u0301p m\u00f4\u0323t ca\u0301ch d\u00ea\u0303 da\u0300ng nh\u00e2\u0301t.<\/p>\n<p><img src=\"http:\/\/amua.vn\/uploads\/images\/san-pham\/quat-dieu-hoa\/s780\/z1006282081949-96f4e2afc8722de5e9e9dd3bf3067df5.jpg\" alt=\"\" \/><\/p>\n<p>&#8211; Co\u0301 th\u00ea\u0309 cho ra khi\u0301 ma\u0301t t\u01b0\u0300 22\u00a0\u0111\u1ed9\u00a0 \u0111\u00ea\u0301n 26\u00a0\u0111\u1ed9 r\u00e2\u0301t thi\u0301ch h\u01a1\u0323p v\u01a1\u0301i nhi\u00ea\u0323t \u0111\u00f4\u0323 mong mu\u00f4\u0301n cu\u0309a ng\u01b0\u01a1\u0300i Vi\u00ea\u0323t Nam.<\/p>\n<p>&#8211; Qu\u1ea1t v\u1edbi 2 t\u1ea7ng gi\u00fap cho kh\u00f4ng gian l\u00e0m m\u00e1t \u0111i\u1ec1u h\u01a1n, th\u1ea5p ho\u1eb7c cao \u0111i\u1ec1u m\u00e1t t\u1ed1t<\/p>\n<p>&#8211; B\u1ed3n ch\u1ee9a n\u01b0\u1edbc l\u1edbn 60 l\u00edt, gi\u00fap th\u1eddi gian ch\u00e2m n\u01b0\u1edbc v\u00e0o m\u00e1y l\u00e2u h\u01a1n so v\u1edbi d\u00f2ng qu\u1ea1t th\u01b0\u1eddng<\/p>\n<p>&#8211; Di\u1ec7n t\u00edch l\u00e0m m\u00e1t t\u1eeb 40 t\u1edbi 100 m\u00e9t vu\u00f4ng, ph\u00f9 h\u1ee3p cho nh\u00e0 x\u01b0\u1edfng, qu\u00e1n cafe, nh\u00e0 h\u00e0ng, h\u1ed9i ngh\u1ecb, tr\u01b0\u1eddng h\u1ecdc,&#8230;<\/p>\n<p>&#8211; La\u0300m ma\u0301t kh\u00f4ng khi\u0301 nh\u01a1\u0300 hoa\u0323t \u0111\u00f4\u0323ng cu\u0309a mi\u00ea\u0301ng la\u0300m ma\u0301t m\u00e2\u0323t \u0111\u00f4\u0323 cao. Ta\u0323o kh\u00f4ng gian ma\u0301t la\u0300nh cho mo\u0323i ng\u01b0\u01a1\u0300i trong gian pho\u0300ng.<\/p>\n<p>&#8211; Cung c\u00e2\u0301p \u0111\u00f4\u0323 \u00e2\u0309m cho kh\u00f4ng khi\u0301 giu\u0301p la\u0300m ma\u0301t c\u01a1 th\u00ea\u0309, la\u0300m \u0111e\u0323p da.<\/p>\n<p>&#8211; La\u0300m sa\u0323ch kh\u00f4ng khi\u0301 trong pho\u0300ng giu\u0301p quy\u0301 kha\u0301ch ha\u0300ng co\u0301 \u0111\u01b0\u01a1\u0323c m\u00f4\u0323t b\u00e2\u0300u kh\u00f4ng khi\u0301 trong la\u0300nh nh\u01b0 \u0111ang \u01a1\u0309 vu\u0300ng qu\u00ea \u0111\u00f4\u0300ng ru\u00f4\u0323ng bao la hay con s\u00f4ng da\u0300i khu\u0301c khuy\u0309u.<\/p>\n<p><img src=\"http:\/\/amua.vn\/uploads\/images\/san-pham\/quat-dieu-hoa\/s780\/z989329225465-b5a2320130f940f62ad5b0555a6c926b.jpg\" alt=\"\" \/><\/p>\n<section data-scroll-index=\"0\">\n<div id=\"product-content-box-detail\">\n<div id=\"desc\" class=\"page\">\n<p><strong>M\u00f4\u0323t s\u00f4\u0301 me\u0323o hay khi s\u01b0\u0309 du\u0323ng\u00a0ma\u0301y la\u0300m ma\u0301t kh\u00f4ng khi\u0301\u00a0Kimura\u00a0S780:<\/strong><\/p>\n<p>&#8211; N\u00ean \u0111\u0103\u0323t ma\u0301y la\u0300m ma\u0301t g\u00e2\u0300n v\u01a1\u0301i c\u01b0\u0309a s\u00f4\u0309, c\u01b0\u0309a ra va\u0300o \u0111\u00ea\u0309 co\u0301 th\u00ea\u0309 tr\u01a1\u0323 giu\u0301p cho ma\u0301y m\u00f4\u0323t ca\u0301ch t\u00f4\u0301i \u01b0u nh\u00e2\u0301t. Ngoa\u0300i ra, n\u00ean \u0111\u0103\u0323t ma\u0301y ca\u0301ch t\u01b0\u01a1\u0300ng khoa\u0309ng 40cm \u0111\u00ea\u0309 ma\u0301y co\u0301 th\u00ea\u0309 hu\u0301t gio\u0301 t\u00f4\u0301t h\u01a1n.<\/p>\n<p>&#8211; Th\u00eam \u0111a\u0301 la\u0323nh va\u0300o bi\u0300nh \u0111\u01b0\u0323ng n\u01b0\u01a1\u0301c \u0111\u00ea\u0309 cho ra la\u0300n gio\u0301 ma\u0301t la\u0323nh h\u01a1n trong nh\u01b0\u0303ng nga\u0300y th\u01a1\u0300i ti\u00ea\u0301t no\u0301ng b\u01b0\u0301c.<\/p>\n<p>&#8211; V\u00ea\u0323 sinh ma\u0301y \u0111i\u0323nh ky\u0300 \u0111\u00ea\u0309 kh\u00f4ng khi\u0301 t\u01b0\u0300 ma\u0301y th\u00f4\u0309i ra m\u00f4i tr\u01b0\u01a1\u0300ng \u0111\u01b0\u01a1\u0323c sa\u0323ch se\u0303, an toa\u0300n cho s\u01b0\u0301c kho\u0309e cu\u0309a chu\u0301ng ta.<\/p>\n<\/div>\n<\/div>\n<\/section>\n<section data-scroll-index=\"1\">\n<div id=\"product-content-box-detail\">\n<div id=\"spec\" class=\"page\">\n<p><strong>Th\u00f4ng s\u00f4\u0301 k\u1ef9\u00a0 thu\u00e2\u0323t c\u1ee7a m\u00e1y l\u00e0m m\u00e1t kh\u00f4ng kh\u00ed Kimura\u00a0S780:<\/strong><\/p>\n<p>&#8211; Power\/ C\u00f4ng su\u1ea5t: 350W<\/p>\n<p>&#8211; Single unit cover area\/ Di\u1ec7n t\u00edch l\u00e0m m\u00e1t: 40 &#8211; 100m2<\/p>\n<p>&#8211; Airflow\/ L\u01b0u l\u01b0\u1ee3ng gi\u00f3: 18000m3\/h<\/p>\n<p>&#8211; Fan type\/ Ki\u1ec3u qu\u1ea1t: Axial<\/p>\n<p>&#8211; Dimension\/ K\u00edch th\u01b0\u1edbc: 66x40x166 cm<\/p>\n<p>&#8211; Water tank\/ Th\u00f9ng ch\u1ee9a n\u01b0\u1edbc: 60L<\/p>\n<p>&#8211; Net weight \/ Tr\u1ecdng l\u01b0\u1ee3ng: 35 kg<\/p>\n<p>&#8211; H\u1ec7 th\u1ed1ng: kh\u1eed m\u00f9i di\u1ec7t khu\u1ea9n, \u0111u\u1ed5i mu\u1ed7i, th\u00f4ng gi\u00f3, thanh l\u1ecdc kh\u00f4ng kh\u00ed t\u1ef1 nhi\u00ean.<\/p>\n<\/div>\n<\/div>\n<\/section>\n<section data-scroll-index=\"2\">\n<div id=\"product-content-box-detail\">\n<div id=\"featur\" class=\"page\">\n<h3>B\u1ea2O H\u00c0NH<\/h3>\n<div>\n<p>S\u1ea3n ph\u1ea9m b\u1ea3o h\u00e0nh 2 n\u0103m<\/p>\n<\/div>\n<\/div>\n<\/div>\n<\/section>\n<\/div>\n<\/div>\n","protected":false},"excerpt":{"rendered":"<p>Nhi\u1ec7t \u0111\u1ed9 tr\u00e1i \u0111\u1ea5t \u0111ang t\u0103ng l\u00ean k\u1ebft h\u1ee3p v\u1edbi qu\u00e1 tr\u00ecnh \u0111\u00f4 th\u1ecb h\u00f3a c\u1ee7a \u0111\u1ea5t n\u01b0\u1edbc h\u00e0ng n\u0103m c\u1ee9 n\u0103m sau l\u1ea1i n\u00f3ng h\u01a1n n\u0103m tr\u01b0\u1edbc. V\u00e0o m\u00f9a n\u00f3ng nhu c\u1ea7u s\u1eed d\u1ee5ng \u0111i\u1ec7n t\u0103ng l\u00ean r\u1ea5t l\u1edbn ch\u00ednh v\u00ec v\u1eady vi\u1ec7c ch\u1ecdn l\u1ef1a s\u1ea3n ph\u1ea9m ti\u1ebft ki\u1ec7m n\u0103ng l\u01b0\u1ee3ng b\u1ea3o v\u1ec7 s\u1ee9c kh\u1ecfe gia \u0111\u00ecnh ch\u00ednh l\u00e0 n\u1ed7i \u0111\u1eafn \u0111o c\u1ee7a nhi\u1ec1u gia \u0111\u00ecnh. V\u1eady l\u1ef1a ch\u1ecdn s\u1ea3n ph\u1ea9m l\u00e0m m\u00e1t kh\u00f4ng kh\u00ed nh\u01b0 th\u1ebf n\u00e0o cho hi\u1ec7u qu\u1ea3 v\u00e0o m\u00f9a n\u00f3ng.<\/p>\n","protected":false},"featured_media":1055,"comment_status":"open","ping_status":"closed","template":"","meta":[],"product_cat":[41],"product_tag":[],"_links":{"self":[{"href":"https:\/\/demo.bmconnect.vn\/dienmay3\/wp-json\/wp\/v2\/product\/1054"}],"collection":[{"href":"https:\/\/demo.bmconnect.vn\/dienmay3\/wp-json\/wp\/v2\/product"}],"about":[{"href":"https:\/\/demo.bmconnect.vn\/dienmay3\/wp-json\/wp\/v2\/types\/product"}],"replies":[{"embeddable":true,"href":"https:\/\/demo.bmconnect.vn\/dienmay3\/wp-json\/wp\/v2\/comments?post=1054"}],"wp:featuredmedia":[{"embeddable":true,"href":"https:\/\/demo.bmconnect.vn\/dienmay3\/wp-json\/wp\/v2\/media\/1055"}],"wp:attachment":[{"href":"https:\/\/demo.bmconnect.vn\/dienmay3\/wp-json\/wp\/v2\/media?parent=1054"}],"wp:term":[{"taxonomy":"product_cat","embeddable":true,"href":"https:\/\/demo.bmconnect.vn\/dienmay3\/wp-json\/wp\/v2\/product_cat?post=1054"},{"taxonomy":"product_tag","embeddable":true,"href":"https:\/\/demo.bmconnect.vn\/dienmay3\/wp-json\/wp\/v2\/product_tag?post=1054"}],"curies":[{"name":"wp","href":"https:\/\/api.w.org\/{rel}","templated":true}]}}