{"id":1024,"date":"2019-04-15T17:52:48","date_gmt":"2019-04-15T10:52:48","guid":{"rendered":"http:\/\/demo.bmconnect.vn\/dienmay3\/?post_type=product&#038;p=1024"},"modified":"2019-04-15T17:52:48","modified_gmt":"2019-04-15T10:52:48","slug":"may-chay-bo-dien-pro-fitness-pf-112d","status":"publish","type":"product","link":"https:\/\/demo.bmconnect.vn\/dienmay3\/may-chay-bo-dien-pro-fitness-pf-112d\/","title":{"rendered":"M\u00e1y ch\u1ea1y b\u1ed9 \u0111i\u1ec7n Pro Fitness PF-112D"},"content":{"rendered":"<p><strong>M\u00e1y ch\u1ea1y b\u1ed9 \u0111i\u1ec7n Pro Fitness PF-112D gi\u00e1 r\u1ebb cho gia \u0111\u00ecnh<\/strong><\/p>\n<p><strong>M\u00e1y ch\u1ea1y b\u1ed9 \u0111i\u1ec7n gi\u00e1 r\u1ebb<\/strong>\u00a0l\u00e0 m\u1ed9t l\u1ef1a ch\u1ecdn kh\u00e1 ph\u1ed5 bi\u1ebfn v\u00e0 \u0111\u01b0\u1ee3c nhi\u1ec1u gia \u0111\u00ecnh y\u00eau th\u00edch. B\u1edfi nhu c\u1ea7u thi\u1ebft th\u1ef1c v\u00e0 ph\u00f9 h\u1ee3p v\u1edbi kinh t\u1ebf s\u1ed1 \u0111\u00f4ng gia \u0111\u00ecnh.<\/p>\n<p>V\u1edbi c\u00e1c gia \u0111\u00ecnh c\u00f3 s\u1ed1 l\u01b0\u1ee3ng ng\u01b0\u1eddi ch\u1ea1y \u00edt, nhu c\u1ea7u t\u1eadp v\u1eeba ph\u1ea3i th\u00ec\u00a0<strong>m\u00e1y ch\u1ea1y b\u1ed9 gi\u00e1 r\u1ebb<\/strong>\u00a0l\u00e0 m\u1ed9t l\u1ef1a ch\u1ecdn kh\u00f4ng th\u1ec3 t\u1ed1t h\u01a1n.<\/p>\n<p><strong>Pro Fitness PF-112D<\/strong>\u00a0l\u00e0 m\u1ed9t trong nh\u1eefng l\u1ef1a ch\u1ecdn \u0111\u00e1ng tin c\u1eady trong l\u0129nh v\u1ef1c\u00a0<strong>m\u00e1y ch\u1ea1y gia \u0111\u00ecnh gi\u00e1 r\u1ebb<\/strong>.<\/p>\n<p>S\u1edf h\u1eefu motor kh\u00e1 l\u1edbn DC 2.5 HP max 3.5 HP, c\u00f3 th\u1ec3 \u0111\u1ea3m b\u1ea3o t\u1ed1t nhu c\u1ea7u t\u1eadp cho 2-3 ng\u01b0\u1eddi trong gia \u0111\u00ecnh.<\/p>\n<p>\u0110\u1ed9 d\u1ed1c \u0111i\u1ec1u ch\u1ec9nh 3 m\u1ee9c b\u1eb1ng tay, cho c\u00e1c b\u00e0i t\u1eadp \u1edf c\u01b0\u1eddng \u0111\u1ed9 cao, \u0111\u1ed1t ch\u00e1y calo, t\u0103ng hi\u1ec7u qu\u1ea3 gi\u1ea3m c\u00e2n nhanh.<\/p>\n<p><strong><em>Sau \u0111\u00e2y h\u00e3y c\u00f9ng Th\u1ec3 Thao Minh Ph\u00fa t\u00ecm hi\u1ec3u k\u0129 h\u01a1n v\u1ec1 s\u1ea3n ph\u1ea9m tuy\u1ec7t v\u1eddi n\u00e0y.<\/em><\/strong><\/p>\n<h2>1. Th\u00f4ng tin m\u00e1y ch\u1ea1y b\u1ed9 \u0111i\u1ec7n Pro Fitness PF-112D<\/h2>\n<ul>\n<li>Th\u01b0\u01a1ng hi\u1ec7u:<strong>\u00a0Pro Fitness \u2013 \u0110\u00e0i Loan<\/strong><\/li>\n<li>S\u1ea3n xu\u1ea5t: Trung Qu\u1ed1c<\/li>\n<li>C\u00f4ng su\u1ea5t motor: DC 2.5 HP max 3.5HP<\/li>\n<li>\u0110\u1ed9 d\u1ed1c v\u1eadt l\u00ed: 3 m\u1ee9c<\/li>\n<li>T\u1ed1c \u0111\u1ed9: 0.8-14.8 Km\/h<\/li>\n<li>K\u00edch th\u01b0\u1edbc b\u0103ng t\u1ea3i: 42 x 120 cm<\/li>\n<li>K\u00edch th\u01b0\u1edbc l\u1eafp r\u00e1p: 153 x 68.5 x 116 cm<\/li>\n<li>K\u00edch th\u01b0\u1edbc th\u00f9ng carton: 155.5 x 72.5 x 31 cm<\/li>\n<li>Tr\u1ecdng l\u01b0\u1ee3ng m\u00e1y: 55 Kgs<\/li>\n<li>Tr\u1ecdng l\u01b0\u1ee3ng c\u1ea3 th\u00f9ng: 63 Kgs<\/li>\n<li>Tr\u1ecdng l\u01b0\u1ee3ng ng\u01b0\u1eddi t\u1eadp cho ph\u00e9p: 120 Kgs<\/li>\n<li>M\u00e0n h\u00ecnh hi\u1ec3n th\u1ecb 5\u2033 LCD: Th\u1eddi gian, calo, nh\u1ecbp tim, t\u1ed1c \u0111\u1ed9, qu\u00e3ng \u0111\u01b0\u1eddng.<\/li>\n<li>Di chuy\u1ec3n b\u1eb1ng b\u00e1nh xe.<\/li>\n<li>G\u1eadp g\u1ecdn b\u1eb1ng piston th\u1ee7y l\u1ef1c.<\/li>\n<li>T\u00edch h\u1ee3p \u0111\u1ea7u rung massage gi\u1ea3m m\u1ee1.<\/li>\n<li>Gi\u1ea3m ch\u1ea5n b\u1eb1ng h\u1ec7 th\u1ed1ng \u0111\u1ec7m l\u00f2 xo.<\/li>\n<li>Ph\u00edm \u0111i\u1ec1u khi\u1ec3n nhanh v\u00e0 c\u1ea3m bi\u1ebfn nh\u1ecbp tim tr\u00ean tay c\u1ea7m.<\/li>\n<li>B\u1ea3o h\u00e0nh: Motor \u2013 5 n\u0103m, Khung m\u00e1y \u2013 1 n\u0103m<\/li>\n<\/ul>\n<h2>2. H\u00ecnh \u1ea3nh v\u00e0 t\u00ednh n\u0103ng m\u00e1y ch\u1ea1y b\u1ed9 \u0111i\u1ec7n Pro Fitness PF-112D<\/h2>\n<p><img loading=\"lazy\" class=\"alignnone size-full wp-image-47430\" src=\"https:\/\/thethaominhphu.com\/wp-content\/uploads\/2018\/04\/may-chay-bo-dien-PRO-FITNESS-PF-112D-2.jpg\" sizes=\"(max-width: 700px) 100vw, 700px\" srcset=\"https:\/\/thethaominhphu.com\/wp-content\/uploads\/2018\/04\/may-chay-bo-dien-PRO-FITNESS-PF-112D-2.jpg 700w, https:\/\/thethaominhphu.com\/wp-content\/uploads\/2018\/04\/may-chay-bo-dien-PRO-FITNESS-PF-112D-2-360x360.jpg 360w, https:\/\/thethaominhphu.com\/wp-content\/uploads\/2018\/04\/may-chay-bo-dien-PRO-FITNESS-PF-112D-2-100x100.jpg 100w, https:\/\/thethaominhphu.com\/wp-content\/uploads\/2018\/04\/may-chay-bo-dien-PRO-FITNESS-PF-112D-2-600x600.jpg 600w, https:\/\/thethaominhphu.com\/wp-content\/uploads\/2018\/04\/may-chay-bo-dien-PRO-FITNESS-PF-112D-2-150x150.jpg 150w, https:\/\/thethaominhphu.com\/wp-content\/uploads\/2018\/04\/may-chay-bo-dien-PRO-FITNESS-PF-112D-2-24x24.jpg 24w, https:\/\/thethaominhphu.com\/wp-content\/uploads\/2018\/04\/may-chay-bo-dien-PRO-FITNESS-PF-112D-2-36x36.jpg 36w, https:\/\/thethaominhphu.com\/wp-content\/uploads\/2018\/04\/may-chay-bo-dien-PRO-FITNESS-PF-112D-2-48x48.jpg 48w\" alt=\"m\u00e1y ch\u1ea1y b\u1ed9 \u0111i\u1ec7n Pro Fitness PF-112D\" width=\"700\" height=\"700\" \/><\/p>\n<p><img loading=\"lazy\" class=\"alignnone size-full wp-image-47444\" src=\"https:\/\/thethaominhphu.com\/wp-content\/uploads\/2018\/04\/may-chay-bo-dien-PRO-FITNESS-PF-112D-chi-tiet-2.jpg\" sizes=\"(max-width: 700px) 100vw, 700px\" srcset=\"https:\/\/thethaominhphu.com\/wp-content\/uploads\/2018\/04\/may-chay-bo-dien-PRO-FITNESS-PF-112D-chi-tiet-2.jpg 700w, https:\/\/thethaominhphu.com\/wp-content\/uploads\/2018\/04\/may-chay-bo-dien-PRO-FITNESS-PF-112D-chi-tiet-2-600x1013.jpg 600w, https:\/\/thethaominhphu.com\/wp-content\/uploads\/2018\/04\/may-chay-bo-dien-PRO-FITNESS-PF-112D-chi-tiet-2-89x150.jpg 89w, https:\/\/thethaominhphu.com\/wp-content\/uploads\/2018\/04\/may-chay-bo-dien-PRO-FITNESS-PF-112D-chi-tiet-2-14x24.jpg 14w, https:\/\/thethaominhphu.com\/wp-content\/uploads\/2018\/04\/may-chay-bo-dien-PRO-FITNESS-PF-112D-chi-tiet-2-21x36.jpg 21w, https:\/\/thethaominhphu.com\/wp-content\/uploads\/2018\/04\/may-chay-bo-dien-PRO-FITNESS-PF-112D-chi-tiet-2-28x48.jpg 28w\" alt=\"M\u00e1y ch\u1ea1y b\u1ed9 \u0111i\u1ec7n Pro Fitness PF-112D chi ti\u1ebft\" width=\"700\" height=\"1182\" \/><\/p>\n<p>M\u00e0n h\u00ecnh hi\u1ec3n th\u1ecb c\u00e1c th\u00f4ng s\u1ed1, ti\u1ec7n l\u1ee3i theo d\u00f5i trong qu\u00e1 tr\u00ecnh t\u1eadp luy\u1ec7n, t\u1eeb \u0111\u00f3 \u0111\u01b0a ra \u0111\u01b0\u1ee3c c\u00e1c ch\u1ebf \u0111\u1ed9 t\u1eadp h\u1ee3p l\u00ed cho b\u1ea3n th\u00e2n, kh\u00f4ng g\u00e2y t\u00ecnh tr\u1ea1ng qu\u00e1 s\u1ee9c, nguy hi\u1ec3m cho ng\u01b0\u1eddi d\u00f9ng.<br \/>\nH\u1ec7 th\u1ed1ng ph\u00edm \u0111i\u1ec1u khi\u1ec3n tr\u1ef1c quan, d\u1ec5 d\u00e0ng thao t\u00e1c khi s\u1eed d\u1ee5ng ngay c\u1ea3 v\u1edbi ng\u01b0\u1eddi m\u1edbi b\u1eaft \u0111\u1ea7u t\u1eadp.<\/p>\n<p><img loading=\"lazy\" class=\"alignnone size-full wp-image-47431\" src=\"https:\/\/thethaominhphu.com\/wp-content\/uploads\/2018\/04\/may-chay-bo-dien-PRO-FITNESS-PF-112D-bdk.jpg\" sizes=\"(max-width: 700px) 100vw, 700px\" srcset=\"https:\/\/thethaominhphu.com\/wp-content\/uploads\/2018\/04\/may-chay-bo-dien-PRO-FITNESS-PF-112D-bdk.jpg 700w, https:\/\/thethaominhphu.com\/wp-content\/uploads\/2018\/04\/may-chay-bo-dien-PRO-FITNESS-PF-112D-bdk-600x729.jpg 600w, https:\/\/thethaominhphu.com\/wp-content\/uploads\/2018\/04\/may-chay-bo-dien-PRO-FITNESS-PF-112D-bdk-124x150.jpg 124w, https:\/\/thethaominhphu.com\/wp-content\/uploads\/2018\/04\/may-chay-bo-dien-PRO-FITNESS-PF-112D-bdk-20x24.jpg 20w, https:\/\/thethaominhphu.com\/wp-content\/uploads\/2018\/04\/may-chay-bo-dien-PRO-FITNESS-PF-112D-bdk-30x36.jpg 30w, https:\/\/thethaominhphu.com\/wp-content\/uploads\/2018\/04\/may-chay-bo-dien-PRO-FITNESS-PF-112D-bdk-40x48.jpg 40w\" alt=\"m\u00e1y ch\u1ea1y b\u1ed9 \u0111i\u1ec7n Pro Fitness PF-112D m\u00e0n h\u00ecnh\" width=\"700\" height=\"850\" \/><\/p>\n<p>C\u1ea3m bi\u1ebfn nh\u1ecbp tim si\u00eau nh\u1ea1y tr\u00ean tay c\u1ea7m, gi\u00fap hi\u1ec3n th\u1ecb th\u00f4ng s\u1ed1 huy\u1ebft \u00e1p c\u1ee7a ng\u01b0\u1eddi t\u1eadp. K\u00e8m v\u1edbi ph\u00edm \u0111i\u1ec1u ch\u1ec9nh nhanh tr\u00ean tay c\u1ea7m, v\u00f4 c\u00f9ng ti\u1ec7n l\u1ee3i cho nh\u1eefng ng\u01b0\u1eddi m\u1edbi s\u1eed d\u1ee5ng, ch\u01b0a quen v\u1edbi c\u00e1c b\u00e0i t\u1eadp.<\/p>\n<p><img loading=\"lazy\" class=\"alignnone size-full wp-image-47434\" src=\"https:\/\/thethaominhphu.com\/wp-content\/uploads\/2018\/04\/may-chay-bo-dien-PRO-FITNESS-PF-112D-nhip-tim.jpg\" sizes=\"(max-width: 700px) 100vw, 700px\" srcset=\"https:\/\/thethaominhphu.com\/wp-content\/uploads\/2018\/04\/may-chay-bo-dien-PRO-FITNESS-PF-112D-nhip-tim.jpg 700w, https:\/\/thethaominhphu.com\/wp-content\/uploads\/2018\/04\/may-chay-bo-dien-PRO-FITNESS-PF-112D-nhip-tim-600x335.jpg 600w, https:\/\/thethaominhphu.com\/wp-content\/uploads\/2018\/04\/may-chay-bo-dien-PRO-FITNESS-PF-112D-nhip-tim-150x84.jpg 150w, https:\/\/thethaominhphu.com\/wp-content\/uploads\/2018\/04\/may-chay-bo-dien-PRO-FITNESS-PF-112D-nhip-tim-24x13.jpg 24w, https:\/\/thethaominhphu.com\/wp-content\/uploads\/2018\/04\/may-chay-bo-dien-PRO-FITNESS-PF-112D-nhip-tim-36x20.jpg 36w, https:\/\/thethaominhphu.com\/wp-content\/uploads\/2018\/04\/may-chay-bo-dien-PRO-FITNESS-PF-112D-nhip-tim-48x27.jpg 48w\" alt=\"m\u00e1y ch\u1ea1y b\u1ed9 \u0111i\u1ec7n Pro Fitness PF-112D nh\u1ecbp tim\" width=\"700\" height=\"391\" \/><\/p>\n<p><img loading=\"lazy\" class=\"alignnone size-full wp-image-47432\" src=\"https:\/\/thethaominhphu.com\/wp-content\/uploads\/2018\/04\/may-chay-bo-dien-PRO-FITNESS-PF-112D-gap-gon.jpg\" sizes=\"(max-width: 700px) 100vw, 700px\" srcset=\"https:\/\/thethaominhphu.com\/wp-content\/uploads\/2018\/04\/may-chay-bo-dien-PRO-FITNESS-PF-112D-gap-gon.jpg 700w, https:\/\/thethaominhphu.com\/wp-content\/uploads\/2018\/04\/may-chay-bo-dien-PRO-FITNESS-PF-112D-gap-gon-360x360.jpg 360w, https:\/\/thethaominhphu.com\/wp-content\/uploads\/2018\/04\/may-chay-bo-dien-PRO-FITNESS-PF-112D-gap-gon-100x100.jpg 100w, https:\/\/thethaominhphu.com\/wp-content\/uploads\/2018\/04\/may-chay-bo-dien-PRO-FITNESS-PF-112D-gap-gon-600x600.jpg 600w, https:\/\/thethaominhphu.com\/wp-content\/uploads\/2018\/04\/may-chay-bo-dien-PRO-FITNESS-PF-112D-gap-gon-150x150.jpg 150w, https:\/\/thethaominhphu.com\/wp-content\/uploads\/2018\/04\/may-chay-bo-dien-PRO-FITNESS-PF-112D-gap-gon-24x24.jpg 24w, https:\/\/thethaominhphu.com\/wp-content\/uploads\/2018\/04\/may-chay-bo-dien-PRO-FITNESS-PF-112D-gap-gon-36x36.jpg 36w, https:\/\/thethaominhphu.com\/wp-content\/uploads\/2018\/04\/may-chay-bo-dien-PRO-FITNESS-PF-112D-gap-gon-48x48.jpg 48w\" alt=\"m\u00e1y ch\u1ea1y b\u1ed9 \u0111i\u1ec7n Pro Fitness PF-112D nh\u1ecbp tim g\u1eadp g\u1ecdn\" width=\"700\" height=\"700\" \/><\/p>\n<p><img loading=\"lazy\" class=\"alignnone size-full wp-image-47433\" src=\"https:\/\/thethaominhphu.com\/wp-content\/uploads\/2018\/04\/may-chay-bo-dien-PRO-FITNESS-PF-112D-giam-chan.jpg\" sizes=\"(max-width: 700px) 100vw, 700px\" srcset=\"https:\/\/thethaominhphu.com\/wp-content\/uploads\/2018\/04\/may-chay-bo-dien-PRO-FITNESS-PF-112D-giam-chan.jpg 700w, https:\/\/thethaominhphu.com\/wp-content\/uploads\/2018\/04\/may-chay-bo-dien-PRO-FITNESS-PF-112D-giam-chan-600x420.jpg 600w, https:\/\/thethaominhphu.com\/wp-content\/uploads\/2018\/04\/may-chay-bo-dien-PRO-FITNESS-PF-112D-giam-chan-150x105.jpg 150w, https:\/\/thethaominhphu.com\/wp-content\/uploads\/2018\/04\/may-chay-bo-dien-PRO-FITNESS-PF-112D-giam-chan-24x17.jpg 24w, https:\/\/thethaominhphu.com\/wp-content\/uploads\/2018\/04\/may-chay-bo-dien-PRO-FITNESS-PF-112D-giam-chan-36x25.jpg 36w, https:\/\/thethaominhphu.com\/wp-content\/uploads\/2018\/04\/may-chay-bo-dien-PRO-FITNESS-PF-112D-giam-chan-48x34.jpg 48w\" alt=\"m\u00e1y ch\u1ea1y b\u1ed9 \u0111i\u1ec7n Pro Fitness PF-112D nh\u1ecbp tim d\u1ed1c\" width=\"700\" height=\"490\" \/><\/p>\n<p><strong>PF-112D<\/strong>\u00a0c\u00f3 th\u1ec3 ch\u1ecbu \u0111\u01b0\u1ee3c tr\u1ecdng l\u01b0\u1ee3ng t\u1ed1i \u0111a ng\u01b0\u1eddi t\u1eadp\u00a0l\u00ean \u0111\u1ebfn 120 KG, nh\u1edd khung th\u00e9p d\u00e0y v\u00e0 k\u1ebft c\u1ea5u ch\u1eafc ch\u1eafn c\u1ee7a s\u1ea3n ph\u1ea9m.<\/p>\n<p><img loading=\"lazy\" class=\"alignnone size-full wp-image-47442 aligncenter\" src=\"https:\/\/thethaominhphu.com\/wp-content\/uploads\/2018\/04\/may-chay-bo-dien-PRO-FITNESS-PF-112D-trong-tai.jpg\" sizes=\"(max-width: 700px) 100vw, 700px\" srcset=\"https:\/\/thethaominhphu.com\/wp-content\/uploads\/2018\/04\/may-chay-bo-dien-PRO-FITNESS-PF-112D-trong-tai.jpg 700w, https:\/\/thethaominhphu.com\/wp-content\/uploads\/2018\/04\/may-chay-bo-dien-PRO-FITNESS-PF-112D-trong-tai-600x456.jpg 600w, https:\/\/thethaominhphu.com\/wp-content\/uploads\/2018\/04\/may-chay-bo-dien-PRO-FITNESS-PF-112D-trong-tai-150x114.jpg 150w, https:\/\/thethaominhphu.com\/wp-content\/uploads\/2018\/04\/may-chay-bo-dien-PRO-FITNESS-PF-112D-trong-tai-24x18.jpg 24w, https:\/\/thethaominhphu.com\/wp-content\/uploads\/2018\/04\/may-chay-bo-dien-PRO-FITNESS-PF-112D-trong-tai-36x27.jpg 36w, https:\/\/thethaominhphu.com\/wp-content\/uploads\/2018\/04\/may-chay-bo-dien-PRO-FITNESS-PF-112D-trong-tai-48x36.jpg 48w\" alt=\"M\u00e1y ch\u1ea1y b\u1ed9 \u0111i\u1ec7n Pro Fitness PF-112D tr\u1ecdng t\u1ea3i\" width=\"700\" height=\"532\" \/><\/p>\n<p>K\u00edch th\u01b0\u1edbc ti\u00eau chu\u1ea9n, ph\u00f9 h\u1ee3p v\u1edbi \u0111a s\u1ed1 kh\u00f4ng gian c\u00e1c gia \u0111\u00ecnh. B\u1ea1n c\u00f3 th\u1ec3 \u0111\u1eb7t m\u00e1y ngay t\u1ea1i ph\u00f2ng kh\u00e1ch, ph\u00f2ng ng\u1ee7, ban c\u00f4ng\u2026 m\u00e0 kh\u00f4ng g\u1eb7p s\u1ef1 kh\u00f3 kh\u0103n n\u00e0o.<\/p>\n<p><img loading=\"lazy\" class=\"alignnone size-full wp-image-47439\" src=\"https:\/\/thethaominhphu.com\/wp-content\/uploads\/2018\/04\/may-chay-bo-dien-PRO-FITNESS-PF-112D-kich-thuoc.jpg\" sizes=\"(max-width: 700px) 100vw, 700px\" srcset=\"https:\/\/thethaominhphu.com\/wp-content\/uploads\/2018\/04\/may-chay-bo-dien-PRO-FITNESS-PF-112D-kich-thuoc.jpg 700w, https:\/\/thethaominhphu.com\/wp-content\/uploads\/2018\/04\/may-chay-bo-dien-PRO-FITNESS-PF-112D-kich-thuoc-600x351.jpg 600w, https:\/\/thethaominhphu.com\/wp-content\/uploads\/2018\/04\/may-chay-bo-dien-PRO-FITNESS-PF-112D-kich-thuoc-150x88.jpg 150w, https:\/\/thethaominhphu.com\/wp-content\/uploads\/2018\/04\/may-chay-bo-dien-PRO-FITNESS-PF-112D-kich-thuoc-24x14.jpg 24w, https:\/\/thethaominhphu.com\/wp-content\/uploads\/2018\/04\/may-chay-bo-dien-PRO-FITNESS-PF-112D-kich-thuoc-36x21.jpg 36w, https:\/\/thethaominhphu.com\/wp-content\/uploads\/2018\/04\/may-chay-bo-dien-PRO-FITNESS-PF-112D-kich-thuoc-48x28.jpg 48w\" alt=\"K\u00edch th\u01b0\u1edbc M\u00e1y ch\u1ea1y b\u1ed9 \u0111i\u1ec7n Pro Fitness PF-112D\" width=\"700\" height=\"409\" \/><\/p>\n<p><strong>PRO FITNESS PF-112D<\/strong>\u00a0\u0111\u01b0\u1ee3c \u0111\u00f3ng g\u00f3i c\u1ea9n th\u1eadn, ki\u1ec3m tra nghi\u00eam ng\u1eb7t tr\u01b0\u1edbc khi xu\u1ea5t x\u01b0\u1edfng, \u0111\u1ea3m b\u1ea3o nh\u1eefng s\u1ea3n ph\u1ea9m t\u1ed1t nh\u1ea5t \u0111\u1ebfn tay ng\u01b0\u1eddi s\u1eed d\u1ee5ng.<\/p>\n<p><img loading=\"lazy\" class=\"alignnone size-full wp-image-47441\" src=\"https:\/\/thethaominhphu.com\/wp-content\/uploads\/2018\/04\/may-chay-bo-dien-PRO-FITNESS-PF-112D-thung.jpg\" sizes=\"(max-width: 700px) 100vw, 700px\" srcset=\"https:\/\/thethaominhphu.com\/wp-content\/uploads\/2018\/04\/may-chay-bo-dien-PRO-FITNESS-PF-112D-thung.jpg 700w, https:\/\/thethaominhphu.com\/wp-content\/uploads\/2018\/04\/may-chay-bo-dien-PRO-FITNESS-PF-112D-thung-600x447.jpg 600w, https:\/\/thethaominhphu.com\/wp-content\/uploads\/2018\/04\/may-chay-bo-dien-PRO-FITNESS-PF-112D-thung-150x112.jpg 150w, https:\/\/thethaominhphu.com\/wp-content\/uploads\/2018\/04\/may-chay-bo-dien-PRO-FITNESS-PF-112D-thung-24x18.jpg 24w, https:\/\/thethaominhphu.com\/wp-content\/uploads\/2018\/04\/may-chay-bo-dien-PRO-FITNESS-PF-112D-thung-36x27.jpg 36w, https:\/\/thethaominhphu.com\/wp-content\/uploads\/2018\/04\/may-chay-bo-dien-PRO-FITNESS-PF-112D-thung-48x36.jpg 48w\" alt=\"M\u00e1y ch\u1ea1y b\u1ed9 \u0111i\u1ec7n Pro Fitness PF-112D th\u00f9ng\" width=\"700\" height=\"521\" \/><\/p>\n","protected":false},"excerpt":{"rendered":"<p><strong>M\u00e1y ch\u1ea1y b\u1ed9 \u0111i\u1ec7n gi\u00e1 r\u1ebb<\/strong>\u00a0l\u00e0 m\u1ed9t l\u1ef1a ch\u1ecdn kh\u00e1 ph\u1ed5 bi\u1ebfn v\u00e0 \u0111\u01b0\u1ee3c nhi\u1ec1u gia \u0111\u00ecnh y\u00eau th\u00edch. B\u1edfi nhu c\u1ea7u thi\u1ebft th\u1ef1c v\u00e0 ph\u00f9 h\u1ee3p v\u1edbi kinh t\u1ebf s\u1ed1 \u0111\u00f4ng gia \u0111\u00ecnh.<\/p>\n","protected":false},"featured_media":1025,"comment_status":"open","ping_status":"closed","template":"","meta":[],"product_cat":[39],"product_tag":[],"_links":{"self":[{"href":"https:\/\/demo.bmconnect.vn\/dienmay3\/wp-json\/wp\/v2\/product\/1024"}],"collection":[{"href":"https:\/\/demo.bmconnect.vn\/dienmay3\/wp-json\/wp\/v2\/product"}],"about":[{"href":"https:\/\/demo.bmconnect.vn\/dienmay3\/wp-json\/wp\/v2\/types\/product"}],"replies":[{"embeddable":true,"href":"https:\/\/demo.bmconnect.vn\/dienmay3\/wp-json\/wp\/v2\/comments?post=1024"}],"wp:featuredmedia":[{"embeddable":true,"href":"https:\/\/demo.bmconnect.vn\/dienmay3\/wp-json\/wp\/v2\/media\/1025"}],"wp:attachment":[{"href":"https:\/\/demo.bmconnect.vn\/dienmay3\/wp-json\/wp\/v2\/media?parent=1024"}],"wp:term":[{"taxonomy":"product_cat","embeddable":true,"href":"https:\/\/demo.bmconnect.vn\/dienmay3\/wp-json\/wp\/v2\/product_cat?post=1024"},{"taxonomy":"product_tag","embeddable":true,"href":"https:\/\/demo.bmconnect.vn\/dienmay3\/wp-json\/wp\/v2\/product_tag?post=1024"}],"curies":[{"name":"wp","href":"https:\/\/api.w.org\/{rel}","templated":true}]}}