{"id":1020,"date":"2019-04-15T17:48:02","date_gmt":"2019-04-15T10:48:02","guid":{"rendered":"http:\/\/demo.bmconnect.vn\/dienmay3\/?post_type=product&#038;p=1020"},"modified":"2019-04-15T17:49:08","modified_gmt":"2019-04-15T10:49:08","slug":"xe-dap-tap-the-duc-mo-2060","status":"publish","type":"product","link":"https:\/\/demo.bmconnect.vn\/dienmay3\/xe-dap-tap-the-duc-mo-2060\/","title":{"rendered":"Xe \u0111\u1ea1p t\u1eadp th\u1ec3 d\u1ee5c MO-2060 h\u00e0ng m\u1edbi 100%"},"content":{"rendered":"<p><strong>Xe \u0111\u1ea1p t\u1eadp th\u1ec3 d\u1ee5c MO-2060<\/strong>\u00a0l\u00e0 m\u1eabu\u00a0<strong>xe \u0111\u1ea1p t\u1eadp li\u00ean ho\u00e0n to\u00e0n th\u00e2n<\/strong>, thi\u1ebft k\u1ebf g\u1ecdn nh\u1eb9, ch\u1eafc ch\u1eafn, xe ph\u00f9 h\u1ee3p cho t\u1eadp th\u1ec3 l\u1ef1c t\u1ea1i nh\u00e0,\u00a0<strong>t\u0103ng chi\u1ec1u cao cho tr\u1ebb em<\/strong>\u00a0v\u00e0 nh\u1ea5t l\u00e0\u00a0<strong>ph\u1ee5c h\u1ed3i ch\u1ee9c n\u0103ng cho ng\u01b0\u1eddi gi\u00e0, ng\u01b0\u1eddi tai bi\u1ebfn<\/strong>\u00a0c\u1ef1c k\u00ec hi\u1ec7u qu\u1ea3.<\/p>\n<p><img loading=\"lazy\" class=\"alignnone size-full wp-image-42327\" src=\"https:\/\/thethaominhphu.com\/wp-content\/uploads\/2017\/04\/xe-dap-tap-the-duc-MO-2060-new.jpg\" sizes=\"(max-width: 700px) 100vw, 700px\" srcset=\"https:\/\/thethaominhphu.com\/wp-content\/uploads\/2017\/04\/xe-dap-tap-the-duc-MO-2060-new.jpg 700w, https:\/\/thethaominhphu.com\/wp-content\/uploads\/2017\/04\/xe-dap-tap-the-duc-MO-2060-new-360x360.jpg 360w, https:\/\/thethaominhphu.com\/wp-content\/uploads\/2017\/04\/xe-dap-tap-the-duc-MO-2060-new-100x100.jpg 100w, https:\/\/thethaominhphu.com\/wp-content\/uploads\/2017\/04\/xe-dap-tap-the-duc-MO-2060-new-600x600.jpg 600w\" alt=\"Xe \u0111\u1ea1p t\u1eadp th\u1ec3 d\u1ee5c MO-2060\" width=\"700\" height=\"700\" \/><\/p>\n<h2>1. Th\u00f4ng tin xe \u0111\u1ea1p t\u1eadp th\u1ec3 d\u1ee5c MO-2060<\/h2>\n<p>\u2013 S\u1ea3n xu\u1ea5t: Trung Qu\u1ed1c<br \/>\n\u2013 Th\u01b0\u01a1ng hi\u1ec7u: MOFIT<br \/>\n\u2013 Khung xe s\u1eed d\u1ee5ng s\u1eaft d\u00e0y 1.5 mm, \u042425, \u042432, \u042460<br \/>\n\u2013 Tr\u1ecdng l\u01b0\u1ee3ng c\u01a1 th\u1ec3 t\u1ed1i \u0111a: 120kg<br \/>\n\u2013 K\u00edch th\u01b0\u1edbc l\u1eafp \u0111\u1eb7t: 109 x 59 x 118 cm<br \/>\n\u2013 K\u00edch th\u01b0\u1edbc th\u00f9ng: 89 x 20.5 x 59 cm<br \/>\n\u2013 Tr\u1ecdng l\u01b0\u1ee3ng: 17.5 Kgs<br \/>\n\u2013 Tr\u1ecdng l\u01b0\u1ee3ng c\u1ea3 th\u00f9ng: 19.5 Kgs<\/p>\n<h2>2. H\u00ecnh \u1ea3nh v\u00e0 t\u00ednh n\u0103ng xe \u0111\u1ea1p t\u1eadp th\u1ec3 d\u1ee5c MO-2060<\/h2>\n<p>\u0110\u1ed3ng h\u1ed3 hi\u1ec3n th\u1ecb c\u00e1c th\u00f4ng s\u1ed1: Th\u1eddi gian, nh\u1ecbp tim, calo, qu\u00e3ng \u0111\u01b0\u1eddng, t\u1ed1c \u0111\u1ed9 ti\u1ec7n l\u1ee3i.<\/p>\n<p><img loading=\"lazy\" class=\"alignnone size-full wp-image-42514\" src=\"https:\/\/thethaominhphu.com\/wp-content\/uploads\/2017\/04\/xe-dap-tap-the-duc-MO-2060-new-dong-ho-2.jpg\" sizes=\"(max-width: 700px) 100vw, 700px\" srcset=\"https:\/\/thethaominhphu.com\/wp-content\/uploads\/2017\/04\/xe-dap-tap-the-duc-MO-2060-new-dong-ho-2.jpg 700w, https:\/\/thethaominhphu.com\/wp-content\/uploads\/2017\/04\/xe-dap-tap-the-duc-MO-2060-new-dong-ho-2-360x360.jpg 360w, https:\/\/thethaominhphu.com\/wp-content\/uploads\/2017\/04\/xe-dap-tap-the-duc-MO-2060-new-dong-ho-2-100x100.jpg 100w, https:\/\/thethaominhphu.com\/wp-content\/uploads\/2017\/04\/xe-dap-tap-the-duc-MO-2060-new-dong-ho-2-600x600.jpg 600w\" alt=\"Xe \u0111\u1ea1p t\u1eadp th\u1ec3 d\u1ee5c MO-2060 \u0111\u1ed3ng h\u1ed3\" width=\"700\" height=\"700\" \/><\/p>\n<p>Tay c\u1ea7m \u0111\u01b0\u1ee3c b\u1ecdc m\u00fat \u00eam \u00e1i, d\u1ec5 d\u00e0ng c\u1ea7m n\u1eafm. Trang b\u1ecb th\u00eam c\u1ea3m bi\u1ebfn nh\u1ecbp tim si\u00eau nh\u1ea1y.<\/p>\n<p><img loading=\"lazy\" class=\"alignnone size-full wp-image-42332\" src=\"https:\/\/thethaominhphu.com\/wp-content\/uploads\/2017\/04\/xe-dap-tap-the-duc-MO-2060-new-tay-cam.jpg\" sizes=\"(max-width: 700px) 100vw, 700px\" srcset=\"https:\/\/thethaominhphu.com\/wp-content\/uploads\/2017\/04\/xe-dap-tap-the-duc-MO-2060-new-tay-cam.jpg 700w, https:\/\/thethaominhphu.com\/wp-content\/uploads\/2017\/04\/xe-dap-tap-the-duc-MO-2060-new-tay-cam-600x400.jpg 600w, https:\/\/thethaominhphu.com\/wp-content\/uploads\/2017\/04\/xe-dap-tap-the-duc-MO-2060-new-tay-cam-570x381.jpg 570w\" alt=\"Xe \u0111\u1ea1p t\u1eadp th\u1ec3 d\u1ee5c MO-2060 tay c\u1ea7m\" width=\"700\" height=\"467\" \/><\/p>\n<p>Khung xe ch\u1eafc ch\u1eafn, ch\u1ecbu l\u1ef1c 120 kgs. \u0110i\u1ec1u ch\u1ec9nh m\u1ee9c \u0111\u1ed9 n\u1eb7ng nh\u1eb9 li\u00ean t\u1ee5c b\u1eb1ng ch\u1ed1t v\u1eb7n, cho nhi\u1ec1u m\u1ee9c t\u1eadp kh\u00e1c nhau.<\/p>\n<p><img loading=\"lazy\" class=\"alignnone size-full wp-image-42331\" src=\"https:\/\/thethaominhphu.com\/wp-content\/uploads\/2017\/04\/xe-dap-tap-the-duc-MO-2060-new-khung.jpg\" sizes=\"(max-width: 700px) 100vw, 700px\" srcset=\"https:\/\/thethaominhphu.com\/wp-content\/uploads\/2017\/04\/xe-dap-tap-the-duc-MO-2060-new-khung.jpg 700w, https:\/\/thethaominhphu.com\/wp-content\/uploads\/2017\/04\/xe-dap-tap-the-duc-MO-2060-new-khung-600x400.jpg 600w, https:\/\/thethaominhphu.com\/wp-content\/uploads\/2017\/04\/xe-dap-tap-the-duc-MO-2060-new-khung-570x381.jpg 570w\" alt=\"Xe \u0111\u1ea1p t\u1eadp th\u1ec3 d\u1ee5c MO-2060\" width=\"700\" height=\"467\" \/><\/p>\n<p>B\u00e1nh \u0111\u00e0 si\u00eau b\u1ec1n, chuy\u1ec3n \u0111\u1ed9ng \u1ed5n \u0111\u1ecbnh, cho nh\u1eefng b\u01b0\u1edbc \u0111\u1ea1p \u00eam \u00e1i h\u01a1n.<\/p>\n<p><img loading=\"lazy\" class=\"alignnone wp-image-42329 size-full\" src=\"https:\/\/thethaominhphu.com\/wp-content\/uploads\/2017\/04\/xe-dap-tap-the-duc-MO-2060-new-banh-da.jpg\" sizes=\"(max-width: 700px) 100vw, 700px\" srcset=\"https:\/\/thethaominhphu.com\/wp-content\/uploads\/2017\/04\/xe-dap-tap-the-duc-MO-2060-new-banh-da.jpg 700w, https:\/\/thethaominhphu.com\/wp-content\/uploads\/2017\/04\/xe-dap-tap-the-duc-MO-2060-new-banh-da-600x894.jpg 600w\" alt=\"Xe \u0111\u1ea1p t\u1eadp th\u1ec3 d\u1ee5c MO-2060\" width=\"700\" height=\"1043\" \/><\/p>\n<p>Ch\u00e2n \u0111\u1ebf ch\u1eafc ch\u1eafn. B\u00e0n \u0111\u1ea1p ch\u1ed1ng tr\u01b0\u1ee3t an to\u00e0n cho ng\u01b0\u1eddi d\u00f9ng.<\/p>\n<p><img loading=\"lazy\" class=\"alignnone size-full wp-image-42330\" src=\"https:\/\/thethaominhphu.com\/wp-content\/uploads\/2017\/04\/xe-dap-tap-the-duc-MO-2060-new-chan.jpg\" sizes=\"(max-width: 700px) 100vw, 700px\" srcset=\"https:\/\/thethaominhphu.com\/wp-content\/uploads\/2017\/04\/xe-dap-tap-the-duc-MO-2060-new-chan.jpg 700w, https:\/\/thethaominhphu.com\/wp-content\/uploads\/2017\/04\/xe-dap-tap-the-duc-MO-2060-new-chan-600x378.jpg 600w\" alt=\"Xe \u0111\u1ea1p t\u1eadp th\u1ec3 d\u1ee5c MO-2060\" width=\"700\" height=\"441\" \/><\/p>\n","protected":false},"excerpt":{"rendered":"<p>\u2013 Khung xe s\u1eed d\u1ee5ng s\u1eaft d\u00e0y 1.5 mm, \u042425, \u042432, \u042460<br \/>\n\u2013 Tr\u1ecdng l\u01b0\u1ee3ng c\u01a1 th\u1ec3 t\u1ed1i \u0111a: 120kg<br \/>\n\u2013 K\u00edch th\u01b0\u1edbc: 109 x 59 x 118 cm<br \/>\n\u2013 Tr\u1ecdng l\u01b0\u1ee3ng: 17.5 Kgs<br \/>\n\u2013 B\u1ea3o h\u00e0nh: 12 th\u00e1ng<\/p>\n","protected":false},"featured_media":1021,"comment_status":"open","ping_status":"closed","template":"","meta":[],"product_cat":[39],"product_tag":[],"_links":{"self":[{"href":"https:\/\/demo.bmconnect.vn\/dienmay3\/wp-json\/wp\/v2\/product\/1020"}],"collection":[{"href":"https:\/\/demo.bmconnect.vn\/dienmay3\/wp-json\/wp\/v2\/product"}],"about":[{"href":"https:\/\/demo.bmconnect.vn\/dienmay3\/wp-json\/wp\/v2\/types\/product"}],"replies":[{"embeddable":true,"href":"https:\/\/demo.bmconnect.vn\/dienmay3\/wp-json\/wp\/v2\/comments?post=1020"}],"wp:featuredmedia":[{"embeddable":true,"href":"https:\/\/demo.bmconnect.vn\/dienmay3\/wp-json\/wp\/v2\/media\/1021"}],"wp:attachment":[{"href":"https:\/\/demo.bmconnect.vn\/dienmay3\/wp-json\/wp\/v2\/media?parent=1020"}],"wp:term":[{"taxonomy":"product_cat","embeddable":true,"href":"https:\/\/demo.bmconnect.vn\/dienmay3\/wp-json\/wp\/v2\/product_cat?post=1020"},{"taxonomy":"product_tag","embeddable":true,"href":"https:\/\/demo.bmconnect.vn\/dienmay3\/wp-json\/wp\/v2\/product_tag?post=1020"}],"curies":[{"name":"wp","href":"https:\/\/api.w.org\/{rel}","templated":true}]}}