{"id":1000,"date":"2019-04-15T17:35:19","date_gmt":"2019-04-15T10:35:19","guid":{"rendered":"http:\/\/demo.bmconnect.vn\/dienmay3\/?post_type=product&#038;p=1000"},"modified":"2019-04-15T17:35:19","modified_gmt":"2019-04-15T10:35:19","slug":"massage-chan-3d-vang-2","status":"publish","type":"product","link":"https:\/\/demo.bmconnect.vn\/dienmay3\/massage-chan-3d-vang-2\/","title":{"rendered":"Massage ch\u00e2n 3D (V\u00e0ng)"},"content":{"rendered":"<p>Massage b\u00e0n ch\u00e2n 3D\u00a0 m\u1edbi v\u1edbi c\u00f4ng ngh\u1ec7 c\u1ea3i ti\u1ebfn nh\u1eb1m n\u00e2ng cao nh\u1eb1m t\u1eadp trung v\u00e0o c\u00e1c b\u1ed9 ph\u1eadn b\u1ecb t\u1ed5n th\u01b0\u01a1ng t\u1eeb gi\u00e0y cao g\u00f3t, k\u1ebft h\u1ee3p Tui \u2013 Na v\u1edbi c\u00f4ng ngh\u1ec7 massage ch\u00e2n chuy\u00ean bi\u1ec7t \u0111\u1ec3 mang l\u1ea1i s\u1ef1 th\u01b0 gi\u00e3n, \u1ea5m \u00e1p, ph\u1ee5c h\u1ed3i n\u0103ng l\u01b0\u1ee3ng cho \u0111\u00f4i ch\u00e2n sau 1 ng\u00e0y d\u00e0i ho\u1ea1t \u0111\u1ed9ng, \u0111\u1eb7c bi\u1ec7t l\u00e0 nh\u1eefng \u0111\u00f4i ch\u00e2n tr\u00ean gi\u00e0y cao g\u00f3t.<br \/>\nV\u1edbi 1 h\u1ec7 th\u1ed1ng c\u00e1c ch\u01b0\u01a1ng tr\u00ecnh massage ch\u0103m s\u00f3c s\u1ee9c kh\u1ecfe cu\u1ed9c s\u1ed1ng nh\u01b0 High-Heels and Toning, m\u00e1y massage b\u00e0n ch\u00e2n 3D th\u1ef1c s\u1ef1 l\u00e0 ng\u01b0\u1eddi b\u1ea1n \u0111\u1ed3ng h\u00e0nh t\u1ed1t nh\u1ea5t cho nh\u1eefng ng\u01b0\u1eddi ph\u1ee5 n\u1eef th\u01b0\u1eddng xuy\u00ean mang gi\u00e0y cao g\u00f3t.<\/p>\n<p><img loading=\"lazy\" class=\"aligncenter size-full wp-image-324\" src=\"http:\/\/fujikima.com.vn\/wp-content\/uploads\/2017\/11\/Phoria-warm3.jpg\" alt=\"\" width=\"585\" height=\"924\" \/><\/p>\n","protected":false},"excerpt":{"rendered":"<p>Massage b\u00e0n ch\u00e2n 3D\u00a0 m\u1edbi v\u1edbi c\u00f4ng ngh\u1ec7 c\u1ea3i ti\u1ebfn nh\u1eb1m n\u00e2ng cao nh\u1eb1m t\u1eadp trung v\u00e0o c\u00e1c b\u1ed9 ph\u1eadn b\u1ecb t\u1ed5n th\u01b0\u01a1ng t\u1eeb gi\u00e0y cao g\u00f3t, k\u1ebft h\u1ee3p Tui \u2013 Na v\u1edbi c\u00f4ng ngh\u1ec7 massage ch\u00e2n chuy\u00ean bi\u1ec7t \u0111\u1ec3 mang l\u1ea1i s\u1ef1 th\u01b0 gi\u00e3n, \u1ea5m \u00e1p, ph\u1ee5c h\u1ed3i n\u0103ng l\u01b0\u1ee3ng cho \u0111\u00f4i ch\u00e2n sau 1 ng\u00e0y d\u00e0i ho\u1ea1t \u0111\u1ed9ng, \u0111\u1eb7c bi\u1ec7t l\u00e0 nh\u1eefng \u0111\u00f4i ch\u00e2n tr\u00ean gi\u00e0y cao g\u00f3t.<br \/>\nV\u1edbi 1 h\u1ec7 th\u1ed1ng c\u00e1c ch\u01b0\u01a1ng tr\u00ecnh massage ch\u0103m s\u00f3c s\u1ee9c kh\u1ecfe cu\u1ed9c s\u1ed1ng nh\u01b0 High-Heels and Toning, m\u00e1y massage b\u00e0n ch\u00e2n 3D th\u1ef1c s\u1ef1 l\u00e0 ng\u01b0\u1eddi b\u1ea1n \u0111\u1ed3ng h\u00e0nh t\u1ed1t nh\u1ea5t cho nh\u1eefng ng\u01b0\u1eddi ph\u1ee5 n\u1eef th\u01b0\u1eddng xuy\u00ean mang gi\u00e0y cao g\u00f3t.<\/p>\n","protected":false},"featured_media":999,"comment_status":"open","ping_status":"closed","template":"","meta":[],"product_cat":[35],"product_tag":[],"_links":{"self":[{"href":"https:\/\/demo.bmconnect.vn\/dienmay3\/wp-json\/wp\/v2\/product\/1000"}],"collection":[{"href":"https:\/\/demo.bmconnect.vn\/dienmay3\/wp-json\/wp\/v2\/product"}],"about":[{"href":"https:\/\/demo.bmconnect.vn\/dienmay3\/wp-json\/wp\/v2\/types\/product"}],"replies":[{"embeddable":true,"href":"https:\/\/demo.bmconnect.vn\/dienmay3\/wp-json\/wp\/v2\/comments?post=1000"}],"wp:featuredmedia":[{"embeddable":true,"href":"https:\/\/demo.bmconnect.vn\/dienmay3\/wp-json\/wp\/v2\/media\/999"}],"wp:attachment":[{"href":"https:\/\/demo.bmconnect.vn\/dienmay3\/wp-json\/wp\/v2\/media?parent=1000"}],"wp:term":[{"taxonomy":"product_cat","embeddable":true,"href":"https:\/\/demo.bmconnect.vn\/dienmay3\/wp-json\/wp\/v2\/product_cat?post=1000"},{"taxonomy":"product_tag","embeddable":true,"href":"https:\/\/demo.bmconnect.vn\/dienmay3\/wp-json\/wp\/v2\/product_tag?post=1000"}],"curies":[{"name":"wp","href":"https:\/\/api.w.org\/{rel}","templated":true}]}}