{"id":236,"date":"2019-04-22T07:46:35","date_gmt":"2019-04-22T07:46:35","guid":{"rendered":"http:\/\/demo.bmconnect.vn\/daytrangdiem\/?post_type=product&#038;p=236"},"modified":"2019-04-22T07:46:35","modified_gmt":"2019-04-22T07:46:35","slug":"nuoc-tay-trang-cho-da-dau-bioderma-sebium-h2o","status":"publish","type":"product","link":"https:\/\/demo.bmconnect.vn\/daytrangdiem\/san-pham\/nuoc-tay-trang-cho-da-dau-bioderma-sebium-h2o\/","title":{"rendered":"N\u01b0\u1edbc t\u1ea9y trang cho da d\u1ea7u Bioderma S\u00e9bium H2O"},"content":{"rendered":"<div id=\"ProductDescription\" class=\"Block Moveable Panel ProductDescription\">\n<div class=\"ProductDescriptionContainer\">\n<p>D\u1ea7u th\u1eeba v\u00e0 b\u00e3 nh\u1eddn tr\u00ean da lu\u00f4n l\u00e0 m\u1ed9t v\u1ea5n \u0111\u1ec1 khi\u1ebfn c\u00e1c c\u00f4 n\u00e0ng s\u1edf h\u1eefu l\u00e0n da thi\u00ean d\u1ea7u \u0111au \u0111\u1ea7u. S\u1ea3n ph\u1ea9m n\u01b0\u1edbc t\u1ea9y trang S\u00e9bium H2O\u00a0c\u1ee7a BIODERMA, gi\u00fap vi\u1ec7c t\u1ea9y trang tr\u1edf n\u00ean ti\u1ec7n l\u1ee3i v\u00e0 \u0111\u01a1n gi\u1ea3n, \u0111\u1ed3ng th\u1eddi c\u00f2n gi\u00fap h\u1ea1n ch\u1ebf l\u01b0\u1ee3ng d\u1ea7u th\u1eeba tr\u00ean da, \u0111em \u0111\u1ebfn c\u1ea3m gi\u00e1c t\u01b0\u01a1i m\u00e1t cho l\u00e0n da sau khi s\u1eed d\u1ee5ng. V\u1edbi c\u00e1c th\u00e0nh ph\u1ea7n l\u00e0nh t\u00ednh, kh\u00f4ng g\u00e2y m\u1ee5n, S\u00e9bium H20 ph\u00f9 h\u1ee3p cho c\u00e1c l\u00e0n da h\u1ed7n h\u1ee3p thi\u00ean d\u1ea7u v\u00e0 da d\u1ec5 n\u1ed5i m\u1ee5n.<\/p>\n<p><strong>T\u1ea9y trang Bioderma S\u00e9bium H20\u00a0<\/strong>\u2013 n\u01b0\u1edbc t\u1ea9y trang s\u1ed1 1 th\u1ebf gi\u1edbi! Em \u00fd n\u1eb1m trong list must- have c\u1ee7a c\u00e1c t\u1ea1p ch\u00ed, c\u00e1c chuy\u00ean gia trang \u0111i\u1ec3m n\u1ed5i ti\u1ebfng, b\u1edfi v\u00ec hi\u1ec7u qu\u1ea3 m\u00e0 n\u01b0\u1edbc t\u1ea9y trang n\u00e0y mang \u0111\u1ebfn th\u1eadt k\u00ec di\u1ec7u, t\u1ea9y c\u1ef1c nhanh, c\u1ef1c s\u1ea1ch, c\u1ea3m gi\u00e1c r\u1ea5t d\u1ecbu nh\u1eb9, kh\u00f4ng h\u1ec1 g\u00e2y k\u00edch \u1ee9ng, an to\u00e0n v\u1edbi m\u1ecdi lo\u1ea1i da .<\/p>\n<\/div>\n<\/div>\n<div id=\"ProductDescription\" class=\"Block Moveable Panel ProductDescription\">\n<div class=\"ProductDescriptionContainer\">\n<ul>\n<li class=\"bullet-star\">Th\u01b0\u01a1ng hi\u1ec7u: BIODERMA PHA\u0301P<\/li>\n<li class=\"bullet-star\">Dung ti\u0301ch: 100ml<\/li>\n<li class=\"bullet-star\">Ti\u1ebft ki\u1ec7m h\u01a1n v\u1edbi chai 500ml \u2013 450.000 ngh\u00ecn<\/li>\n<\/ul>\n<div id=\"ProductDescription\" class=\"Block Moveable Panel ProductDescription\">\n<div class=\"ProductDescriptionContainer\">\n<p>N\u1ebfu da b\u1ea1n thu\u1ed9c nh\u00f3m da h\u1ed7n h\u1ee3p &amp; da d\u1ea7u th\u00ec c\u00e1c b\u1ea1n n\u00ean ch\u1ecdn d\u00f2ng S\u00e9bium H2O. Gi\u00fap c\u00e1c b\u1ea1n k\u1ec1m ch\u1ebf l\u01b0\u1ee3ng d\u1ea7u tr\u00ean da nh\u01b0ng v\u1eabn c\u00f3 t\u00e1c d\u1ee5ng l\u00e0m l\u00e0nh nh\u1eefng v\u1ebft n\u1ee9t n\u1ebb (\u0111\u1eb7c bi\u1ec7t khi th\u1eddi ti\u1ebft hanh kh\u00f4).\u00a0T\u1ea9y trang Biodema \u2013 s\u1ea3n ph\u1ea9m t\u1ea9y trang s\u1ed1 1 th\u1ebf gi\u1edbi. H\u1ea7u nh\u01b0 chuy\u00ean gia trang \u0111i\u1ec3m n\u00e0o c\u0169ng s\u1eed d\u1ee5ng<\/p>\n<\/div>\n<\/div>\n<\/div>\n<\/div>\n","protected":false},"excerpt":{"rendered":"<p>N\u1ebfu da b\u1ea1n thu\u1ed9c nh\u00f3m da h\u1ed7n h\u1ee3p &amp; da d\u1ea7u th\u00ec c\u00e1c b\u1ea1n n\u00ean ch\u1ecdn d\u00f2ng S\u00e9bium H2O. Gi\u00fap c\u00e1c b\u1ea1n k\u1ec1m ch\u1ebf l\u01b0\u1ee3ng d\u1ea7u tr\u00ean da nh\u01b0ng v\u1eabn c\u00f3 t\u00e1c d\u1ee5ng l\u00e0m l\u00e0nh nh\u1eefng v\u1ebft n\u1ee9t n\u1ebb (\u0111\u1eb7c bi\u1ec7t khi th\u1eddi ti\u1ebft hanh kh\u00f4).\u00a0T\u1ea9y trang Biodema \u2013 s\u1ea3n ph\u1ea9m t\u1ea9y trang s\u1ed1 1 th\u1ebf gi\u1edbi. H\u1ea7u nh\u01b0 chuy\u00ean gia trang \u0111i\u1ec3m n\u00e0o c\u0169ng s\u1eed d\u1ee5ng<\/p>\n","protected":false},"featured_media":237,"comment_status":"open","ping_status":"closed","template":"","meta":[],"product_cat":[18,19],"product_tag":[],"_links":{"self":[{"href":"https:\/\/demo.bmconnect.vn\/daytrangdiem\/wp-json\/wp\/v2\/product\/236"}],"collection":[{"href":"https:\/\/demo.bmconnect.vn\/daytrangdiem\/wp-json\/wp\/v2\/product"}],"about":[{"href":"https:\/\/demo.bmconnect.vn\/daytrangdiem\/wp-json\/wp\/v2\/types\/product"}],"replies":[{"embeddable":true,"href":"https:\/\/demo.bmconnect.vn\/daytrangdiem\/wp-json\/wp\/v2\/comments?post=236"}],"wp:featuredmedia":[{"embeddable":true,"href":"https:\/\/demo.bmconnect.vn\/daytrangdiem\/wp-json\/wp\/v2\/media\/237"}],"wp:attachment":[{"href":"https:\/\/demo.bmconnect.vn\/daytrangdiem\/wp-json\/wp\/v2\/media?parent=236"}],"wp:term":[{"taxonomy":"product_cat","embeddable":true,"href":"https:\/\/demo.bmconnect.vn\/daytrangdiem\/wp-json\/wp\/v2\/product_cat?post=236"},{"taxonomy":"product_tag","embeddable":true,"href":"https:\/\/demo.bmconnect.vn\/daytrangdiem\/wp-json\/wp\/v2\/product_tag?post=236"}],"curies":[{"name":"wp","href":"https:\/\/api.w.org\/{rel}","templated":true}]}}