{"id":228,"date":"2019-04-22T07:42:51","date_gmt":"2019-04-22T07:42:51","guid":{"rendered":"http:\/\/demo.bmconnect.vn\/daytrangdiem\/?post_type=product&#038;p=228"},"modified":"2019-04-22T07:42:51","modified_gmt":"2019-04-22T07:42:51","slug":"bo-duong-thao-moc-daandan-bit-premium-hanbang","status":"publish","type":"product","link":"https:\/\/demo.bmconnect.vn\/daytrangdiem\/san-pham\/bo-duong-thao-moc-daandan-bit-premium-hanbang\/","title":{"rendered":"B\u1ed9 d\u01b0\u1ee1ng th\u1ea3o m\u1ed9c Daandan Bit Premium Hanbang"},"content":{"rendered":"<div id=\"ProductDescription\" class=\"Block Moveable Panel ProductDescription\">\n<div class=\"ProductDescriptionContainer\">\n<h2>Oriental medicine gloss fluid \/ N\u01b0\u1edbc c\u00e2n b\u1eb1ng 150ml<\/h2>\n<p>V\u1edbi c\u00f4ng th\u1ee9c t\u1ea1o th\u00e0nh t\u1eeb c\u00e1c lo\u1ea1i th\u1ea3o d\u01b0\u1ee3c y h\u1ecdc ph\u01b0\u01a1ng \u0111\u00f4ng ph\u1ee9c t\u1ea1p, Danggwiseungkisan cung c\u1ea5p \u0111\u1ed9 c\u1ea9m cao cho da kh\u00f4 h\u01b0 t\u1ed5n sau khi r\u1eeda m\u1eb7t, nu\u00f4i d\u01b0\u1ee1ng duy tr\u00ec \u0111\u1ed9 \u1ea9m lo\u1ea1i b\u1ecf da ch\u1ebft gi\u00fap da tr\u1edf n\u00ean m\u1ec1m m\u1ea1i \u0111\u1ed9 \u1ea9m c\u00e2n b\u1eb1ng.<\/p>\n<p>H\u01b0\u1edbng d\u1eabn s\u1eed d\u1ee5ng: Sau khi r\u1eeda m\u1eb7t v\u00e0o bu\u1ed5i s\u00e1ng v\u00e0 ban \u0111\u00eam b\u1eb1ng n\u01b0\u1edbc s\u1ea1ch d\u00f9ng m\u1ed9t l\u01b0\u1ee3ng v\u1eeba \u0111\u1ee7 xoa \u0111\u1ec1u l\u00ean m\u1eb7t m\u00e1t xa nh\u1eb9 nh\u00e0ng \u0111\u1ec3 cho dung d\u1ecbch h\u1ea5p th\u1ee5 s\u00e2u v\u00e0o da<\/p>\n<h2>Oriental medicine gloss moisturizer \/ S\u1eefa d\u01b0\u1ee1ng \u00a0da 150 ml<\/h2>\n<p>M\u1ed9t s\u1ef1 ph\u1ed1i tr\u1ed9n tuy\u1ec7t v\u1eddi t\u1eeb th\u1ea3o m\u1ed9c \u0111\u01b0\u1ee3c l\u1ef1a ch\u1ecdn c\u1ea9n th\u1eadn ph\u1ed1i tr\u1ed9n v\u1edbi c\u00f4ng th\u1ee9c ph\u1ee9c t\u1ea1p nh\u1eb9 nh\u00e0ng th\u1ea5m s\u00e2u v\u00e0o da kh\u00f4ng g\u00e2y b\u1ea5t k\u1ef3 s\u1ef1 kh\u00f3 ch\u1ecbu n\u00e0o gi\u00fap l\u00e0n da m\u1ecbn m\u00e0ng m\u1ec1m m\u1ea1i kh\u00f4ng c\u00f2n kh\u00f4 r\u00e1p kh\u00f3 ch\u1ecbu. Chi\u1ebft xu\u1ea5t t\u1eeb hoa sen th\u00fac \u0111\u1ea9y qu\u00e1 tr\u00ecnh c\u00e2n b\u1eb1ng da l\u00e0m da s\u00e1ng b\u00f3ng h\u01a1n.<\/p>\n<\/div>\n<\/div>\n<div id=\"ProductDescription\" class=\"Block Moveable Panel ProductDescription\">\n<div class=\"ProductDescriptionContainer\">\n<h2>Oriental medicine gloss BB cream (sun block cream)\/ S\u1ea3n ph\u1ea9m kem n\u1ec1n collagen 50ml<\/h2>\n<p>S\u1ea3n ph\u1ea9m ch\u0103m s\u00f3c da n\u00e0y th\u01b0\u1eddng dung thay kem n\u1ec1n c\u00f3 t\u00e1c d\u1ee5ng d\u01b0\u1ee1ng da l\u00e0m s\u00e1ng da che c\u00e1c khuy\u1ebft \u0111i\u1ec3m m\u00e0u da kh\u00f4ng \u0111\u1ed3ng \u0111\u1ec1u tr\u00ean da nh\u01b0 v\u1ebft th\u00e2m n\u00e1m. Th\u00e0nh ph\u1ea7n collagen gi\u00fap da s\u00e1ng b\u00f3ng \u0111\u00e0n h\u1ed3i gi\u00e0u s\u1ee9c s\u1ed1ng<\/p>\n<p>H\u01b0\u1edbng d\u1eabn s\u1eed d\u1ee5ng: M\u1ed9t trong nh\u1eefng b\u01b0\u1edbc cu\u1ed1i c\u00f9ng c\u1ee7a qu\u00e1 tr\u00ecnh ch\u0103m s\u00f3c da, s\u1eed d\u1ee5ng l\u01b0\u1ee3ng v\u1eeba \u0111\u1ee7 xoa \u0111\u1ec1u l\u00ean da m\u1eb7t d\u00f9ng thay kem n\u1ec1n.<\/p>\n<\/div>\n<\/div>\n","protected":false},"excerpt":{"rendered":"<p>V\u1edbi c\u00f4ng th\u1ee9c t\u1ea1o th\u00e0nh t\u1eeb c\u00e1c lo\u1ea1i th\u1ea3o d\u01b0\u1ee3c y h\u1ecdc ph\u01b0\u01a1ng \u0111\u00f4ng ph\u1ee9c t\u1ea1p, Danggwiseungkisan cung c\u1ea5p \u0111\u1ed9 c\u1ea9m cao cho da kh\u00f4 h\u01b0 t\u1ed5n sau khi r\u1eeda m\u1eb7t, nu\u00f4i d\u01b0\u1ee1ng duy tr\u00ec \u0111\u1ed9 \u1ea9m lo\u1ea1i b\u1ecf da ch\u1ebft gi\u00fap da tr\u1edf n\u00ean m\u1ec1m m\u1ea1i \u0111\u1ed9 \u1ea9m c\u00e2n b\u1eb1ng.<\/p>\n","protected":false},"featured_media":229,"comment_status":"open","ping_status":"closed","template":"","meta":[],"product_cat":[18,19],"product_tag":[],"_links":{"self":[{"href":"https:\/\/demo.bmconnect.vn\/daytrangdiem\/wp-json\/wp\/v2\/product\/228"}],"collection":[{"href":"https:\/\/demo.bmconnect.vn\/daytrangdiem\/wp-json\/wp\/v2\/product"}],"about":[{"href":"https:\/\/demo.bmconnect.vn\/daytrangdiem\/wp-json\/wp\/v2\/types\/product"}],"replies":[{"embeddable":true,"href":"https:\/\/demo.bmconnect.vn\/daytrangdiem\/wp-json\/wp\/v2\/comments?post=228"}],"wp:featuredmedia":[{"embeddable":true,"href":"https:\/\/demo.bmconnect.vn\/daytrangdiem\/wp-json\/wp\/v2\/media\/229"}],"wp:attachment":[{"href":"https:\/\/demo.bmconnect.vn\/daytrangdiem\/wp-json\/wp\/v2\/media?parent=228"}],"wp:term":[{"taxonomy":"product_cat","embeddable":true,"href":"https:\/\/demo.bmconnect.vn\/daytrangdiem\/wp-json\/wp\/v2\/product_cat?post=228"},{"taxonomy":"product_tag","embeddable":true,"href":"https:\/\/demo.bmconnect.vn\/daytrangdiem\/wp-json\/wp\/v2\/product_tag?post=228"}],"curies":[{"name":"wp","href":"https:\/\/api.w.org\/{rel}","templated":true}]}}