{"id":43,"date":"2019-04-22T05:36:28","date_gmt":"2019-04-22T05:36:28","guid":{"rendered":"http:\/\/demo.bmconnect.vn\/daytrangdiem\/?page_id=43"},"modified":"2019-04-22T09:58:58","modified_gmt":"2019-04-22T09:58:58","slug":"lop-trang-diem-chuyen-nghiep","status":"publish","type":"page","link":"https:\/\/demo.bmconnect.vn\/daytrangdiem\/lop-trang-diem-chuyen-nghiep\/","title":{"rendered":"L\u1edbp trang \u0111i\u1ec3m chuy\u00ean nghi\u1ec7p"},"content":{"rendered":"<h2>Gi\u1edbi thi\u1ec7u<\/h2>\n<p>\u0110\u1ea1i h\u1ecdc kh\u00f4ng ph\u1ea3i l\u00e0 con \u0111\u01b0\u1eddng duy nh\u1ea5t d\u1eabn \u0111\u1ebfn th\u00e0nh c\u00f4ng, \u0111\u00f4i khi n\u00f3 l\u1ea1i l\u00e0 r\u00e0o c\u1ea3n ph\u00e1t tri\u1ec3n s\u1ef1 nghi\u1ec7p c\u1ee7a b\u1ea1n.<\/p>\n<p>M\u1ed7i n\u0103m c\u00f3 h\u00e0ng tr\u0103m ng\u00e0n k\u1ef9 s\u01b0, c\u1eed nh\u00e2n, th\u1ea1c s\u0129 ra tr\u01b0\u1eddng v\u00e0\u2026th\u1ea5t nghi\u1ec7p.<\/p>\n<p>Kh\u00f4ng \u0111\u00e2u xa, tr\u01b0\u1eddng h\u1ee3p c\u1ee7a V\u00e2n l\u00e0 1 v\u00ed d\u1ee5, 4-5 n\u0103m \u0111\u1ea1i h\u1ecdc \u0111\u1ec3 r\u1ed3i b\u00e2y gi\u1edd c\u00e1i b\u1eb1ng kh\u00f4ng bi\u1ebft n\u00f3 \u0111ang \u1edf \u0111\u00e2u. V\u00e2n y\u00eau th\u00edch makeup, V\u00e2n s\u1ed1ng v\u00e0 l\u00e0m vi\u1ec7c li\u00ean quan \u0111\u1ebfn makeup, \u0111\u00f3 l\u00e0 ni\u1ec1m vui h\u1ea1nh ph\u00fac c\u1ee7a V\u00e2n v\u00e0 V\u00e2n c\u1ea3m th\u1ea5y ti\u1ebfc v\u00ec \u0111\u00e3 l\u00e3ng ph\u00ed th\u1eddi gian 4-5 n\u0103m \u0111\u1ea1i h\u1ecdc.<\/p>\n<p>C\u00e1c b\u1ea1n tr\u1ebb h\u00e3y s\u1ed1ng v\u00e0 l\u00e0m vi\u1ec7c theo ni\u1ec1m \u0111am m\u00ea y\u00eau th\u00edch c\u1ee7a m\u00ecnh!<\/p>\n<p>B\u1ea1n n\u00e0o y\u00eau th\u00edch trang \u0111i\u1ec3m l\u00e0m \u0111\u1eb9p th\u00ec h\u00e3y m\u1ea1nh d\u1ea1ng \u0111\u0103ng k\u00fd l\u1edbp h\u1ecdc trang \u0111i\u1ec3m chuy\u00ean nghi\u1ec7p c\u1ee7a V\u00e2n, V\u00e2n mang \u0111\u1ebfn cho b\u1ea1n c\u01a1 h\u1ed9i ngh\u1ec1 nghi\u1ec7p v\u00e0 kh\u1ea3 n\u0103ng th\u00e0nh c\u00f4ng s\u01a1m nh\u1ea5t.<\/p>\n<p><img loading=\"lazy\" class=\"aligncenter size-full wp-image-7619     lazyloaded\" src=\"https:\/\/vanmiubeauty.com\/wp-content\/uploads\/2017\/08\/DSC00370.png\" sizes=\"(max-width: 600px) 100vw, 600px\" srcset=\"https:\/\/vanmiubeauty.com\/wp-content\/uploads\/2017\/08\/DSC00370.png 600w, https:\/\/vanmiubeauty.com\/wp-content\/uploads\/2017\/08\/DSC00370-510x340.png 510w, https:\/\/vanmiubeauty.com\/wp-content\/uploads\/2017\/08\/DSC00370-300x200.png 300w\" alt=\"lop trang diem chuyen nghiep\" width=\"600\" height=\"400\" data-lazy-src=\"https:\/\/vanmiubeauty.com\/wp-content\/uploads\/2017\/08\/DSC00370.png\" data-lazy-srcset=\"https:\/\/vanmiubeauty.com\/wp-content\/uploads\/2017\/08\/DSC00370.png 600w, https:\/\/vanmiubeauty.com\/wp-content\/uploads\/2017\/08\/DSC00370-510x340.png 510w, https:\/\/vanmiubeauty.com\/wp-content\/uploads\/2017\/08\/DSC00370-300x200.png 300w\" data-lazy-sizes=\"(max-width: 600px) 100vw, 600px\" \/><\/p>\n<h2>Quy\u1ec1n l\u1ee3i<\/h2>\n<p>\u2013 L\u1edbp h\u1ecdc do V\u00e2n tr\u1ef1c ti\u1ebfp \u0111\u1ee9ng l\u1edbp h\u01b0\u1edbng d\u1eabn.<\/p>\n<p>\u2013 M\u1ed7i l\u1edbp ch\u1ec9 5 h\u1ecdc vi\u00ean, \u0111\u1ea3m b\u1ea3o ch\u1ea5t l\u01b0\u1ee3ng l\u1edbp h\u1ecdc cao nh\u1ea5t.<\/p>\n<p>\u2013 L\u1edbp h\u1ecdc \u0111\u01b0\u1ee3c trang b\u1ecb s\u1eb5n m\u1ef9 ph\u1ea9m, c\u00e1c n\u00e0ng ch\u1ec9 c\u1ea7n \u0111\u1ebfn v\u00e0 h\u1ecdc th\u00f4i.<\/p>\n<p>\u2013 Ho\u00e0n th\u00e0nh kh\u00f3a h\u1ecdc c\u00e1c n\u00e0ng c\u00f3 th\u1ec3 trang \u0111i\u1ec3m cho m\u00ecnh v\u00e0 kh\u00e1ch h\u00e0ng: trang \u0111i\u1ec3m \u0111i ti\u1ec7c, trang \u0111i\u1ec3m l\u00e0m t\u00f3c c\u00f4 d\u00e2u\u2026<\/p>\n<p>\u2013 C\u00e1c n\u00e0ng lu\u00f4n \u0111\u01b0\u1ee3c h\u1ed7 tr\u1ee3 t\u1ed1t nh\u1ea5t th\u00f4ng qua group:\u00a0<a href=\"https:\/\/www.facebook.com\/groups\/hocvienmakeup\/\">https:\/\/www.facebook.com\/groups\/hocvienmakeup\/<\/a>.<\/p>\n<p>\u2013 \u0110\u01b0\u1ee3c Team V\u00e2n h\u01b0\u1edbng d\u1eabn, h\u1ed9 tr\u1ee3 marketing, sau khi t\u1ed1t nghi\u1ec7p c\u00f3 kh\u00e1ch h\u00e0ng \u0111\u1ec1u \u0111\u1eb7n, ho\u1eb7c n\u1ebfu c\u00f3 kh\u1ea3 n\u0103ng h\u01a1n b\u1ea1n c\u00f3 th\u1ec3 tr\u1edf th\u00e0nh beauty blogger.<\/p>\n<h2>\u0110\u1eb7c bi\u1ec7t<\/h2>\n<p>\u2013 \u0110\u00e2y kh\u00f4ng ch\u1ec9 \u0111\u01a1n thu\u1ea7n l\u00e0 l\u1edbp h\u1ecdc trang \u0111i\u1ec3m chuy\u00ean nghi\u1ec7p m\u00e0 \u0111\u00e2y l\u00e0 l\u1edbp h\u1ecdc trang \u0111i\u1ec3m chuy\u00ean nghi\u1ec7p k\u1ebft h\u1ee3p v\u1edbi marketing.<\/p>\n<p>\u2013 D\u1ef1a v\u00e0o m\u1ee5c ti\u00eau c\u1ee7a b\u1ea1n m\u00e0 V\u00e2n s\u1ebd t\u01b0 v\u1ea5n \u0111\u1ecbnh h\u01b0\u1edbng cho ph\u00f9 h\u1ee3p, sau khi ho\u00e0n th\u00e0nh kh\u00f3a h\u1ecdc b\u1ea1n c\u00f3 th\u1ec3 \u0111i l\u00e0m t\u1ea1i c\u00e1c studio, b\u1ea1n t\u1ef1 l\u00e0m ch\u1ee7 ti\u1ec7m c\u1ee7a m\u00ecnh, b\u1ea1n l\u00e0m beauty blogger\u2026<\/p>\n<p>\u2013 B\u1ea1n s\u1ebd \u0111\u01b0\u1ee3c \u201cl\u00ean s\u00f3ng\u201d c\u00f9ng v\u1edbi V\u00e2n tr\u00ean k\u00eanh youtube v\u00e0 facebook c\u1ee7a V\u00e2n, qua \u0111\u00f3 V\u00e2n s\u1ebd gi\u1edbi thi\u1ec7u m\u1ecdi ng\u01b0\u1eddi bi\u1ebft \u0111\u1ebfn facebook v\u00e0 youtube c\u1ee7a c\u00e1c b\u1ea1n.<\/p>\n<p>\u2013 Team V\u00e2n s\u1ebd h\u01b0\u1edbng d\u1eabn c\u00e1c b\u1ea1n c\u00e1c ph\u00e1t tri\u1ec3n c\u00e1c MXH \u0111\u1ec3 nhi\u1ec1u ng\u01b0\u1eddi bi\u1ebft \u0111\u1ebfn, k\u1ebft th\u00fac kh\u00f3a h\u1ecdc v\u00e0 c\u00f3 th\u1ec3 l\u00e0m vi\u1ec7c ngay.<\/p>\n<h2>N\u1ed9i dung<\/h2>\n<p>\u2013 4 bu\u1ed5i \u0111\u1ea7u h\u1ecdc trang \u0111i\u1ec3m c\u00e1 nh\u00e2n.<\/p>\n<p>\u2013 20 bu\u1ed5i th\u1ef1c h\u00e0nh tr\u00ean m\u1eabu t\u1eeb c\u00e1c phong c\u00e1ch H\u00e0n Qu\u1ed1c, Th\u00e1i Lan \u0111\u1ebfn \u00c2u M\u1ef9.<\/p>\n<p>\u2013 4 bu\u1ed5i h\u1ecdc l\u00e0m t\u00f3c c\u00f4 d\u00e2u.<\/p>\n<p>\u2013 3-5 bu\u1ed5i l\u00ean video c\u00f9ng V\u00e2n.<\/p>\n<p>\u2013 T\u1ed5ng k\u1ebft.<\/p>\n<h2>Y\u00eau c\u1ea7u<\/h2>\n<p>\u2013 C\u00f3 \u0111am m\u00ea y\u00eau th\u00edch v\u1ec1 trang \u0111i\u1ec3m v\u00e0 l\u00e0m \u0111\u1eb9p.<\/p>\n<p>\u2013 M\u1ed7i h\u1ecdc vi\u00ean ph\u1ea3i c\u00f3 1 b\u1ed9 c\u1ecd ri\u00eang \u0111\u1ec3 gi\u1eef v\u1ec7 sinh c\u00e1 nh\u00e2n (n\u1ebfu ch\u01b0a c\u00f3 th\u00ec c\u00f3 th\u1ec3 mua t\u1ea1i l\u1edbp).<\/p>\n<p>\u2013 Ph\u1ea3i th\u1ef1c h\u00e0nh b\u00e0i t\u1eadp v\u1ec1 nh\u00e0 \u0111\u1ea7y \u0111\u1ee7.<\/p>\n<div class=\"container section-title-container\">\n<h2 class=\"section-title section-title-normal\"><span class=\"section-title-main\">Th\u1eddi gian<\/span><\/h2>\n<\/div>\n<p>Khai gi\u1ea3ng l\u1edbp T9: Th\u1ee9 2, ng\u00e0y 04\/9\/2017<\/p>\n<p>L\u1edbp trang \u0111i\u1ec3m chuy\u00ean nghi\u1ec7p k\u00e9o d\u00e0i trong 2 th\u00e1ng:<\/p>\n<ul>\n<li>L\u1edbp: s\u00e1ng 2-4-6, th\u1eddi gian: 10-12h.<\/li>\n<li>L\u1edbp: s\u00e1ng 3-5-7, th\u1eddi gian: 10-12h.<\/li>\n<\/ul>\n<div class=\"container section-title-container\">\n<h2 class=\"section-title section-title-normal\"><span class=\"section-title-main\">H\u1ecdc ph\u00ed<\/span><\/h2>\n<\/div>\n<p>\u2013 H\u1ecdc ph\u00ed l\u1edbp chuy\u00ean nghi\u1ec7p: 20 tri\u1ec7u\/kh\u00f3a\/h\u1ecdc vi\u00ean<\/p>\n<p>\u2013 H\u1ecdc ph\u00ed \u0111\u00f3ng 2 l\u1ea7n:<\/p>\n<p>+ L\u1ea7n 1: 2 tri\u1ec7u, chuy\u1ec3n kho\u1ea3n ngay sau khi \u0111\u0103ng k\u00fd \u0111\u1ec3 \u0111\u1ec3 \u0111\u01b0\u1ee3c s\u1eafp l\u1edbp.<\/p>\n<p>+ L\u1ea7n 2: 18 tri\u1ec7u, chuy\u1ec3n kho\u1ea3n ho\u1eb7c \u0111\u00f3ng tr\u1ef1c ti\u1ebfp sau bu\u1ed5i h\u1ecdc th\u1ee9 3.<\/p>\n<div class=\"container section-title-container\">\n<h2 class=\"section-title section-title-normal\"><span class=\"section-title-main\">Th\u00f4ng tin chuy\u1ec3n kho\u1ea3n<\/span><\/h2>\n<\/div>\n<p>Ch\u1ee7 t\u00e0i kho\u1ea3n: Dao Cam Van<\/p>\n<p>STK: 0381000460584<\/p>\n<p>Ng\u00e2n h\u00e0ng Vietcombank \u2013 Chi nh\u00e1nh Th\u1ee7 \u0110\u1ee9c<\/p>\n<p>Ch\u00fa \u00fd: ph\u1ea7n n\u1ed9i dung chuy\u1ec3n kho\u1ea3n c\u00e1c b\u1ea1n ph\u1ea3i ghi nh\u01b0 th\u00f4ng tin b\u00ean d\u01b0\u1edbi th\u00ec V\u00e2n m\u1edbi bi\u1ebft c\u1ee7a b\u1ea1n n\u00e0o \u0111\u1ec3 s\u1eafp l\u1edbp nh\u00e9.<\/p>\n<p>N\u1ed9i dung chuy\u1ec3n kho\u1ea3n ghi: lop chuyen nghiep \u2013 T\u00ean \u2013 S\u0110T<\/p>\n","protected":false},"excerpt":{"rendered":"<p>Gi\u1edbi thi\u1ec7u \u0110\u1ea1i h\u1ecdc kh\u00f4ng ph\u1ea3i l\u00e0 con \u0111\u01b0\u1eddng duy nh\u1ea5t d\u1eabn \u0111\u1ebfn th\u00e0nh c\u00f4ng, \u0111\u00f4i khi n\u00f3 l\u1ea1i l\u00e0 r\u00e0o c\u1ea3n ph\u00e1t tri\u1ec3n s\u1ef1 nghi\u1ec7p c\u1ee7a b\u1ea1n. M\u1ed7i n\u0103m c\u00f3 h\u00e0ng tr\u0103m ng\u00e0n k\u1ef9 s\u01b0, c\u1eed nh\u00e2n, th\u1ea1c s\u0129 ra tr\u01b0\u1eddng v\u00e0\u2026th\u1ea5t nghi\u1ec7p. Kh\u00f4ng \u0111\u00e2u xa, tr\u01b0\u1eddng h\u1ee3p c\u1ee7a V\u00e2n l\u00e0 1 v\u00ed d\u1ee5, &#8230;<\/p>\n","protected":false},"author":1,"featured_media":0,"parent":0,"menu_order":0,"comment_status":"closed","ping_status":"closed","template":"page-right-sidebar.php","meta":[],"_links":{"self":[{"href":"https:\/\/demo.bmconnect.vn\/daytrangdiem\/wp-json\/wp\/v2\/pages\/43"}],"collection":[{"href":"https:\/\/demo.bmconnect.vn\/daytrangdiem\/wp-json\/wp\/v2\/pages"}],"about":[{"href":"https:\/\/demo.bmconnect.vn\/daytrangdiem\/wp-json\/wp\/v2\/types\/page"}],"author":[{"embeddable":true,"href":"https:\/\/demo.bmconnect.vn\/daytrangdiem\/wp-json\/wp\/v2\/users\/1"}],"replies":[{"embeddable":true,"href":"https:\/\/demo.bmconnect.vn\/daytrangdiem\/wp-json\/wp\/v2\/comments?post=43"}],"version-history":[{"count":3,"href":"https:\/\/demo.bmconnect.vn\/daytrangdiem\/wp-json\/wp\/v2\/pages\/43\/revisions"}],"predecessor-version":[{"id":464,"href":"https:\/\/demo.bmconnect.vn\/daytrangdiem\/wp-json\/wp\/v2\/pages\/43\/revisions\/464"}],"wp:attachment":[{"href":"https:\/\/demo.bmconnect.vn\/daytrangdiem\/wp-json\/wp\/v2\/media?parent=43"}],"curies":[{"name":"wp","href":"https:\/\/api.w.org\/{rel}","templated":true}]}}