{"id":31,"date":"2019-04-22T05:34:04","date_gmt":"2019-04-22T05:34:04","guid":{"rendered":"http:\/\/demo.bmconnect.vn\/daytrangdiem\/?page_id=31"},"modified":"2019-04-22T09:38:34","modified_gmt":"2019-04-22T09:38:34","slug":"huong-dan-thanh-toan","status":"publish","type":"page","link":"https:\/\/demo.bmconnect.vn\/daytrangdiem\/huong-dan-thanh-toan\/","title":{"rendered":"H\u01b0\u1edbng d\u1eabn thanh to\u00e1n"},"content":{"rendered":"<p><strong>1. Ph\u01b0\u01a1ng th\u1ee9c giao h\u00e0ng \u2013 Tr\u1ea3 ti\u1ec1n m\u1eb7t<\/strong><\/p>\n<p>Ph\u01b0\u01a1ng th\u1ee9c giao h\u00e0ng \u2013 Tr\u1ea3 ti\u1ec1n m\u1eb7t \u00e1p d\u1ee5ng \u0111\u1ed1i v\u1edbi m\u1ecdi kh\u00e1ch h\u00e0ng th\u00f4ng qua c\u00e1c \u0111\u1ed1i t\u00e1c v\u1eadn chuy\u1ec3n<\/p>\n<p>Kh\u00e1ch h\u00e0ng c\u00f3 th\u1ec3 \u0111\u1eb7t h\u00e0ng qua website ho\u1eb7c qua \u0111i\u1ec7n tho\u1ea1i 0911.768.365 .Nh\u00e2n vi\u00ean c\u1ee7a ch\u00fang t\u00f4i s\u1ebd g\u1ecdi \u0111i\u1ec7n x\u00e1c nh\u1eadn v\u1edbi kh\u00e1ch h\u00e0ng v\u1ec1 s\u1ea3n ph\u1ea9m v\u00e0 ph\u01b0\u01a1ng th\u1ee9c v\u1eadn chuy\u1ec3n<\/p>\n<p>Qu\u00fd kh\u00e1ch c\u00f3 tr\u00e1ch nhi\u1ec7m thanh to\u00e1n \u0111\u1ea7y \u0111\u1ee7 to\u00e0n b\u1ed9 gi\u00e1 tr\u1ecb \u0111\u01a1n h\u00e0ng cho nh\u00e2n vi\u00ean giao nh\u1eadn ngay sau khi ho\u00e0n t\u1ea5t ki\u1ec3m tra h\u00e0ng h\u00f3a v\u00e0 nh\u1eadn phi\u1ebfu giao h\u00e0ng<\/p>\n<p><strong>2. Ph\u01b0\u01a1ng th\u1ee9c thanh to\u00e1n tr\u01b0\u1edbc<\/strong><\/p>\n<p>Chuy\u1ec3n ti\u1ec1n, chuy\u1ec3n kho\u1ea3n, thanh to\u00e1n tr\u1ef1c ti\u1ebfp b\u1eb1ng ti\u1ec1n m\u1eb7t ho\u1eb7c qua th\u1ebb t\u1ea1i c\u00e1c h\u1ec7 th\u1ed1ng ng\u00e2n h\u00e0ng.<\/p>\n<p>C\u00e1c b\u01b0\u1edbc chuy\u1ec3n ti\u1ec1n\/chuy\u1ec3n kho\u1ea3n<\/p>\n<p>(1). Chuy\u1ec3n ti\u1ec1n theo th\u00f4ng tin t\u00e0i kho\u1ea3n:<\/p>\n<p>S\u1ed1 t\u00e0i kho\u1ea3n: 0381000460584<\/p>\n<p>T\u00ean ch\u1ee7 t\u00e0i kho\u1ea3n: Dao Cam Van<\/p>\n<p>Ng\u00e2n h\u00e0ng: Vietcombank Th\u1ee7 \u0110\u1ee9c (Kh\u00e1c ng\u00e2n h\u00e0ng th\u00ec c\u00f3 th\u1ec3 l\u00e0 Chi nh\u00e1nh H\u1ed3 Ch\u00ed Minh)<\/p>\n<p>(2). Kh\u00e1ch h\u00e0ng th\u00f4ng b\u00e1o cho Vanmiu Beauty (\u0110i\u1ec7n tho\u1ea1i, Email, SMS, \u2026) khi qu\u00fd kh\u00e1ch \u0111\u00e3 th\u1ef1c hi\u1ec7n chuy\u1ec3n ti\u1ec1n\/chuy\u1ec3n kho\u1ea3n. Ho\u1eb7c li\u00ean h\u1ec7 tr\u1ef1c ti\u1ebfp v\u1edbi b\u1ed9 ph\u1eadn b\u00e1n h\u00e0ng tr\u1ef1c tuy\u1ebfn 0911.768.365\u00a0 (9h00 \u0111\u1ebfn 22h00 t\u1ea5t c\u1ea3 c\u00e1c ng\u00e0y trong tu\u1ea7n)<\/p>\n<p>(3). Ngay sau khi nh\u1eadn \u0111\u01b0\u1ee3c th\u00f4ng b\u00e1o x\u00e1c nh\u1eadn t\u1eeb ph\u00eda ng\u00e2n h\u00e0ng, Vanmiu Beauty s\u1ebd th\u00f4ng b\u00e1o l\u1ea1i cho kh\u00e1ch h\u00e0ng \u0111\u1ed3ng th\u1eddi ti\u1ebfn h\u00e0nh giao h\u00e0ng cho qu\u00fd kh\u00e1ch.<\/p>\n<p>Vanmiu Beauty s\u1ebd kh\u00f4ng ch\u1ecbu tr\u00e1ch nhi\u1ec7m v\u1ec1 sai s\u00f3t trong qu\u00e1 tr\u00ecnh chuy\u1ec3n kho\u1ea3n ho\u1eb7c chuy\u1ec3n kho\u1ea3n sai th\u00f4ng tin. Qu\u00fd kh\u00e1ch ph\u1ea3i l\u00e0m vi\u1ec7c tr\u1ef1c ti\u1ebfp v\u1edbi ng\u00e2n h\u00e0ng \u0111\u1ec3 gi\u1ea3i quy\u1ebft sai s\u00f3t tr\u00ean.<\/p>\n","protected":false},"excerpt":{"rendered":"<p>1. Ph\u01b0\u01a1ng th\u1ee9c giao h\u00e0ng \u2013 Tr\u1ea3 ti\u1ec1n m\u1eb7t Ph\u01b0\u01a1ng th\u1ee9c giao h\u00e0ng \u2013 Tr\u1ea3 ti\u1ec1n m\u1eb7t \u00e1p d\u1ee5ng \u0111\u1ed1i v\u1edbi m\u1ecdi kh\u00e1ch h\u00e0ng th\u00f4ng qua c\u00e1c \u0111\u1ed1i t\u00e1c v\u1eadn chuy\u1ec3n Kh\u00e1ch h\u00e0ng c\u00f3 th\u1ec3 \u0111\u1eb7t h\u00e0ng qua website ho\u1eb7c qua \u0111i\u1ec7n tho\u1ea1i 0911.768.365 .Nh\u00e2n vi\u00ean c\u1ee7a ch\u00fang t\u00f4i s\u1ebd g\u1ecdi \u0111i\u1ec7n x\u00e1c nh\u1eadn v\u1edbi &#8230;<\/p>\n","protected":false},"author":1,"featured_media":0,"parent":0,"menu_order":0,"comment_status":"closed","ping_status":"closed","template":"page-right-sidebar.php","meta":[],"_links":{"self":[{"href":"https:\/\/demo.bmconnect.vn\/daytrangdiem\/wp-json\/wp\/v2\/pages\/31"}],"collection":[{"href":"https:\/\/demo.bmconnect.vn\/daytrangdiem\/wp-json\/wp\/v2\/pages"}],"about":[{"href":"https:\/\/demo.bmconnect.vn\/daytrangdiem\/wp-json\/wp\/v2\/types\/page"}],"author":[{"embeddable":true,"href":"https:\/\/demo.bmconnect.vn\/daytrangdiem\/wp-json\/wp\/v2\/users\/1"}],"replies":[{"embeddable":true,"href":"https:\/\/demo.bmconnect.vn\/daytrangdiem\/wp-json\/wp\/v2\/comments?post=31"}],"version-history":[{"count":2,"href":"https:\/\/demo.bmconnect.vn\/daytrangdiem\/wp-json\/wp\/v2\/pages\/31\/revisions"}],"predecessor-version":[{"id":425,"href":"https:\/\/demo.bmconnect.vn\/daytrangdiem\/wp-json\/wp\/v2\/pages\/31\/revisions\/425"}],"wp:attachment":[{"href":"https:\/\/demo.bmconnect.vn\/daytrangdiem\/wp-json\/wp\/v2\/media?parent=31"}],"curies":[{"name":"wp","href":"https:\/\/api.w.org\/{rel}","templated":true}]}}