{"id":304,"date":"2019-04-12T20:48:58","date_gmt":"2019-04-12T13:48:58","guid":{"rendered":"http:\/\/demo.bmconnect.vn\/caritas\/?page_id=304"},"modified":"2019-04-12T22:24:53","modified_gmt":"2019-04-12T15:24:53","slug":"chung-toi-lam-gi","status":"publish","type":"page","link":"https:\/\/demo.bmconnect.vn\/caritas\/caritas-phat-diem\/chung-toi-lam-gi\/","title":{"rendered":"Ch\u00fang t\u00f4i l\u00e0m g\u00ec?"},"content":{"rendered":"<p><strong>Caritas Ph\u00e1t Di\u1ec7m ho\u1ea1t \u0111\u1ed9ng trong nh\u1eefng l\u00e3nh v\u1ef1c sau:<\/strong><\/p>\n<ul>\n<li>C\u1ee9u tr\u1ee3 thi\u00ean tai: C\u1ee9u tr\u1ee3 kh\u1ea9n c\u1ea5p v\u00e0 h\u1ed7 tr\u1ee3 ph\u1ee5c h\u1ed3i sau thi\u00ean tai<\/li>\n<li>H\u1ed7 tr\u1ee3 ng\u01b0\u1eddi nhi\u1ec5m HIV\/AIDS: x\u00e2y d\u1ef1ng m\u1ea1ng l\u01b0\u1edbi, h\u00ecnh th\u00e0nh v\u00e0 duy tr\u00ec nh\u00f3m t\u01b0 l\u1ef1c t\u1ea1i c\u00e1c Caritas Gi\u00e1o ph\u1eadn \u0111\u1ec3 h\u1ed7 tr\u1ee3 ng\u01b0\u1eddi c\u00f3 H ho\u00e0 nh\u1eadp c\u1ed9ng \u0111\u1ed3ng, gi\u1ea3m k\u1ef3 th\u1ecb<\/li>\n<li>H\u1ed7 tr\u1ee3 ng\u01b0\u1eddi ng\u01b0\u1eddi khuy\u1ebft t\u1eadt v\u00e0 b\u1ec7nh nh\u00e2n phong h\u00f2a nh\u1eadp c\u1ed9ng \u0111\u1ed3ng: thi\u1ebft l\u1eadp m\u1ea1ng l\u01b0\u1edbi, n\u00e2ng cao n\u0103ng l\u1ef1c cho nh\u00e2n vi\u00ean chuy\u00ean tr\u00e1ch, \u0111\u1ed3ng th\u1eddi h\u00ecnh th\u00e0nh v\u00e0 ph\u00e1t tri\u1ec3n C\u00e2u l\u1ea1c b\u1ed9 h\u1ed7 tr\u1ee3 ng\u01b0\u1eddi khuy\u1ebft t\u1eadt t\u1ea1i c\u00e1c Caritas Gi\u00e1o ph\u1eadn<\/li>\n<li>Khuy\u1ebfn h\u1ecdc: Ch\u01b0\u01a1ng tr\u00ecnh h\u1ed7 tr\u01a1 h\u1ecdc b\u1ed5ng Con \u0110\u01b0\u1eddng S\u00e1ng Caritas Vi\u1ec7t Nam, Caritas Slovakia nh\u1eb1m gi\u00fap c\u00e1c em \u1edf c\u00e1c v\u00f9ng s\u00e2u v\u00f9ng xa c\u00f3 \u0111i\u1ec1u ki\u1ec7n \u0111\u1ebfn tr\u01b0\u1eddng<\/li>\n<li>B\u00e1c \u00c1i di d\u00e2n: h\u1ed7 tr\u1ee3 tr\u1ebb di d\u00e2n c\u00f3 ho\u00e0n c\u1ea3nh kh\u00f3 kh\u0103n th\u00f4ng qua ch\u01b0\u01a1ng tr\u00ecnh gi\u00e1o d\u1ee5c ph\u1ed5 c\u1eadp; gi\u1edbi thi\u1ec7u v\u00e0 \u0111\u1ed3ng h\u00e0nh v\u1edbi th\u1ef1c t\u1eadp sinh lao \u0111\u1ed9ng t\u1ea1i Nh\u1eadt B\u1ea3n<\/li>\n<li>\u00a0B\u1ea3o v\u1ec7 s\u1ef1 s\u1ed1ng: truy\u1ec1n th\u00f4ng v\u00e0 tham v\u1ea5n \u0111\u1ec3 g\u00f3p ph\u1ea7n gi\u1ea3m thi\u1ec3u t\u00ecnh tr\u1ea1ng n\u1ea1o ph\u00e1 thai \u0111\u1eb7c bi\u1ec7t n\u01a1i ng\u01b0\u1eddi tr\u1ebb<\/li>\n<li>Ph\u00f2ng ch\u1ed1ng bu\u00f4n ng\u01b0\u1eddi: truy\u1ec1n th\u00f4ng v\u00e0 tham v\u1ea5n cho ng\u01b0\u01a1i lao \u0111\u1ed9ng trong vi\u1ec7c di c\u01b0 an to\u00e0n \u0111\u1ec3 g\u00f3p ph\u1ea7n gi\u1ea3m thi\u1ec3u s\u1ed1 n\u1ea1n nh\u00e2n c\u1ee7a t\u1ec7 n\u1ea1n bu\u00f4n ng\u01b0\u1eddi<\/li>\n<li>B\u1ea3o v\u1ec7 m\u00f4i tr\u01b0\u1eddng: n\u00e2ng cao nh\u1eadn th\u1ee9c b\u1ea3o v\u1ec7 m\u00f4i tr\u01b0\u1eddng v\u00e0 bi\u1ebfn \u0111\u1ed5i kh\u00ed h\u1eadu v\u00e0 khuy\u1ebfn kh\u00edch b\u1ea3o v\u1ec7 ng\u00f4i nh\u00e0 chung theo tinh th\u1ea7n th\u00f4ng \u0111i\u1ec7p Laudato Si\u2019<\/li>\n<li>Ch\u01b0\u01a1ng tr\u00ecnh h\u1ed7 tr\u1ee3 l\u1eafp \u0111\u1eb7t h\u1ec7 th\u1ed1ng n\u01b0\u1edbc s\u1ea1ch t\u1ea1i nh\u1eefng v\u00f9ng s\u00e2u v\u00f9ng xa, n\u01a1i ngu\u1ed3n n\u01b0\u1edbc b\u1ecb \u00f4 nhi\u1ec5m<\/li>\n<li>Ch\u01b0\u01a1ng tr\u00ecnh trao xe l\u0103n xe l\u1eafc v\u00e0 c\u00e1c ph\u01b0\u01a1ng ti\u1ec7n h\u1ed7 tr\u1ee3 ng\u01b0\u1eddi khuy\u1ebft t\u1eadt, ng\u01b0\u1eddi ngh\u00e8o ng\u01b0\u1eddi gi\u00e0<\/li>\n<li>Ch\u01b0\u01a1ng tr\u00ecnh nh\u1ecbp tim d\u00e0nh cho tr\u1ebb em t\u1eeb 0 -20 tu\u1ed5i<\/li>\n<\/ul>\n","protected":false},"excerpt":{"rendered":"<p>Caritas Ph\u00e1t Di\u1ec7m ho\u1ea1t \u0111\u1ed9ng trong nh\u1eefng l\u00e3nh v\u1ef1c sau: C\u1ee9u tr\u1ee3 thi\u00ean tai: C\u1ee9u tr\u1ee3 kh\u1ea9n c\u1ea5p v\u00e0 h\u1ed7 tr\u1ee3 ph\u1ee5c h\u1ed3i sau thi\u00ean tai H\u1ed7 tr\u1ee3 ng\u01b0\u1eddi nhi\u1ec5m HIV\/AIDS: x\u00e2y d\u1ef1ng m\u1ea1ng l\u01b0\u1edbi, h\u00ecnh th\u00e0nh v\u00e0 duy tr\u00ec nh\u00f3m t\u01b0 l\u1ef1c t\u1ea1i c\u00e1c Caritas Gi\u00e1o ph\u1eadn \u0111\u1ec3 h\u1ed7 tr\u1ee3 ng\u01b0\u1eddi c\u00f3 H ho\u00e0 &#8230;<\/p>\n","protected":false},"author":1,"featured_media":0,"parent":61,"menu_order":0,"comment_status":"closed","ping_status":"closed","template":"page-right-sidebar.php","meta":[],"yst_prominent_words":[],"_links":{"self":[{"href":"https:\/\/demo.bmconnect.vn\/caritas\/wp-json\/wp\/v2\/pages\/304"}],"collection":[{"href":"https:\/\/demo.bmconnect.vn\/caritas\/wp-json\/wp\/v2\/pages"}],"about":[{"href":"https:\/\/demo.bmconnect.vn\/caritas\/wp-json\/wp\/v2\/types\/page"}],"author":[{"embeddable":true,"href":"https:\/\/demo.bmconnect.vn\/caritas\/wp-json\/wp\/v2\/users\/1"}],"replies":[{"embeddable":true,"href":"https:\/\/demo.bmconnect.vn\/caritas\/wp-json\/wp\/v2\/comments?post=304"}],"version-history":[{"count":0,"href":"https:\/\/demo.bmconnect.vn\/caritas\/wp-json\/wp\/v2\/pages\/304\/revisions"}],"up":[{"embeddable":true,"href":"https:\/\/demo.bmconnect.vn\/caritas\/wp-json\/wp\/v2\/pages\/61"}],"wp:attachment":[{"href":"https:\/\/demo.bmconnect.vn\/caritas\/wp-json\/wp\/v2\/media?parent=304"}],"wp:term":[{"taxonomy":"yst_prominent_words","embeddable":true,"href":"https:\/\/demo.bmconnect.vn\/caritas\/wp-json\/wp\/v2\/yst_prominent_words?post=304"}],"curies":[{"name":"wp","href":"https:\/\/api.w.org\/{rel}","templated":true}]}}