{"id":198,"date":"2019-03-09T23:31:43","date_gmt":"2019-03-09T16:31:43","guid":{"rendered":"http:\/\/demo.bmconnect.vn\/camera\/?post_type=product&#038;p=198"},"modified":"2019-03-10T22:28:29","modified_gmt":"2019-03-10T15:28:29","slug":"webvision-6204w","status":"publish","type":"product","link":"https:\/\/demo.bmconnect.vn\/camera\/san-pham\/webvision-6204w\/","title":{"rendered":"WEBVISION 6204W"},"content":{"rendered":"<p>S\u1ef1 s\u1eafc n\u00e9t l\u00e0 khao kh\u00e1t l\u1edbn nh\u1ea5t c\u1ee7a ng\u01b0\u1eddi t\u00ecm mua camera. B\u00ean c\u1ea1nh \u0111\u00f3, \u0111\u1ea1i \u0111a s\u1ed1 kh\u00e1ch h\u00e0ng c\u0169ng mong mu\u1ed1n nhi\u1ec1u t\u00ednh n\u0103ng ti\u1ec7n \u00edch nh\u01b0: quan s\u00e1t \u0111\u01b0\u1ee3c ban \u0111\u00eam, c\u00f3 kh\u1ea3 n\u0103ng xoay, qu\u00e9t g\u00f3c l\u1edbn hay \u0111\u01a1n gi\u1ea3n l\u00e0 s\u1ef1 g\u1ecdn g\u00e0ng, th\u1ea9m m\u1ef9, kh\u00f4ng c\u00e0i \u0111\u1eb7t, kh\u00f4ng c\u1ea7n chuy\u00ean m\u00f4n.<\/p>\n","protected":false},"excerpt":{"rendered":"<p>S\u1ef1 s\u1eafc n\u00e9t l\u00e0 khao kh\u00e1t l\u1edbn nh\u1ea5t c\u1ee7a ng\u01b0\u1eddi t\u00ecm mua camera. B\u00ean c\u1ea1nh \u0111\u00f3, \u0111\u1ea1i \u0111a s\u1ed1 kh\u00e1ch h\u00e0ng c\u0169ng mong mu\u1ed1n nhi\u1ec1u t\u00ednh n\u0103ng ti\u1ec7n \u00edch nh\u01b0: quan s\u00e1t \u0111\u01b0\u1ee3c ban \u0111\u00eam, c\u00f3 kh\u1ea3 n\u0103ng xoay, qu\u00e9t g\u00f3c l\u1edbn hay \u0111\u01a1n gi\u1ea3n l\u00e0 s\u1ef1 g\u1ecdn g\u00e0ng, th\u1ea9m m\u1ef9, kh\u00f4ng c\u00e0i \u0111\u1eb7t, kh\u00f4ng c\u1ea7n chuy\u00ean m\u00f4n.<\/p>\n","protected":false},"featured_media":199,"comment_status":"open","ping_status":"closed","template":"","meta":[],"product_cat":[19],"product_tag":[21],"_links":{"self":[{"href":"https:\/\/demo.bmconnect.vn\/camera\/wp-json\/wp\/v2\/product\/198"}],"collection":[{"href":"https:\/\/demo.bmconnect.vn\/camera\/wp-json\/wp\/v2\/product"}],"about":[{"href":"https:\/\/demo.bmconnect.vn\/camera\/wp-json\/wp\/v2\/types\/product"}],"replies":[{"embeddable":true,"href":"https:\/\/demo.bmconnect.vn\/camera\/wp-json\/wp\/v2\/comments?post=198"}],"wp:featuredmedia":[{"embeddable":true,"href":"https:\/\/demo.bmconnect.vn\/camera\/wp-json\/wp\/v2\/media\/199"}],"wp:attachment":[{"href":"https:\/\/demo.bmconnect.vn\/camera\/wp-json\/wp\/v2\/media?parent=198"}],"wp:term":[{"taxonomy":"product_cat","embeddable":true,"href":"https:\/\/demo.bmconnect.vn\/camera\/wp-json\/wp\/v2\/product_cat?post=198"},{"taxonomy":"product_tag","embeddable":true,"href":"https:\/\/demo.bmconnect.vn\/camera\/wp-json\/wp\/v2\/product_tag?post=198"}],"curies":[{"name":"wp","href":"https:\/\/api.w.org\/{rel}","templated":true}]}}