{"id":32,"date":"2019-03-09T21:50:39","date_gmt":"2019-03-09T14:50:39","guid":{"rendered":"http:\/\/demo.bmconnect.vn\/camera\/?page_id=32"},"modified":"2019-03-10T23:21:05","modified_gmt":"2019-03-10T16:21:05","slug":"lien-he","status":"publish","type":"page","link":"https:\/\/demo.bmconnect.vn\/camera\/lien-he\/","title":{"rendered":"Li\u00ean h\u1ec7"},"content":{"rendered":"<div class=\"row row-lien-he\"  id=\"row-280827366\">\n\n\t<div id=\"col-1144062\" class=\"col small-12 large-12\"  >\n\t\t\t\t<div class=\"col-inner\"  >\n\t\t\t\n\t\t\t\n\t<div class=\"img has-hover x md-x lg-x y md-y lg-y\" id=\"image_187230488\">\n\t\t\t\t\t\t\t\t<div class=\"img-inner dark\" >\n\t\t\t<img width=\"1920\" height=\"600\" src=\"https:\/\/demo.bmconnect.vn\/camera\/wp-content\/uploads\/2019\/03\/slider01.jpg\" class=\"attachment-original size-original\" alt=\"\" loading=\"lazy\" srcset=\"https:\/\/demo.bmconnect.vn\/camera\/wp-content\/uploads\/2019\/03\/slider01.jpg 1920w, https:\/\/demo.bmconnect.vn\/camera\/wp-content\/uploads\/2019\/03\/slider01-300x94.jpg 300w, https:\/\/demo.bmconnect.vn\/camera\/wp-content\/uploads\/2019\/03\/slider01-768x240.jpg 768w, https:\/\/demo.bmconnect.vn\/camera\/wp-content\/uploads\/2019\/03\/slider01-1024x320.jpg 1024w, https:\/\/demo.bmconnect.vn\/camera\/wp-content\/uploads\/2019\/03\/slider01-600x188.jpg 600w\" sizes=\"(max-width: 1920px) 100vw, 1920px\" \/>\t\t\t\t\t\t\n\t\t\t\t\t<\/div>\n\t\t\t\t\t\t\t\t\n<style>\n#image_187230488 {\n  width: 100%;\n}\n<\/style>\n\t<\/div>\n\t\n\t\t<\/div>\n\t\t\t\t\t<\/div>\n\n\t\n\n\t<div id=\"col-340636341\" class=\"col cot1 medium-6 small-12 large-6\"  >\n\t\t\t\t<div class=\"col-inner\"  >\n\t\t\t\n\t\t\t\n<h3><span style=\"font-size: 95%;\">\u0110\u1eb2NG C\u1ea4P CAMERA H\u00c0 N\u1ed8I<\/span><\/h3>\n<p><span style=\"font-size: 95%;\">\u0110\u1ecba ch\u1ec9: S\u1ed1 33, ng\u00f5 121 Th\u00e1i H\u00e0, Q. \u0110\u1ed1ng \u0110a, TP. H\u00e0 N\u1ed9i.\u00a0<\/span><br \/><span style=\"font-size: 95%;\">\u0110i\u1ec7n tho\u1ea1i: \u00a0\u00a0\u00a0\u00a0\u00a0<a href=\"tel:02422667788\"><strong>(024) 22 66 77 88<\/strong><\/a><strong>\u00a0&#8211;\u00a0<a href=\"tel:02462555553\">(024) 62 555 553<\/a><\/strong><\/span><\/p>\n<div role=\"form\" class=\"wpcf7\" id=\"wpcf7-f508-o1\" lang=\"vi\" dir=\"ltr\">\n<div class=\"screen-reader-response\"><p role=\"status\" aria-live=\"polite\" aria-atomic=\"true\"><\/p> <ul><\/ul><\/div>\n<form action=\"\/camera\/wp-json\/wp\/v2\/pages\/32#wpcf7-f508-o1\" method=\"post\" class=\"wpcf7-form init\" novalidate=\"novalidate\" data-status=\"init\">\n<div style=\"display: none;\">\n<input type=\"hidden\" name=\"_wpcf7\" value=\"508\" \/>\n<input type=\"hidden\" name=\"_wpcf7_version\" value=\"5.4.2\" \/>\n<input type=\"hidden\" name=\"_wpcf7_locale\" value=\"vi\" \/>\n<input type=\"hidden\" name=\"_wpcf7_unit_tag\" value=\"wpcf7-f508-o1\" \/>\n<input type=\"hidden\" name=\"_wpcf7_container_post\" value=\"0\" \/>\n<input type=\"hidden\" name=\"_wpcf7_posted_data_hash\" value=\"\" \/>\n<\/div>\n<div class=\"flex-row form-flat medium-flex-wrap\">\n<div class=\"flex-col flex-grow\">\n    \t<span class=\"wpcf7-form-control-wrap tel-343\"><input type=\"tel\" name=\"tel-343\" value=\"\" size=\"40\" class=\"wpcf7-form-control wpcf7-text wpcf7-tel wpcf7-validates-as-required wpcf7-validates-as-tel\" aria-required=\"true\" aria-invalid=\"false\" placeholder=\"S\u1ed1 \u0111i\u1ec7n tho\u1ea1i...\" \/><\/span>\n    <\/div>\n<div class=\"flex-col ml-half\">\n    \t<input type=\"submit\" value=\"\u0110\u0103ng k\u00fd t\u01b0 v\u1ea5n\" class=\"wpcf7-form-control wpcf7-submit button\" \/>\n    <\/div>\n<\/div>\n<div class=\"wpcf7-response-output\" aria-hidden=\"true\"><\/div><\/form><\/div>\n\t\t<\/div>\n\t\t\t\t\t<\/div>\n\n\t\n\n\t<div id=\"col-180828077\" class=\"col medium-6 small-12 large-6\"  >\n\t\t\t\t<div class=\"col-inner\"  >\n\t\t\t\n\t\t\t\n<h3>LI\u00caN H\u1ec6<\/h3>\n<p><span style=\"font-size: 95%; color: #282828;\">B\u1ea1n vui l\u00f2ng \u0111i\u1ec1n \u0111\u1ea7y \u0111\u1ee7 th\u00f4ng tin v\u00e0 n\u1ed9i dung \u0111\u1ec1 xu\u1ea5t c\u1ee7a b\u1ea1n v\u00e0o bi\u1ec3u m\u1eabu d\u01b0\u1edbi \u0111\u00e2y, sau \u0111\u00f3 g\u1eedi cho ch\u00fang t\u00f4i, ch\u00fang t\u00f4i s\u1ebd li\u00ean h\u1ec7 v\u1edbi b\u1ea1n ngay sau khi nh\u1eadn \u0111\u01b0\u1ee3c th\u00f4ng tin c\u1ee7a b\u1ea1n.<\/span><\/p>\n<div role=\"form\" class=\"wpcf7\" id=\"wpcf7-f542-o2\" lang=\"vi\" dir=\"ltr\">\n<div class=\"screen-reader-response\"><p role=\"status\" aria-live=\"polite\" aria-atomic=\"true\"><\/p> <ul><\/ul><\/div>\n<form action=\"\/camera\/wp-json\/wp\/v2\/pages\/32#wpcf7-f542-o2\" method=\"post\" class=\"wpcf7-form init\" novalidate=\"novalidate\" data-status=\"init\">\n<div style=\"display: none;\">\n<input type=\"hidden\" name=\"_wpcf7\" value=\"542\" \/>\n<input type=\"hidden\" name=\"_wpcf7_version\" value=\"5.4.2\" \/>\n<input type=\"hidden\" name=\"_wpcf7_locale\" value=\"vi\" \/>\n<input type=\"hidden\" name=\"_wpcf7_unit_tag\" value=\"wpcf7-f542-o2\" \/>\n<input type=\"hidden\" name=\"_wpcf7_container_post\" value=\"0\" \/>\n<input type=\"hidden\" name=\"_wpcf7_posted_data_hash\" value=\"\" \/>\n<\/div>\n<p><span class=\"wpcf7-form-control-wrap text-653\"><input type=\"text\" name=\"text-653\" value=\"\" size=\"40\" class=\"wpcf7-form-control wpcf7-text wpcf7-validates-as-required\" aria-required=\"true\" aria-invalid=\"false\" placeholder=\"T\u00ean c\u1ee7a b\u1ea1n...\" \/><\/span><br \/>\n<span class=\"wpcf7-form-control-wrap tel-711\"><input type=\"tel\" name=\"tel-711\" value=\"\" size=\"40\" class=\"wpcf7-form-control wpcf7-text wpcf7-tel wpcf7-validates-as-required wpcf7-validates-as-tel\" aria-required=\"true\" aria-invalid=\"false\" placeholder=\"S\u1ed1 \u0111i\u1ec7n tho\u1ea1i...\" \/><\/span><br \/>\n<span class=\"wpcf7-form-control-wrap textarea-261\"><textarea name=\"textarea-261\" cols=\"40\" rows=\"10\" class=\"wpcf7-form-control wpcf7-textarea\" aria-invalid=\"false\" placeholder=\"N\u1ed9i dung li\u00ean h\u1ec7\"><\/textarea><\/span><br \/>\n<input type=\"submit\" value=\"G\u1eedi li\u00ean h\u1ec7\" class=\"wpcf7-form-control wpcf7-submit\" \/><\/p>\n<div class=\"wpcf7-response-output\" aria-hidden=\"true\"><\/div><\/form><\/div>\n\t\t<\/div>\n\t\t\t\t\t<\/div>\n\n\t\n<\/div>\n","protected":false},"excerpt":{"rendered":"","protected":false},"author":1,"featured_media":0,"parent":0,"menu_order":0,"comment_status":"closed","ping_status":"closed","template":"page-blank.php","meta":[],"_links":{"self":[{"href":"https:\/\/demo.bmconnect.vn\/camera\/wp-json\/wp\/v2\/pages\/32"}],"collection":[{"href":"https:\/\/demo.bmconnect.vn\/camera\/wp-json\/wp\/v2\/pages"}],"about":[{"href":"https:\/\/demo.bmconnect.vn\/camera\/wp-json\/wp\/v2\/types\/page"}],"author":[{"embeddable":true,"href":"https:\/\/demo.bmconnect.vn\/camera\/wp-json\/wp\/v2\/users\/1"}],"replies":[{"embeddable":true,"href":"https:\/\/demo.bmconnect.vn\/camera\/wp-json\/wp\/v2\/comments?post=32"}],"version-history":[{"count":0,"href":"https:\/\/demo.bmconnect.vn\/camera\/wp-json\/wp\/v2\/pages\/32\/revisions"}],"wp:attachment":[{"href":"https:\/\/demo.bmconnect.vn\/camera\/wp-json\/wp\/v2\/media?parent=32"}],"curies":[{"name":"wp","href":"https:\/\/api.w.org\/{rel}","templated":true}]}}