{"id":1504,"date":"2017-11-03T15:23:18","date_gmt":"2017-11-03T08:23:18","guid":{"rendered":"https:\/\/demo.bmconnect.vn\/cake2\/?post_type=product&#038;p=1504"},"modified":"2017-11-03T15:23:18","modified_gmt":"2017-11-03T08:23:18","slug":"kem-nau-va-lam-banh-versatie","status":"publish","type":"product","link":"https:\/\/demo.bmconnect.vn\/cake2\/product\/kem-nau-va-lam-banh-versatie\/","title":{"rendered":"Kem n\u1ea5u v\u00e0 l\u00e0m b\u00e1nh Versatie"},"content":{"rendered":"<p><strong>* \u1ee8ng d\u1ee5ng cho n\u1ea5u \u0103n:<\/strong><\/p>\n<ul>\n<li>\u00a0Ch\u1ecbu axit: H\u1ed7n h\u1ee3p x\u1ed1t kem chua c\u1ee7a Versatie v\u00e0 gi\u1ea5m tr\u1eafng c\u00f3 th\u1ec3 gi\u1eef \u0111\u01b0\u1ee3c 2 ng\u00e0y trong t\u1ee7 l\u1ea1nh v\u1edbi nhi\u1ec7t \u0111\u1ed9 kho\u1ea3ng 5<sup>o<\/sup>C m\u00e0 kh\u00f4ng b\u1ecb h\u00f3a l\u1ecfng.<\/li>\n<li>\u00a0Ch\u1ecbu ch\u1ea5t c\u1ed3n: Versatie c\u00f3 th\u1ec3 gi\u1eef \u0111\u01b0\u1ee3c ch\u1ea5t c\u1ed3n trong c\u00e1c \u1ee9ng d\u1ee5ng b\u1ebfp n\u1ea5u v\u00e0 b\u1ebfp b\u00e1nh m\u00e0 kh\u00f4ng b\u1ecb t\u00e1ch l\u1edbp.<\/li>\n<li>\u00a0Ch\u1ecbu nhi\u1ec7t cao: Kh\u1ea3 n\u0103ng ch\u1ecbu nhi\u1ec7t t\u1ed1t v\u00e0 \u00edt t\u00e1ch d\u1ea7u sau khi n\u1ea5u.<\/li>\n<li>\u00a0Nhanh \u0111\u1ea1t \u0111\u1ebfn \u0111\u1ed9 \u0111\u1eb7c mong mu\u1ed1n, \u1ed5n \u0111\u1ecbnh m\u00e0 kh\u00f4ng b\u1ecb v\u00f3n c\u1ee5c.<\/li>\n<li>\u00a0Ph\u1ee7 \u0111\u1ec1u v\u00e0 m\u1ecbn cho m\u00f3n \u0103n ngon v\u00e0 \u0111\u1eb9p.<\/li>\n<li>\u00a0\u0110\u00e1nh n\u1ed5i: m\u1ea5t kho\u1ea3ng 5 ph\u00fat \u0111\u00e1nh t\u1eeb t\u1ed1c \u0111\u1ed9 trung b\u00ecnh \u0111\u1ebfn t\u1ed1c \u0111\u1ed9 cao. C\u00f3 \u0111\u01b0\u1eddng, h\u1ed7n h\u1ee3p kem gi\u1eef \u0111\u01b0\u1ee3c s\u1ef1 \u1ed5n \u0111\u1ecbnh trong 2 ng\u00e0y. Kh\u00f4ng \u0111\u01b0\u1eddng, h\u1ed7n h\u1ee3p kem gi\u1eef \u0111\u01b0\u1ee3c trong 12 gi\u1edd. mang \u0111\u1ebfn c\u1ea3m gi\u00e1c \u0111\u1eadm \u0111\u00e0 v\u00e0 h\u01b0\u01a1ng v\u1ecb d\u1ec5 ch\u1ecbu.<\/li>\n<li>\u00a0S\u1eed d\u1ee5ng d\u1ec5 d\u00e0ng, \u0111\u00f3ng m\u1edf v\u1edbi n\u1eafp v\u1eb7n.<\/li>\n<\/ul>\n<p><strong>* \u1ee8ng d\u1ee5ng cho l\u00e0m b\u00e1nh:<\/strong><\/p>\n<ul>\n<li>\u00a0L\u00fd t\u01b0\u1edfng cho m\u1ecdi \u1ee9ng d\u1ee5ng l\u00e0m b\u00e1nh.<\/li>\n<li>\u00a0\u0110\u1ed9 n\u1edf cao gi\u00fap t\u0103ng s\u1ea3n l\u01b0\u1ee3ng v\u00e0 gi\u1ea3m gi\u00e1 th\u00e0nh.<\/li>\n<li>\u00a0C\u00f3 th\u1ec3 h\u00f2a tr\u1ed9n v\u1edbi r\u01b0\u1ee3u cho h\u01b0\u01a1ng v\u1ecb \u0111\u1eb7c tr\u01b0ng.<\/li>\n<li>\u00a0Kh\u00f4ng g\u00e2y k\u1ebft t\u1ee7a khi h\u00f2a tr\u1ed9n v\u1edbi axit tr\u00e1i c\u00e2y.<\/li>\n<li>\u00a0H\u00e0m l\u01b0\u1ee3ng b\u00e9o: 30,58%<\/li>\n<\/ul>\n<p><strong>* B\u1ea3o qu\u1ea3n:<\/strong><\/p>\n<ul>\n<li>\u00a0Gi\u1eef l\u1ea1nh \u1edf 4 &#8211; 7oC<\/li>\n<li>\u00a0S\u1ea3n ph\u1ea9m \u0111\u00e3 m\u1edf h\u1ed9p n\u00ean \u0111\u01b0\u1ee3c s\u1eed d\u1ee5ng h\u1ebft trong 14 ng\u00e0y.<\/li>\n<\/ul>\n","protected":false},"excerpt":{"rendered":"<p>Kem n\u1ea5u \u0103n Versatie l\u00e0 m\u1ed9t gi\u1ea3i ph\u00e1p ho\u00e0n h\u1ea3o cho c\u00e1c \u0111\u1ea7u b\u1ebfp v\u00ec s\u1ea3n ph\u1ea9m cho m\u00f3n \u0103n ngon v\u00e0 \u0111\u1eb9p m\u1eaft v\u1edbi nh\u1eefng \u1ee9ng d\u1ee5ng linh ho\u1ea1t cho b\u1ebfp n\u1ea5u v\u00e0 b\u1ebfp b\u00e1nh. Ngo\u00e0i ra, Versatie c\u00f2n cung c\u1ea5p th\u00eam nh\u1eefng l\u1ee3i th\u1ebf \u0111\u1ec3 n\u00e2ng cao l\u1ee3i nhu\u1eadn.<\/p>\n<ul>\n<li>Gi\u00e1 : <a href=\"http:\/\/ongvangfood.com\/lien-he\">Li\u00ean h\u1ec7<\/a><\/li>\n<li>Xu\u1ea5t x\u1ee9 : Rich USA \/ H\u00e0n Qu\u1ed1c<\/li>\n<\/ul>\n","protected":false},"featured_media":1505,"comment_status":"open","ping_status":"closed","template":"","meta":[],"product_cat":[25,18,46],"product_tag":[],"_links":{"self":[{"href":"https:\/\/demo.bmconnect.vn\/cake2\/wp-json\/wp\/v2\/product\/1504"}],"collection":[{"href":"https:\/\/demo.bmconnect.vn\/cake2\/wp-json\/wp\/v2\/product"}],"about":[{"href":"https:\/\/demo.bmconnect.vn\/cake2\/wp-json\/wp\/v2\/types\/product"}],"replies":[{"embeddable":true,"href":"https:\/\/demo.bmconnect.vn\/cake2\/wp-json\/wp\/v2\/comments?post=1504"}],"wp:featuredmedia":[{"embeddable":true,"href":"https:\/\/demo.bmconnect.vn\/cake2\/wp-json\/wp\/v2\/media\/1505"}],"wp:attachment":[{"href":"https:\/\/demo.bmconnect.vn\/cake2\/wp-json\/wp\/v2\/media?parent=1504"}],"wp:term":[{"taxonomy":"product_cat","embeddable":true,"href":"https:\/\/demo.bmconnect.vn\/cake2\/wp-json\/wp\/v2\/product_cat?post=1504"},{"taxonomy":"product_tag","embeddable":true,"href":"https:\/\/demo.bmconnect.vn\/cake2\/wp-json\/wp\/v2\/product_tag?post=1504"}],"curies":[{"name":"wp","href":"https:\/\/api.w.org\/{rel}","templated":true}]}}