{"id":1502,"date":"2017-11-03T15:18:27","date_gmt":"2017-11-03T08:18:27","guid":{"rendered":"https:\/\/demo.bmconnect.vn\/cake2\/?post_type=product&#038;p=1502"},"modified":"2017-11-03T15:18:27","modified_gmt":"2017-11-03T08:18:27","slug":"kem-lam-banh-niagara-farms","status":"publish","type":"product","link":"https:\/\/demo.bmconnect.vn\/cake2\/product\/kem-lam-banh-niagara-farms\/","title":{"rendered":"Kem l\u00e0m b\u00e1nh Niagara Farms"},"content":{"rendered":"<p><strong>* H\u01b0\u1edbng d\u1eabn s\u1eed d\u1ee5ng:<\/strong><\/p>\n<ul>\n<li>Tr\u01b0\u1edbc khi s\u1eed d\u1ee5ng, s\u1ea3n ph\u1ea9m r\u00e3 \u0111\u00f4ng trong t\u1ee7 l\u1ea1nh 2- 7<sup>o<\/sup>C kho\u1ea3ng 24- 36 gi\u1edd.<\/li>\n<\/ul>\n<ul>\n<li>L\u1eafc \u0111\u1ec1u tr\u01b0\u1edbc khi m\u1edf h\u1ed9p. \u0110\u1ed5 v\u00e0o th\u1ed1 \u0111\u00e3 \u0111\u01b0\u1ee3c l\u00e0m l\u1ea1nh (kh\u00f4ng n\u00ean v\u01b0\u1ee3t qu\u00e1 20% s\u1ee9c ch\u1ee9a c\u1ee7a th\u1ed1)<\/li>\n<\/ul>\n<ul>\n<li>\u0110\u00e1nh s\u1ea3n ph\u1ea9m \u1edf t\u1ed1c \u0111\u1ed9 trung b\u00ecnh ho\u1eb7c cao cho t\u1edbi khi kem \u0111\u1ea1t \u0111\u1ed9 \u0111\u1ee9ng v\u1eeba \u0111\u1ee7.<\/li>\n<\/ul>\n<ul>\n<li>S\u1ea3n ph\u1ea9m \u0111\u00e3 \u0111\u00e1nh ph\u1ea3i tr\u1eef l\u1ea1nh ho\u1eb7c c\u00f3 th\u1ec3 c\u1ea5p \u0111\u00f4ng.<\/li>\n<\/ul>\n<ul>\n<li>Kh\u00f4ng t\u00e1i c\u1ea5p \u0111\u00f4ng cho s\u1ea3n ph\u1ea9m \u0111\u00e3 x\u1ea3 l\u1ecfng.<\/li>\n<\/ul>\n<p><strong>* C\u00e1ch b\u1ea3o qu\u1ea3n:<\/strong> L\u01b0u tr\u1eef \u1edf nhi\u1ec7t \u0111\u1ed9 -18oC<\/p>\n<p><strong>* Tr\u1ecdng l\u01b0\u1ee3ng:<\/strong> 1000g<\/p>\n","protected":false},"excerpt":{"rendered":"<p>Kem l\u00e0m b\u00e1nh cao c\u1ea5p Niagara Farms l\u00e0 m\u1ed9t lo\u1ea1i kem trang tr\u00ed c\u00f3 v\u1ecb b\u00e9o s\u1eefa, d\u00f9ng \u0111\u1ec3 ph\u1ee7 l\u00ean b\u00e1nh ho\u1eb7c d\u00f9ng l\u00e0m b\u00e1nh Mousse.<\/p>\n<ul>\n<li>Gi\u00e1 : <a href=\"http:\/\/ongvangfood.com\/lien-he\">Li\u00ean h\u1ec7<\/a><\/li>\n<li>Xu\u1ea5t x\u1ee9 : Rich USA \/ Vi\u1ec7t Nam<\/li>\n<\/ul>\n","protected":false},"featured_media":1503,"comment_status":"open","ping_status":"closed","template":"","meta":[],"product_cat":[25,18,46],"product_tag":[],"_links":{"self":[{"href":"https:\/\/demo.bmconnect.vn\/cake2\/wp-json\/wp\/v2\/product\/1502"}],"collection":[{"href":"https:\/\/demo.bmconnect.vn\/cake2\/wp-json\/wp\/v2\/product"}],"about":[{"href":"https:\/\/demo.bmconnect.vn\/cake2\/wp-json\/wp\/v2\/types\/product"}],"replies":[{"embeddable":true,"href":"https:\/\/demo.bmconnect.vn\/cake2\/wp-json\/wp\/v2\/comments?post=1502"}],"wp:featuredmedia":[{"embeddable":true,"href":"https:\/\/demo.bmconnect.vn\/cake2\/wp-json\/wp\/v2\/media\/1503"}],"wp:attachment":[{"href":"https:\/\/demo.bmconnect.vn\/cake2\/wp-json\/wp\/v2\/media?parent=1502"}],"wp:term":[{"taxonomy":"product_cat","embeddable":true,"href":"https:\/\/demo.bmconnect.vn\/cake2\/wp-json\/wp\/v2\/product_cat?post=1502"},{"taxonomy":"product_tag","embeddable":true,"href":"https:\/\/demo.bmconnect.vn\/cake2\/wp-json\/wp\/v2\/product_tag?post=1502"}],"curies":[{"name":"wp","href":"https:\/\/api.w.org\/{rel}","templated":true}]}}