{"id":573,"date":"2017-10-19T03:16:37","date_gmt":"2017-10-18T20:16:37","guid":{"rendered":"https:\/\/demo.bmconnect.vn\/cake\/?post_type=product&#038;p=573"},"modified":"2017-10-19T03:16:37","modified_gmt":"2017-10-18T20:16:37","slug":"duong-ngoc-trai-amoza-300gr-han-quoc","status":"publish","type":"product","link":"https:\/\/demo.bmconnect.vn\/cake\/product\/duong-ngoc-trai-amoza-300gr-han-quoc\/","title":{"rendered":"\u0110\u01b0\u1eddng ng\u1ecdc trai Amoza 300gr H\u00e0n Qu\u1ed1c"},"content":{"rendered":"<h3>\u0110\u01b0\u1eddng ng\u1ecdc trai Amoza 300gr<\/h3>\n<p>M\u00e3 s\u1ea3n ph\u1ea9m:\u00a0<span class=\"prodid\">NL00813<\/span><\/p>\n<p><strong>\u0110\u01b0\u1eddng ng\u1ecdc trai (Pearl sugar) Amoza 300g<\/strong>\u00a0l\u00e0 m\u1ed9t trong nh\u1eefng lo\u1ea1i nguy\u00ean li\u1ec7u trang tr\u00ed tuy\u1ec7t v\u1eddi\u00a0cho c\u00e1c m\u00f3n b\u00e1nh m\u00ec hoa c\u00fac, chouquette, craquelins, &#8230; L\u00e0 m\u1ed9t s\u1ea3n ph\u1ea9m\u00a0c\u1ee7a Vi\u1ec7t Nam, \u0111\u01b0\u1ee3c s\u1ea3n xu\u1ea5t t\u1eeb ngu\u1ed3n nguy\u00ean li\u1ec7u s\u1ea1ch, tr\u00ean d\u00e2y chuy\u1ec1n c\u00f4ng ngh\u1ec7 hi\u1ec7n \u0111\u1ea1i, b\u1ea1n s\u1ebd c\u00f3 th\u1ec3 ho\u00e0n to\u00e0n y\u00ean t\u00e2m v\u1ec1 \u0111\u1ed9 an to\u00e0n c\u0169ng v\u1ecb ngon ng\u1ecdt t\u1ef1 nhi\u00ean c\u1ee7a \u0111\u01b0\u1eddng.<\/p>\n<p><strong>\u0110\u1eb7c \u0111i\u1ec3m n\u1ed5i b\u1eadt c\u1ee7a s\u1ea3n ph\u1ea9m<\/strong><\/p>\n<p>\u0110\u01b0\u1eddng h\u1ea1t th\u00f4, c\u00e1c lo\u1ea1i h\u1ea1t to v\u1edbi k\u00edch c\u1ee1 trung b\u00ecnh 5mm, d\u1ea1ng tr\u1eafng \u0111\u1ee5c tinh th\u1ec3 l\u1ea5p l\u00e1nh nh\u01b0 ng\u1ecdc trai, r\u1eafc l\u00ean m\u1eb7t b\u00e1nh r\u1ea5t \u0111\u1eb9p v\u00e0 b\u1eaft m\u1eaft.<\/p>\n<p>\u0110\u01b0\u1eddng ng\u1ecdc trai c\u00f3\u00a0\u0111\u1eb7c t\u00ednh \u0111\u1eb7c bi\u1ec7t l\u00e0 kh\u00f4ng tan ch\u1ea3y \u1edf nhi\u1ec7t \u0111\u1ed9 n\u01b0\u1edbng n\u00ean c\u00f3 th\u1ec3 cho l\u00ean b\u00e1nh tr\u01b0\u1edbc khi b\u1ecf v\u00e0o l\u00f2, th\u01b0\u1eddng \u0111\u1ec3 r\u1eafc l\u00ean v\u1ecf b\u1ed9t b\u00e1nh m\u00ec hoa c\u00fac, chouquette, craquelins,..<\/p>\n<p>Xu\u1ea5t x\u1ee9 Vi\u1ec7t Nam, \u0111\u01b0\u1ee3c s\u1ea3n xu\u1ea5t tr\u00ean d\u00e2y chuy\u1ec1n c\u00f4ng ngh\u1ec7 hi\u1ec7n \u0111\u1ea1i, \u0111\u1ea3m b\u1ea3o an to\u00e0n v\u1ec7 sinh th\u1ef1c ph\u1ea9m.<\/p>\n<p><strong>Th\u00f4ng tin chi ti\u1ebft:<\/strong><\/p>\n<p>&#8211; Th\u00e0nh ph\u1ea7n: 100% \u0111\u01b0\u1eddng tinh luy\u1ec7n<\/p>\n<p>&#8211; Tr\u1ecdng l\u01b0\u1ee3ng: 300g<\/p>\n<p>&#8211; Xu\u1ea5t x\u1ee9: Vi\u1ec7t Nam<\/p>\n<p><img src=\"https:\/\/bizweb.dktcdn.net\/100\/004\/714\/products\/duong-ngoc-trai-amoza.jpg?v=1490861912553\" \/><\/p>\n<p><strong>C\u00e1ch l\u00e0m b\u00e1nh chouquette ki\u1ec3u Ph\u00e1p t\u1eeb \u0111\u01b0\u1eddng ng\u1ecdc trai<\/strong><\/p>\n<section id=\"ingredients\"><strong><em>Nguy\u00ean li\u1ec7u:<\/em><\/strong><\/p>\n<ul style=\"box-sizing: border-box; word-break: break-word; margin: auto; padding: 0px; list-style: none;\" data-behavior=\"sortable\" data-record-list=\"  &lt;li class=&quot;ingredient &quot; id=&quot;new_ingredient&quot; data-record=&quot;\/vn\/cong-thuc\/217147-su-ket-chouquettes\/ingredients&quot;&gt;\n\n    &lt;div data-field-group class=&quot;field-group--ingredient&quot;&gt;\n\n      &lt;div class=&quot;ingredient__details&quot; itemprop=&quot;ingredients&quot; data-field data-field-name=&quot;quantity_and_name&quot; data-field-hint='Nh\u1ea5n ENTER \u0111\u1ec3 th\u00eam nguy\u00ean li\u1ec7u m\u1edbi' data-placeholder=&quot;100g b\u1ed9t m\u00ec&quot; data-maxlength=&quot;128&quot;&gt;\n\n      &lt;\/div&gt;\n\n\n\n      &lt;div class=&quot;ingredient__tools field-group__hover editor__tool editor__tool--pc subtle&quot;&gt;\n\n        &lt;a class=&quot;faint&quot; tabindex=&quot;-1&quot; data-behavior=&quot;delete&quot; data-message=&quot;Ch\u1eafc ch\u1eafn xo\u00e1?&quot; href=&quot;#&quot;&gt;&lt;i class=&quot;icf icf--close &quot;&gt;&lt;\/i&gt;&lt;\/a&gt;\n\n        &lt;i data-behavior=&quot;handle&quot; class=&quot;icf icf--sortable &quot;&gt;&lt;\/i&gt;\n\n      &lt;\/div&gt;\n\n    &lt;\/div&gt;\n\n  &lt;\/li&gt;\n\n\" data-sort-url=\"\/vn\/cong-thuc\/217147-su-ket-chouquettes\/ingredients\/sort\"><\/p>\n<li data-record=\"\/vn\/cong-thuc\/217147-su-ket-chouquettes\/ingredients\">125 ml\u00a0s\u1eefa<\/li>\n<li id=\"ingredient_1651874\" data-record=\"\/vn\/cong-thuc\/217147-su-ket-chouquettes\/ingredients\">125 ml\u00a0n\u01b0\u1edbc<\/li>\n<li id=\"ingredient_1651878\" data-record=\"\/vn\/cong-thuc\/217147-su-ket-chouquettes\/ingredients\">130 gam\u00a0b\u01a1 nh\u1ea1t<\/li>\n<li id=\"ingredient_1651883\" data-record=\"\/vn\/cong-thuc\/217147-su-ket-chouquettes\/ingredients\">140 gam\u00a0b\u1ed9t m\u00ec \u0111a d\u1ee5ng r\u00e2y m\u1ecbn<\/li>\n<li id=\"ingredient_1651888\" data-record=\"\/vn\/cong-thuc\/217147-su-ket-chouquettes\/ingredients\">1 nh\u00fam\u00a0mu\u1ed1i nh\u1ecf<\/li>\n<li id=\"ingredient_1651891\" data-record=\"\/vn\/cong-thuc\/217147-su-ket-chouquettes\/ingredients\">15 gam\u00a0\u0111\u01b0\u1eddng<\/li>\n<li id=\"ingredient_1651892\" data-record=\"\/vn\/cong-thuc\/217147-su-ket-chouquettes\/ingredients\">4 qu\u1ea3\u00a0tr\u1ee9ng (50 g m\u1ed9t qu\u1ea3)<\/li>\n<li id=\"ingredient_1651895\" data-record=\"\/vn\/cong-thuc\/217147-su-ket-chouquettes\/ingredients\">100 gam\u00a0\u0111\u01b0\u1eddng h\u1ea1t to<\/li>\n<\/ul>\n<p><strong><em>Ti\u1ebfn h\u00e0nh:<\/em><\/strong><\/p>\n<p>B\u1eadt l\u00f2 200 \u0111\u1ed9 C kho\u1ea3ng 10 ph\u00fat<\/p>\n<\/section>\n<section id=\"steps\"><a tabindex=\"-1\" href=\"https:\/\/cookpad.com\/vn\/step\/images\/fuoo5oynqx9lmg0x92z2\" rel=\"nofollow\" data-target=\"#modal\" data-toggle=\"modal\"><img loading=\"lazy\" src=\"https:\/\/img-global.cpcdn.com\/005_steps\/fuoo5oynqx9lmg0x92z2\/480x360cq70\/photo.jpg\" alt=\"\" width=\"480\" height=\"360\" \/><\/a><\/p>\n<p>( 1) \u0110un s\u00f4i s\u1eefa, b\u01a1, n\u01b0\u1edbc v\u00e0 nh\u00fam mu\u1ed1i.<\/p>\n<p>(2) \u0110\u1ee3i \u0111\u1ebfn khi h\u1ed7n h\u1ee3p s\u00f4i, b\u01a1 tan h\u1ebft th\u00ec v\u1eb7n nh\u1ecf b\u1ebfp.<\/p>\n<p>(3) + (9)\u00a0Sau khi c\u00e2n b\u1ed9t,\u00a0\u0111\u1ed5 b\u1ed9t v\u00e0o h\u1ed7n h\u1ee3p b\u01a1 tr\u00ean .<\/p>\n<p><a tabindex=\"-1\" href=\"https:\/\/cookpad.com\/vn\/step\/images\/awqf6nwnkgdgizwy8yxw\" rel=\"nofollow\" data-target=\"#modal\" data-toggle=\"modal\"><img loading=\"lazy\" src=\"https:\/\/img-global.cpcdn.com\/005_steps\/awqf6nwnkgdgizwy8yxw\/480x360cq70\/photo.jpg\" alt=\"\" width=\"480\" height=\"360\" \/><\/a><\/p>\n<p>(5) D\u00f9ng mu\u1ed7ng g\u1ed7 qu\u1ea5y \u0111\u1ec1u h\u1ed7n h\u1ee3p b\u01a1 v\u00e0 b\u1ed9t cho tan v\u00e0 kh\u00f4ng v\u00f3n c\u1ee5c.<\/p>\n<p>(6) \u0110\u00e1nh cho \u0111\u1ebfn khi kh\u1ed1i b\u1ed9t r\u00f3c kh\u1ecfi th\u00e0nh xoong v\u00e0 kh\u1ed1i b\u1ed9t tr\u1edf b\u00ean m\u1ecbn m\u00e0ng. \u1ede b\u01b0\u1edbc 6 n\u00e0y ph\u1ea3i ki\u00ean tr\u00ec \u0111\u00e1nh v\u00e0 qu\u1ea5y kh\u1ed1i b\u1ed9t \u0111\u1ebfn khi b\u1ed9t ch\u00edn, n\u1ebfu b\u1ed9t ch\u01b0a ch\u00edn th\u00ec l\u00fac sau cho tr\u1ee9ng v\u00e0o r\u1ed3i n\u01b0\u1edbng, b\u00e1nh s\u1ebd kh\u00f4ng n\u1edf \u0111\u01b0\u1ee3c. N\u1ebfu c\u00e1c b\u1ea1n d\u00f9ng n\u1ed3i ch\u1ed1ng d\u00ednh th\u00ec ph\u1ea3i ch\u00fa \u00fd b\u01b0\u1edbc n\u00e0y, v\u00ec do ch\u1ed1ng d\u00ednh n\u00ean kh\u1ed1i b\u1ed9t s\u1ebd d\u1ec5 r\u00f3c kh\u1ecfi th\u00e0nh khu\u00f4n.<\/p>\n<p>(7) B\u1eafc n\u1ed3i kh\u1ecfi b\u1ebfp. \u0110\u00e1nh tan 4 tr\u1ee9ng.<\/p>\n<p>(8) Cho m\u1ed9t n\u1eeda s\u1ed1 tr\u1ee9ng v\u00e0o n\u1ed3i. \u0110\u00e1nh v\u00e0 qu\u1eady \u0111\u1ec1u tr\u1ee9ng v\u00e0 kh\u1ed1i b\u1ed9t.<\/p>\n<p><a tabindex=\"-1\" href=\"https:\/\/cookpad.com\/vn\/step\/images\/chclbe4x9vpn2vfffvqp\" rel=\"nofollow\" data-target=\"#modal\" data-toggle=\"modal\"><img loading=\"lazy\" src=\"https:\/\/img-global.cpcdn.com\/005_steps\/chclbe4x9vpn2vfffvqp\/480x360cq70\/photo.jpg\" alt=\"\" width=\"480\" height=\"360\" \/><\/a><\/p>\n<p>(9) \u0110\u00e1nh. qu\u1ea5y tr\u1ee9ng v\u00e0 b\u1ed9t cho \u0111\u1ebfn khi b\u1ed9t tr\u1edf n\u00ean \u0111\u1eb7c v\u00e0 ho\u00e0 quy\u1ec7n.<\/p>\n<p>(10) Cho ti\u1ebfp s\u1ed1 tr\u1ee9ng c\u00f2n l\u1ea1i v\u00e0o v\u00e0 ti\u1ebfp t\u1ee5c l\u1eadp l\u1ea1i b\u01b0\u1edbc tr\u00ean, cho \u0111\u1ebfn khi h\u1ed7n h\u1ee3p b\u00f3ng v\u00e0 m\u1ecbn m\u00e0ng, t\u1ee9c nh\u1ea5c mu\u1ed7ng l\u00ean, b\u1ed9t s\u1ebd r\u01a1i xu\u1ed1ng th\u00e0nh t\u1eebng m\u1ea3ng, ch\u1ee9 kh\u00f4ng lo\u00e3ng. N\u1ebfu b\u1ed9t lo\u00e3ng, cho ti\u1ebfp 1 tr\u1ee9ng \u0111\u00e1nh tan v\u00e0o, qu\u1ea5y \u0111\u1ebfn khi h\u1ed7n h\u1ee3p \u0111\u1eb7c nh\u01b0 tr\u00ean mi\u00eau t\u1ea3.\u1ed9t l\u00ean tr\u00ean. C\u00f2n n\u1ebfu kh\u00f4ng c\u00f3, do ph\u1ea3i d\u00f9ng rack \u0111\u1ec3 n\u01b0\u1edbng b\u00e1nh ch\u1ee9 kh\u00f4ng d\u00f9ng khay \u0111en (v\u00ec khay \u0111en truy\u1ec1n nhi\u1ec7t qu\u00e1 nhanh, d\u1eabn \u0111\u1ebfn \u0111\u00edt b\u00e1nh th\u00ec \u0111\u00e3 ch\u00e1y c\u00f2n b\u00ean tr\u00ean ch\u01b0a ch\u00edn), m\u00ecnh d\u00f9ng c\u00e1ch s\u1eed d\u1ee5ng khay to l\u00e0m b\u00e1nh cu\u1ed9n c\u00f3 l\u00f3t gi\u1ea5y n\u1ebfn \u1edf trong. (11).L\u1ea7n tr\u01b0\u1edbc m\u00ecnh c\u00f3 l\u00f3t th\u1eb3ng gi\u1ea5y n\u1ebfn l\u00ean rack th\u00ec th\u1ea5y gi\u1ea5y d\u1ec5 b\u1ecb x\u00ea d\u1ecbch, ch\u01b0a k\u1ec3 b\u1ed9t s\u1ebd b\u1ecb r\u01a1i xu\u1ed1ng khe. Nh\u01b0 m\u00ecnh c\u00f3 n\u00f3i \u1edf tr\u00ean, chouquettes kh\u00f4ng c\u00f3 nh\u00e2n n\u00ean t\u1ea1o h\u00ecnh r\u1ea5t \u0111\u01a1n gi\u1ea3n, b\u1ea1n d\u00f9ng 2 c\u00e1i th\u00eca x\u00fac qua x\u00fac l\u1ea1i mi\u1ebfng b\u1ed9t \u0111\u1ec3 b\u1ed9t \u0111<\/p>\n<p><a tabindex=\"-1\" href=\"https:\/\/cookpad.com\/vn\/step\/images\/wzkmpe24aozqkfxm37b9\" rel=\"nofollow\" data-target=\"#modal\" data-toggle=\"modal\"><img loading=\"lazy\" src=\"https:\/\/img-global.cpcdn.com\/005_steps\/wzkmpe24aozqkfxm37b9\/480x360cq70\/photo.jpg\" alt=\"\" width=\"480\" height=\"360\" \/><\/a><\/p>\n<p>M\u00ecnh d\u00f9ng \u0111\u01b0\u1eddng h\u1ea1t c\u00f3 h\u00ecnh nh\u01b0 sau ( 13). \u0110\u01b0\u1eddng n\u00e0y c\u00f3 b\u00e1n t\u1ea1i khu b\u00e1n \u0111\u01b0\u1eddng, b\u1ed9t, \u0111\u1ed3 l\u00e0m b\u00e1nh ng\u1ecdt trong si\u00eau th\u1ecb. Nh\u1eb9 nh\u00e0ng r\u1eafc \u0111\u01b0\u1eddng l\u00ean tr\u00ean c\u00e1c kh\u1ed1i b\u1ed9t tr\u00ean khay ( 14). L\u01b0u \u00fd\u00a0v\u00ec \u0111\u01b0\u1eddng d\u1ec5 r\u01a1i ra ngo\u00e0i n\u00ean c\u00f3 th\u1ec3 \u1ea5n t\u1eebng vi\u00ean \u0111\u01b0\u1eddng l\u00ean b\u1ec1 m\u1eb7t b\u1ed9t \u0111\u1ec3 \u0111\u01b0\u1eddng s\u1ebd \u1edf nguy\u00ean tr\u00ean b\u00e1nh choux khi ra l\u00f2.<\/p>\n<p><a tabindex=\"-1\" href=\"https:\/\/cookpad.com\/vn\/step\/images\/jynor1knfaivq6ornytu\" rel=\"nofollow\" data-target=\"#modal\" data-toggle=\"modal\"><img loading=\"lazy\" src=\"https:\/\/img-global.cpcdn.com\/005_steps\/jynor1knfaivq6ornytu\/480x360cq70\/photo.jpg\" alt=\"\" width=\"480\" height=\"360\" \/><\/a><\/p>\n<p>N\u01b0\u1edbng b\u00e1nh \u1edf nhi\u1ec7t \u0111\u1ed9 200\u00b0 trong v\u00f2ng kho\u1ea3ng 20-25 ph\u00fat<\/p>\n<p>B\u00e1nh ch\u00edn, \u0111\u1ec3 tr\u00ean rack cho th\u1eadt ngu\u1ed9i r\u1ed3i \u0103n. Tr\u00e1nh \u0111\u1ec3 b\u00e1nh n\u00f3ng c\u1ea1nh nhau trong t\u00fai, b\u00e1nh s\u1ebd b\u1ecb h\u1ea5p h\u01a1i v\u00e0 nh\u00e3o.<\/p>\n<\/section>\n","protected":false},"excerpt":{"rendered":"<p>&#8211; Th\u00e0nh ph\u1ea7n: 100% \u0111\u01b0\u1eddng tinh luy\u1ec7n<\/p>\n<p>&#8211; Tr\u1ecdng l\u01b0\u1ee3ng: 300g<\/p>\n<p>&#8211; Xu\u1ea5t x\u1ee9: Vi\u1ec7t Nam<\/p>\n<p>&#8211; D\u00f9ng \u0111\u1ec3 r\u1eafc l\u00ean m\u1eb7t b\u00e1nh<\/p>\n","protected":false},"featured_media":574,"comment_status":"open","ping_status":"closed","template":"","meta":[],"product_cat":[18,32],"product_tag":[],"_links":{"self":[{"href":"https:\/\/demo.bmconnect.vn\/cake\/wp-json\/wp\/v2\/product\/573"}],"collection":[{"href":"https:\/\/demo.bmconnect.vn\/cake\/wp-json\/wp\/v2\/product"}],"about":[{"href":"https:\/\/demo.bmconnect.vn\/cake\/wp-json\/wp\/v2\/types\/product"}],"replies":[{"embeddable":true,"href":"https:\/\/demo.bmconnect.vn\/cake\/wp-json\/wp\/v2\/comments?post=573"}],"wp:featuredmedia":[{"embeddable":true,"href":"https:\/\/demo.bmconnect.vn\/cake\/wp-json\/wp\/v2\/media\/574"}],"wp:attachment":[{"href":"https:\/\/demo.bmconnect.vn\/cake\/wp-json\/wp\/v2\/media?parent=573"}],"wp:term":[{"taxonomy":"product_cat","embeddable":true,"href":"https:\/\/demo.bmconnect.vn\/cake\/wp-json\/wp\/v2\/product_cat?post=573"},{"taxonomy":"product_tag","embeddable":true,"href":"https:\/\/demo.bmconnect.vn\/cake\/wp-json\/wp\/v2\/product_tag?post=573"}],"curies":[{"name":"wp","href":"https:\/\/api.w.org\/{rel}","templated":true}]}}