{"id":567,"date":"2017-10-19T03:11:58","date_gmt":"2017-10-18T20:11:58","guid":{"rendered":"https:\/\/demo.bmconnect.vn\/cake\/?post_type=product&#038;p=567"},"modified":"2017-10-19T03:11:58","modified_gmt":"2017-10-18T20:11:58","slug":"combo-san-pham-decor-chup-anh-tren-da-cam-thach","status":"publish","type":"product","link":"https:\/\/demo.bmconnect.vn\/cake\/product\/combo-san-pham-decor-chup-anh-tren-da-cam-thach\/","title":{"rendered":"Combo s\u1ea3n ph\u1ea9m decor ch\u1ee5p \u1ea3nh tr\u00ean \u0111\u00e1 c\u1ea9m th\u1ea1ch"},"content":{"rendered":"<h3>Combo s\u1ea3n ph\u1ea9m decor ch\u1ee5p \u1ea3nh tr\u00ean \u0111\u00e1 c\u1ea9m th\u1ea1ch<\/h3>\n<p>M\u00e3 s\u1ea3n ph\u1ea9m:\u00a0<span class=\"prodid\">DECOR01<\/span><\/p>\n<p>Combo s\u1ea3n ph\u1ea9m decor ch\u1ee5p \u1ea3nh tr\u00ean \u0111\u00e1 c\u1ea9m th\u1ea1ch ch\u00ednh l\u00e0 c\u00f4ng c\u1ee5 h\u1eefu \u00edch gi\u00fap c\u00e1c b\u00e0 n\u1ed9i tr\u1ee3 l\u01b0u gi\u1eef l\u1ea1i kho\u1ea3nh kh\u1eafc khi c\u00e1c m\u00f3n \u0103n c\u1ee7a m\u00ecnh \u0111\u01b0\u1ee3c ra l\u00f2. B\u1eb1ng nh\u1eefng thi\u1ebft k\u1ebf \u0111\u01a1n gi\u1ea3n k\u1ebft h\u1ee3p v\u1edbi s\u1ef1 s\u00e1ng t\u1ea1o trong c\u00e1ch b\u00e0i tr\u00ed, b\u1ea1n s\u1ebd c\u00f3 cho m\u00ecnh nh\u1eefng b\u1ee9c \u1ea3nh \u0111\u1ed3 \u0103n mang t\u00ednh ngh\u1ec7 thu\u1eadt v\u00e0 h\u1ea5p d\u1eabn.<\/p>\n<p><img src=\"https:\/\/bizweb.dktcdn.net\/100\/004\/714\/products\/combo-decor-6.jpg?v=1498278413270\" data-thumb=\"original\" \/><\/p>\n<p>B\u1ed9 s\u1ea3n ph\u1ea9m bao g\u1ed3m: 1 b\u00eca\u00a0nh\u1ef1a gi\u1ea3 \u0111\u00e1 c\u1ea9m th\u1ea1ch, 1 hoa c\u1ecf kh\u00f4, cherry nh\u1ef1a, chanh nh\u1ef1a, \u0111\u0169a, g\u1ed7 trang tr\u00ed, crack n\u01b0\u1edbng, kh\u0103n v\u1ea3i.\u00a0Ngo\u00e0i ra c\u00f2n c\u00f3 m\u1ed9t b\u00f4ng hoa h\u1ed3ng gi\u1ea3, m\u00e0u \u0111\u1ecf t\u01b0\u01a1i, gi\u00fap cho b\u1ed9 decor th\u00eam ph\u1ea7n r\u1ef1c r\u1ee1 v\u00e0 sinh \u0111\u1ed9ng.<\/p>\n<p><img src=\"https:\/\/bizweb.dktcdn.net\/100\/004\/714\/products\/tb1ejxcrfxxxxx0xvxxxxxxxxxx-0-item-pic-jpg-600x600.jpg?v=1498127631737\" data-thumb=\"original\" \/><\/p>\n<p>V\u1edbi t\u00f4ng m\u00e0u c\u1ed5 \u0111i\u1ec3n k\u1ebft h\u1ee3p v\u1edbi c\u00e1c s\u1eafc \u0111\u1ed9 t\u01b0\u01a1i t\u1eafn nh\u01b0 m\u00e0u \u0111\u1ecf v\u00e0 v\u00e0ng,<strong>\u00a0combo s\u1ea3n ph\u1ea9m decor ch\u1ee5p \u1ea3nh tr\u00ean \u0111\u00e1 c\u1ea9m th\u1ea1ch<\/strong>t\u1ea1o n\u00ean n\u00e9t \u0111\u1eb9p h\u00e0i h\u00f2a, t\u1ea1o cho m\u00f3n \u0103n th\u00eam ph\u1ea7n ngh\u1ec7 thu\u1eadt v\u00e0 h\u1ea5p d\u1eabn.<\/p>\n<p><img src=\"https:\/\/bizweb.dktcdn.net\/100\/004\/714\/products\/tb2nt1gt88lpufjsspaxxxjkpxa-2965865072-jpg-600x600.jpg?v=1498127651690\" data-thumb=\"original\" \/><\/p>\n<p><em>M\u00e0u v\u00e0ng n\u1ed5i b\u1eadt tr\u00ean n\u1ec1n \u0111\u00e1 c\u1ea9m th\u1ea1ch v\u00e0 t\u1ea5m v\u1ea3i xanh<\/em><\/p>\n<p><img src=\"https:\/\/bizweb.dktcdn.net\/100\/004\/714\/products\/da-cam-thach-2.jpg?v=1498279076733\" data-thumb=\"original\" \/><\/p>\n<p>N\u00e9t \u0111\u1eb9p c\u1ed5 \u0111i\u1ec3n c\u1ee7a \u0111\u00f4i \u0111\u0169a n\u00e2u tr\u1ea7m k\u1ebft h\u1ee3p v\u1edbi s\u1eafc v\u00e0ng t\u01b0\u01a1i t\u1eafn t\u1ea1o n\u00ean m\u1ed9t t\u1ed5ng th\u1ec3 m\u00e0u s\u1eafc h\u00e0i h\u00f2a v\u00e0 mang t\u00ednh ngh\u1ec7 thu\u1eadt.<\/p>\n<p>C\u00e1c s\u1ea3n ph\u1ea9m g\u1ed7 \u0111\u01b0\u1ee3c l\u00e0m b\u1eb1ng ch\u1ea5t li\u1ec7u cao c\u1ea5p, b\u1ea1n c\u00f3 th\u1ec3 d\u1ec5 d\u00e0ng b\u1ea3o qu\u1ea3n trong th\u1eddi gian d\u00e0i.<\/p>\n<p><em><img src=\"https:\/\/bizweb.dktcdn.net\/100\/004\/714\/products\/tb26v12t9fjpufjsszhxxabuvxa-2965865072.jpg?v=1498127656807\" data-thumb=\"original\" \/><\/em><\/p>\n<p><em>N\u1ec1n \u0111\u00e1 c\u1ea9m th\u1ea1ch k\u1ebft h\u1ee3p v\u1edbi v\u1ebb \u0111\u1eb9p t\u1ef1 nhi\u00ean c\u1ee7a b\u00f3 hoa \u0111\u00e3 l\u00e0m t\u00f4n l\u00ean s\u1ef1 h\u1ea5p d\u1eabn cho nh\u1eefng chi\u1ebfc b\u00e1nh.<\/em><\/p>\n<p><em><img src=\"https:\/\/bizweb.dktcdn.net\/100\/004\/714\/products\/tb2ppjwt9tkpufjy0fhxxxqzfxa-2965865072-jpg-600x600.jpg?v=1498127653827\" data-thumb=\"original\" \/><\/em><\/p>\n<p>Ch\u1ec9 v\u1edbi m\u1ed9t v\u00e0i c\u00e1ch b\u00e0i tr\u00ed \u0111\u01a1n gi\u1ea3n, b\u1ea1n s\u1ebd c\u00f3 trong tay nh\u1eefng b\u1ee9c \u1ea3nh \u0111\u1ed3 \u0103n h\u1ea5p d\u1eabn \u0111\u1ec3 chia s\u1ebb cho t\u1ea5t c\u1ea3 m\u1ecdi ng\u01b0\u1eddi. Ngo\u00e0i s\u1ea3n ph\u1ea9m tr\u00ean<strong>,\u00a0Beemart<\/strong>\u00a0hi\u1ec7n \u0111ang cung c\u1ea5p c\u00e1c b\u1ed9 combo decor v\u1edbi\u00a0m\u00e0u s\u1eafc, phong c\u00e1ch \u0111a d\u1ea1ng v\u00e0\u00a0\u0111\u1ed9c \u0111\u00e1o, ch\u1eafc ch\u1eafn s\u1ebd gi\u00fap nh\u1eefng b\u00e0 n\u1ed9i tr\u1ee3 l\u01b0u gi\u1eef l\u1ea1i nh\u1eefng b\u1ee9c \u1ea3nh \u0111\u1eb9p cho m\u00f3n \u0103n c\u1ee7a m\u00ecnh.<\/p>\n","protected":false},"excerpt":{"rendered":"<p>B\u1ed9 s\u1ea3n ph\u1ea9m bao g\u1ed3m: 1 b\u00eca\u00a0nh\u1ef1a gi\u1ea3 \u0111\u00e1 c\u1ea9m th\u1ea1ch, 1 hoa c\u1ecf kh\u00f4, cherry nh\u1ef1a, chanh nh\u1ef1a, \u0111\u0169a, g\u1ed7 trang tr\u00ed, crack n\u01b0\u1edbng, kh\u0103n v\u1ea3i, hoa h\u1ed3ng.<\/p>\n<p>&#8211; K\u00edch th\u01b0\u1edbc h\u1ed9p: 52 x 52 x 7cm<\/p>\n<p>&#8211; Tr\u1ecdng l\u01b0\u1ee3ng: 1.8 kg<\/p>\n","protected":false},"featured_media":568,"comment_status":"open","ping_status":"closed","template":"","meta":[],"product_cat":[18,32],"product_tag":[],"_links":{"self":[{"href":"https:\/\/demo.bmconnect.vn\/cake\/wp-json\/wp\/v2\/product\/567"}],"collection":[{"href":"https:\/\/demo.bmconnect.vn\/cake\/wp-json\/wp\/v2\/product"}],"about":[{"href":"https:\/\/demo.bmconnect.vn\/cake\/wp-json\/wp\/v2\/types\/product"}],"replies":[{"embeddable":true,"href":"https:\/\/demo.bmconnect.vn\/cake\/wp-json\/wp\/v2\/comments?post=567"}],"wp:featuredmedia":[{"embeddable":true,"href":"https:\/\/demo.bmconnect.vn\/cake\/wp-json\/wp\/v2\/media\/568"}],"wp:attachment":[{"href":"https:\/\/demo.bmconnect.vn\/cake\/wp-json\/wp\/v2\/media?parent=567"}],"wp:term":[{"taxonomy":"product_cat","embeddable":true,"href":"https:\/\/demo.bmconnect.vn\/cake\/wp-json\/wp\/v2\/product_cat?post=567"},{"taxonomy":"product_tag","embeddable":true,"href":"https:\/\/demo.bmconnect.vn\/cake\/wp-json\/wp\/v2\/product_tag?post=567"}],"curies":[{"name":"wp","href":"https:\/\/api.w.org\/{rel}","templated":true}]}}