{"id":219,"date":"2018-04-26T09:06:12","date_gmt":"2018-04-26T02:06:12","guid":{"rendered":"https:\/\/demo.bmconnect.vn\/bienchucdanh\/?post_type=product&#038;p=219"},"modified":"2018-04-26T11:25:29","modified_gmt":"2018-04-26T04:25:29","slug":"the-nhan-vien-05","status":"publish","type":"product","link":"https:\/\/demo.bmconnect.vn\/bienchucdanh\/san-pham\/the-nhan-vien-05\/","title":{"rendered":"Th\u1ebb Nh\u00e2n Vi\u00ean 05"},"content":{"rendered":"<h4>C\u00f4ng ty TNHH \u0110\u1ea7u t\u01b0 v\u00e0 D\u1ecbch v\u1ee5 \u0110\u1ea1i D\u01b0\u01a1ng Xanh chuy\u00ean l\u00e0m th\u1ebb nh\u00e2n vi\u00ean t\u1ea1i h\u00e0 n\u1ed9i\u00a0v\u00e0 l\u00e0m th\u1ebb nh\u00e2n vi\u00ean cho c\u00e1c \u0111\u01a1n v\u1ecb c\u00f3 nhu c\u1ea7u tr\u00ean c\u1ea3 n\u01b0\u1edbc.<\/h4>\n<h4>\u0110\u1ea1i D\u01b0\u01a1ng Xanh nh\u1eadn l\u00e0m th\u1ebb nh\u00e2n vi\u00ean tr\u00ean nh\u1ef1a v\u00e0 kim lo\u1ea1i\u2026<\/h4>\n<h4>Ch\u00fang t\u00f4i tr\u1ef1c ti\u1ebfp s\u1ea3n xu\u1ea5t, l\u00e0m th\u1ebb nh\u00e2n vi\u00ean v\u00e0 chuy\u1ec3n t\u1edbi t\u1eadn tay kh\u00e1ch h\u00e0ng, \u0111\u1ea3m b\u1ea3o\u00a0ti\u1ebfn \u0111\u1ed9, th\u1eddi gian v\u00e0 t\u00ednh th\u1ea9m m\u1ef9 c\u1ee7a s\u1ea3n ph\u1ea9m theo y\u00eau c\u1ea7u, g\u00f3p ph\u1ea7n t\u1ea1o n\u00ean t\u00ednh\u00a0chuy\u00ean nghi\u1ec7p cho kh\u00e1ch h\u00e0ng khi ra th\u1ecb tr\u01b0\u1eddng. Th\u00eam v\u00e0o \u0111\u00f3, n\u1ebfu kh\u00e1ch h\u00e0ng mu\u1ed1n l\u00e0m th\u1ebb nh\u00e2n vi\u00ean v\u00e0 c\u00f3\u00a0th\u00eam d\u00e2y \u0111eo v\u00e0 bao \u0111\u1ef1ng cho th\u1ebb nh\u00e2n vi\u00ean th\u00ec c\u00f4ng ty ch\u00fang t\u00f4i s\u1ebd cung c\u1ea5p v\u1edbi gi\u00e1 c\u1ea3\u00a0h\u1ee3p l\u00fd nh\u1ea5t, ch\u1eafc ch\u1eafn s\u1ebd l\u00e0m h\u00e0i l\u00f2ng t\u00fai ti\u1ec1n v\u00e0 y\u00eau c\u1ea7u c\u1ee7a b\u1ea1n.<\/h4>\n<figure id=\"attachment_2297\" class=\"thumbnail wp-caption aligncenter\"><a href=\"http:\/\/www.bienchucdanh.vn\/san-pham\/lam-the-nhan-vien-2\/lam-the-nhan-vien-3\/\" rel=\"attachment wp-att-2297\"><img loading=\"lazy\" class=\"size-large wp-image-2297\" src=\"http:\/\/www.bienchucdanh.vn\/wp-content\/uploads\/2017\/05\/lam-the-nhan-vien-247x400.jpg\" sizes=\"(max-width: 247px) 100vw, 247px\" srcset=\"http:\/\/www.bienchucdanh.vn\/wp-content\/uploads\/2017\/05\/lam-the-nhan-vien-247x400.jpg 247w, http:\/\/www.bienchucdanh.vn\/wp-content\/uploads\/2017\/05\/lam-the-nhan-vien-154x250.jpg 154w, http:\/\/www.bienchucdanh.vn\/wp-content\/uploads\/2017\/05\/lam-the-nhan-vien-768x1244.jpg 768w, http:\/\/www.bienchucdanh.vn\/wp-content\/uploads\/2017\/05\/lam-the-nhan-vien.jpg 800w\" alt=\"Th\u1ebb nh\u00e2n vi\u00ean\" width=\"247\" height=\"400\" \/><\/a><figcaption class=\"caption wp-caption-text\">Th\u1ebb nh\u00e2n vi\u00ean<\/figcaption><\/figure>\n<h4>1. Th\u1ebb nh\u00e2n vi\u00ean l\u00e0 g\u00ec v\u00e0 t\u1ea1i sao c\u1ea7n l\u00e0m th\u1ebb nh\u00e2n vi\u00ean<\/h4>\n<h4>Th\u1ebb nh\u00e2n vi\u00ean l\u00e0 t\u1ea5m th\u1ebb \u0111\u01b0\u1ee3c c\u00e1c c\u00f4ng ty v\u00e0 doanh nghi\u1ec7p ph\u00e1t cho nh\u00e2n vi\u00ean c\u1ee7a\u00a0m\u00ecnh. Ngo\u00e0i c\u00f4ng d\u1ee5ng l\u00e0 \u0111\u1ec3 c\u00e1c th\u00e0nh vi\u00ean trong c\u00f4ng ty nhanh ch\u00f3ng x\u00e1c \u0111\u1ecbnh \u0111\u01b0\u1ee3c\u00a0t\u00ean, ch\u1ee9c v\u1ee5 v\u00e0 ph\u00f2ng ban c\u1ee7a \u0111\u1ed3ng nghi\u1ec7p\u2026 Khi qu\u00fd \u0111\u01a1n v\u1ecb l\u00e0m th\u1ebb nh\u00e2n vi\u00ean cho \u0111\u01a1n v\u1ecb m\u00ecnh l\u00e0 c\u00e1ch \u0111\u1ec3 c\u00f4ng ty\u00a0hay doanh nghi\u1ec7p qu\u1ea3ng c\u00e1o \u0111\u01b0\u1ee3c th\u01b0\u01a1ng hi\u1ec7u, \u0111\u1eb7c tr\u01b0ng, t\u00ednh chuy\u00ean nghi\u1ec7p c\u1ee7a m\u00ecnh\u00a0\u0111\u1ebfn kh\u00e1ch h\u00e0ng n\u00f3i ri\u00eang v\u00e0 t\u1ea5t c\u1ea3 m\u1ecdi ng\u01b0\u1eddi n\u00f3i chung khi nh\u00ecn h\u1ecd th\u1ea5y ch\u00fang.\u00a0\u0110eo th\u1ebb nh\u00e2n vi\u00ean c\u00f2n gi\u00fap nh\u00e2n vi\u00ean c\u1ea3m th\u1ea5y t\u1ef1 tin,\u00a0nghi\u00eam t\u00fac c\u1ee7a h\u1ecd v\u1edbi c\u00f4ng ty.<\/h4>\n<h4>2. Ch\u1ea5t li\u1ec7u l\u00e0m th\u1ebb nh\u00e2n vi\u00ean<\/h4>\n<h4>Ng\u00e0y tr\u01b0\u1edbc, khi c\u00f4ng ngh\u1ec7 ch\u01b0a ph\u00e1t tri\u1ec3n \u0111\u01b0\u1ee3c b\u00e2y gi\u1edd th\u00ec \u00a0c\u00e1ch th\u1ee9c l\u00e0m th\u1ebb nh\u00e2n vi\u00ean \u0111\u01b0\u1ee3c l\u00e0m t\u1eeb nh\u1eefng\u00a0ch\u1ea5t li\u1ec7u r\u1ea5t \u0111\u01a1n gi\u1ea3n nh\u01b0 gi\u1ea5y b\u00eca c\u1ee9ng, th\u1eadm ch\u00ed \u1edf m\u1ed9t s\u1ed1 c\u00f4ng ty hay doanh nghi\u00eap,\u00a0nh\u00e2n vi\u00ean c\u00f2n l\u00e0m th\u1ebb nh\u00e2n vi\u00ean b\u1eb1ng c\u00e1ch t\u1ef1 vi\u1ebft t\u00ean, ch\u1ee9c v\u1ee5 c\u1ee7a m\u00ecnh l\u00ean m\u1ed9t m\u1ea9u gi\u1ea5y.<\/h4>\n<h4>Tuy nhi\u00ean, v\u1edbi s\u1ef1 hi\u1ec7n \u0111\u1ea1i v\u00e0 ti\u00ean ti\u1ebfn c\u1ee7a khoa h\u1ecdc \u2013 k\u0129 thu\u1eadt th\u00ec ngh\u00e0nh l\u00e0m th\u1ebb nh\u00e2n vi\u00ean c\u0169ng \u0111\u01b0\u1ee3c ph\u00e1t tri\u1ec3n, ng\u01b0\u1eddi ta \u0111\u00e3 ch\u1ebf t\u1ea1o ra\u00a0r\u1ea5t nhi\u1ec1u lo\u1ea1i ch\u1ea5t d\u1ebbo, trong \u0111\u00f3 c\u00f3 PVC l\u00e0 m\u1ed9t lo\u1ea1i nh\u1ef1a \u0111\u01b0\u1ee3c ch\u00fang t\u00f4i \u0111\u01b0a v\u00e0o \u1ee9ng d\u1ee5ng l\u00e0m th\u1ebb nh\u00e2n vi\u00ean ch\u1ee7 ch\u1ed1t, b\u1edfi nh\u1eefng \u01b0u \u0111i\u1ec3m b\u1ec1n, \u0111\u1eb9p\u2026<\/h4>\n<h4>3. M\u00f4 t\u1ea3 quy tr\u00ecnh l\u00e0m th\u1ebb nh\u00e2n vi\u00ean<\/h4>\n<h4>Th\u1ebb nh\u00e2n vi\u00ean \u0111\u01b0\u1ee3c in tr\u00ean gi\u1ea5y nh\u1ef1a pvc b\u1eb1ng lo\u1ea1i m\u1ef1c kh\u00f4ng phai, sau \u0111\u00f3 \u0111\u01b0\u1ee3c s\u1ea5y kh\u00f4 ( nh\u1eb1m m\u1ee5c \u0111\u00edch l\u00e0m t\u0103ng \u0111\u1ed9 b\u00e1m c\u1ee7a m\u1ef1c v\u00e0o nh\u1ef1a ). Ti\u1ebfp theo l\u00e0 \u0111\u01b0\u1ee3c c\u00e1n tr\u00ean b\u1ec1 m\u1eb7t l\u1edbp b\u00eca b\u00f3ng gi\u00fap ch\u1ed1ng bay m\u00e0u v\u00e0 \u0111\u01b0\u1ee3c \u00e9p d\u01b0\u1edbi nhi\u1ec7t \u0111\u1ed9 125 \u0111\u1ed9 trong v\u00f2ng 25 ph\u00fat.<\/h4>\n<h4>Q\u00fay kh\u00e1ch c\u00f3 nhu c\u1ea7u l\u00e0m th\u1ebb nh\u00e2n vi\u00ean cho \u0111\u01a1n v\u1ecb m\u00ecnh, xin vui l\u00f2ng li\u00ean h\u1ec7<\/h4>\n<hr \/>\n<h4>C\u00f4ng ty TNHH \u0110\u1ea7u t\u01b0 v\u00e0 D\u1ecbch v\u1ee5 \u0110\u1ea1i D\u01b0\u01a1ng Xanh<\/p>\n<p>\u0110C: s\u1ed1 14 ng\u00e1ch 83\/51\/27, ng\u00f5 83, \u0111\u01b0\u1eddng T\u00e2n Tri\u1ec1u, x\u00e3 T\u00e2n Tri\u1ec1u, huy\u1ec7n Thanh Tr\u00ec, TP. H\u00e0 N\u1ed9i<\/p>\n<p>VP: S\u1ed1 1 ngh\u00e1ch 2 ng\u00f5 277 V\u0169 T\u00f4ng Phan, Kh\u01b0\u01a1ng \u0110\u00ecnh, Thanh Xu\u00e2n, H\u00e0 N\u1ed9i<\/p>\n<p>MST: 0106665244<\/p>\n<p>TK: 0741100430002 \u2013 T\u1ea1i ng\u00e2n h\u00e0ng TMCP Qu\u00e2n \u0111\u1ed9i \u2013 CN Th\u0103ng Long<\/h4>\n","protected":false},"excerpt":{"rendered":"<h3>Th\u00f4ng tin v\u1ec1\u00a0th\u1ebb\u00a0nh\u00e2n vi\u00ean<\/h3>\n<h3>\u2013 Ch\u1ea5t li\u1ec7u:\u00a0nh\u1ef1a pvc<\/h3>\n<h3>\u2013 C\u00f4ng ngh\u1ec7 in: in tr\u1ef1c ti\u1ebfp tr\u00ean nh\u1ef1a pvc \u00e9p 4 l\u1edbp cao t\u1ea7ng<\/h3>\n<h3>\u2013 K\u00edch th\u01b0\u1edbc:\u00a086\u00d754 (mm)<\/h3>\n<h3>M\u1ecdi ch\u1ecb ti\u1ebft v\u1ec1 s\u1ea3n ph\u1ea9m xin vui l\u00f2ng li\u00ean h\u1ec7 :<\/h3>\n","protected":false},"featured_media":220,"comment_status":"open","ping_status":"closed","template":"","meta":[],"product_cat":[20],"product_tag":[],"_links":{"self":[{"href":"https:\/\/demo.bmconnect.vn\/bienchucdanh\/wp-json\/wp\/v2\/product\/219"}],"collection":[{"href":"https:\/\/demo.bmconnect.vn\/bienchucdanh\/wp-json\/wp\/v2\/product"}],"about":[{"href":"https:\/\/demo.bmconnect.vn\/bienchucdanh\/wp-json\/wp\/v2\/types\/product"}],"replies":[{"embeddable":true,"href":"https:\/\/demo.bmconnect.vn\/bienchucdanh\/wp-json\/wp\/v2\/comments?post=219"}],"wp:featuredmedia":[{"embeddable":true,"href":"https:\/\/demo.bmconnect.vn\/bienchucdanh\/wp-json\/wp\/v2\/media\/220"}],"wp:attachment":[{"href":"https:\/\/demo.bmconnect.vn\/bienchucdanh\/wp-json\/wp\/v2\/media?parent=219"}],"wp:term":[{"taxonomy":"product_cat","embeddable":true,"href":"https:\/\/demo.bmconnect.vn\/bienchucdanh\/wp-json\/wp\/v2\/product_cat?post=219"},{"taxonomy":"product_tag","embeddable":true,"href":"https:\/\/demo.bmconnect.vn\/bienchucdanh\/wp-json\/wp\/v2\/product_tag?post=219"}],"curies":[{"name":"wp","href":"https:\/\/api.w.org\/{rel}","templated":true}]}}