{"id":213,"date":"2018-04-26T09:03:43","date_gmt":"2018-04-26T02:03:43","guid":{"rendered":"https:\/\/demo.bmconnect.vn\/bienchucdanh\/?post_type=product&#038;p=213"},"modified":"2018-04-26T10:03:37","modified_gmt":"2018-04-26T03:03:37","slug":"the-nhan-vien-04","status":"publish","type":"product","link":"https:\/\/demo.bmconnect.vn\/bienchucdanh\/san-pham\/the-nhan-vien-04\/","title":{"rendered":"Th\u1ebb Nh\u00e2n Vi\u00ean 04"},"content":{"rendered":"<h4>C\u00f4ng \u0110\u1ea1i D\u01b0\u01a1ng Xanh chuy\u00ean in \u1ea5n, l\u00e0m th\u1ebb nh\u00e2n vi\u00ean \u0111\u1eb9p, thi\u1ebft k\u1ebf th\u1ebb nh\u00e2n vi\u00ean \u0111\u1eb9p, cung c\u1ea5p c\u00e1c m\u1eabu th\u1ebb nh\u00e2n vi\u00ean \u0111\u1eb9p cho c\u00e1c \u0111\u01a1n v\u1ecb t\u1ea1i h\u00e0 n\u1ed9i. Ngo\u00e0i ra ch\u00fang t\u00f4i c\u00f2n cung c\u1ea5p th\u1ebb nh\u00e2n vi\u00ean \u0111\u1eb9p tr\u00ean to\u00e0n qu\u1ed1c.<\/h4>\n<h4>1. Th\u1ebb nh\u00e2n vi\u00ean l\u00e0 g\u00ec, t\u1ea1i sao c\u1ea7n m\u1eabu thi\u1ebft k\u1ebf th\u1ebb nh\u00e2n vi\u00ean \u0111\u1eb9p ?<\/h4>\n<h4>Th\u1ebb nh\u00e2n vi\u00ean l\u00e0 t\u1ea5m th\u1ebb \u0111\u01b0\u1ee3c c\u00e1c c\u00f4ng ty v\u00e0 doanh nghi\u1ec7p ph\u00e1t cho nh\u00e2n vi\u00ean c\u1ee7a<\/h4>\n<h4>m\u00ecnh. Ngo\u00e0i c\u00f4ng d\u1ee5ng l\u00e0 \u0111\u1ec3 c\u00e1c th\u00e0nh vi\u00ean trong c\u00f4ng ty nhanh ch\u00f3ng x\u00e1c \u0111\u1ecbnh \u0111\u01b0\u1ee3c<\/h4>\n<h4>t\u00ean, ch\u1ee9c v\u1ee5 v\u00e0 ph\u00f2ng ban c\u1ee7a \u0111\u1ed3ng nghi\u1ec7p\u2026 th\u00ec thi\u1ebft k\u1ebf m\u1ed9t m\u1eabu th\u1ebb nh\u00e2n vi\u00ean \u0111\u1eb9p, ph\u00f9 h\u1ee3p v\u1edbi m\u00f4i tr\u01b0\u1eddng doanh nghi\u1ec7p c\u00f2n l\u00e0 c\u00e1ch \u0111\u1ec3 c\u00f4ng ty\u00a0hay doanh nghi\u1ec7p qu\u1ea3ng c\u00e1o \u0111\u01b0\u1ee3c th\u01b0\u01a1ng hi\u1ec7u, \u0111\u1eb7c tr\u01b0ng, t\u00ednh chuy\u00ean nghi\u1ec7p c\u1ee7a m\u00ecnh\u00a0\u0111\u1ebfn kh\u00e1ch h\u00e0ng n\u00f3i ri\u00eang v\u00e0 t\u1ea5t c\u1ea3 m\u1ecdi ng\u01b0\u1eddi n\u00f3i chung khi nh\u00ecn h\u1ecd th\u1ea5y\u00a0m\u1ed9t m\u1eabu th\u1ebb nh\u00e2n vi\u00ean \u0111\u1eb9p, ph\u00f9 h\u1ee3p v\u1edbi doanh nghi\u1ec7p b\u1ea1n<\/h4>\n<h4>\u00a0M\u1ed9t m\u1eabu th\u1ebb nh\u00e2n vi\u00ean \u0111\u1eb9p c\u00f2n gi\u00fap nh\u00e2n vi\u00ean c\u1ea3m th\u1ea5y t\u1ef1 tin, th\u1ec3 hi\u1ec7n \u0111\u01b0\u1ee3c s\u1ef1 t\u00f4n tr\u1ecdng,\u00a0nghi\u00eam t\u00fac c\u1ee7a h\u1ecd v\u1edbi c\u00f4ng ty.<\/h4>\n<figure id=\"attachment_2296\" class=\"thumbnail wp-caption aligncenter\"><a href=\"http:\/\/www.bienchucdanh.vn\/san-pham\/the-nhan-vien-dep\/in-the-nhan-vien-3\/\" rel=\"attachment wp-att-2296\"><img loading=\"lazy\" class=\"size-large wp-image-2296\" src=\"http:\/\/www.bienchucdanh.vn\/wp-content\/uploads\/2017\/05\/in-the-nhan-vien-1-247x400.jpg\" sizes=\"(max-width: 247px) 100vw, 247px\" srcset=\"http:\/\/www.bienchucdanh.vn\/wp-content\/uploads\/2017\/05\/in-the-nhan-vien-1-247x400.jpg 247w, http:\/\/www.bienchucdanh.vn\/wp-content\/uploads\/2017\/05\/in-the-nhan-vien-1-154x250.jpg 154w, http:\/\/www.bienchucdanh.vn\/wp-content\/uploads\/2017\/05\/in-the-nhan-vien-1-768x1244.jpg 768w, http:\/\/www.bienchucdanh.vn\/wp-content\/uploads\/2017\/05\/in-the-nhan-vien-1.jpg 800w\" alt=\"M\u1eabu th\u1ebb nh\u00e2n vi\u00ean \u0111\u1eb9p\" width=\"247\" height=\"400\" \/><\/a><figcaption class=\"caption wp-caption-text\">M\u1eabu th\u1ebb nh\u00e2n vi\u00ean \u0111\u1eb9p<\/figcaption><\/figure>\n<h4>2. Ch\u1ea5t li\u1ec7u l\u00e0m th\u1ebb nh\u00e2n vi\u00ean \u0111\u1ec3 c\u00f3 \u0111\u01b0\u1ee3c s\u1ea3n ph\u1ea9m th\u1ebb nh\u00e2n vi\u00ean \u0111\u1eb9p<\/h4>\n<h4>Ng\u00e0y tr\u01b0\u1edbc, khi c\u00f4ng ngh\u1ec7 ch\u01b0a ph\u00e1t tri\u1ec3n \u0111\u01b0\u1ee3c b\u00e2y gi\u1edd th\u00ec th\u1ebb nh\u00e2n vi\u00ean \u0111\u01b0\u1ee3c l\u00e0m t\u1eeb\u00a0ch\u1ea5t li\u1ec7u r\u1ea5t \u0111\u01a1n gi\u1ea3n nh\u01b0 gi\u1ea5y b\u00eca c\u1ee9ng, th\u1eadm ch\u00ed \u1edf m\u1ed9t s\u1ed1 c\u00f4ng ty hay doanh nghi\u1ec7p,\u00a0nh\u00e2n vi\u00ean c\u00f2n t\u1ef1 vi\u1ebft t\u00ean, ch\u1ee9c v\u1ee5 c\u1ee7a m\u00ecnh l\u00ean m\u1ed9t m\u1ea9u gi\u1ea5y.\u00a0Tuy nhi\u00ean, v\u1edbi s\u1ef1 hi\u1ec7n \u0111\u1ea1i v\u00e0 ti\u00ean ti\u1ebfn c\u1ee7a khoa h\u1ecdc \u2013 k\u0129 thu\u1eadt, \u0111\u00f2i h\u1ecfi c\u1ea7n m\u1ed9t m\u1eabu th\u1ebb nh\u00e2n vi\u00ean \u0111\u1eb9p, ch\u1ea5t l\u01b0\u1ee3ng th\u00ec ng\u01b0\u1eddi ta \u0111\u00e3 ch\u1ebf t\u1ea1o ra\u00a0r\u1ea5t nhi\u1ec1u lo\u1ea1i ch\u1ea5t d\u1ebbo, trong \u0111\u00f3 c\u00f3 PVC, m\u1ed9t lo\u1ea1i nh\u1ef1a c\u00f3 nhi\u1ec1u t\u00ednh ch\u1ea5t qu\u00fd nh\u01b0: b\u1ec1n\u00a0th\u1eddi ti\u1ebft, b\u1ec1n oxy h\u00f3a, d\u1ec5 gia c\u00f4ng, \u2026 v\u00e0 s\u1ea3n ph\u1ea9m l\u00e0m t\u1eeb lo\u1ea1i nh\u1ef1a n\u00e0y c\u0169ng r\u1ea5t \u0111a d\u1ea1ng,\u00a0trong \u0111\u00f3 c\u00f3 th\u1ebb nh\u00e2n vi\u00ean \u0111\u1ec3 ph\u1ee5c v\u1ee5 nh\u1eefng m\u1eabu m\u00e3 th\u1ebb nh\u00e2n vi\u00ean \u0111\u1eb9p v\u00e0 ch\u1ea5t l\u01b0\u1ee3ng t\u1edbi tay kh\u00e1ch h\u00e0ng h\u01a1n<\/h4>\n<h4>3. M\u00f4 t\u1ea3 th\u1ebb nh\u00e2n vi\u00ean<\/h4>\n<h4>T\u00f9y v\u00e0o \u0111\u1eb7c \u0111i\u1ec3m c\u00f4ng ty hay \u0111\u1eb7c th\u00f9 c\u00f4ng vi\u1ec7c m\u00e0 m\u1ed7i c\u00f4ng ty hay doanh nghi\u1ec7p s\u1ebd\u00a0c\u00f3 y\u00eau c\u1ea7u kh\u00e1c nhau v\u1ec1 k\u00edch th\u01b0\u1edbc, thi\u1ebft k\u1ebf hay ch\u1ea5t li\u1ec7u c\u1ee7a th\u1ebb nh\u00e2n vi\u00ean. V\u00e0 ch\u1ea5t li\u1ec7u \u0111\u01b0\u1ee3c\u00a0ch\u1ecdn nhi\u1ec1u nh\u1ea5t \u0111\u1ec3 t\u1ea1o l\u00ean th\u1ebb nh\u00e2n vi\u00ean \u0111\u1eb9p, b\u1ec1n v\u1eabn l\u00e0 nh\u1ef1a PVC. K\u00edch th\u01b0\u1edbc 86x54mm l\u00e0 k\u00edch th\u01b0\u1edbc ph\u1ed5 bi\u1ebfn \u0111\u01b0\u1ee3c c\u00e1c\u00a0doanh nghi\u1ec7p hay c\u00f4ng ty y\u00eau c\u1ea7u khi mu\u1ed1n l\u00e0m th\u1ebb nh\u00e2n vi\u00ean cho nh\u00e2n vi\u00ean c\u1ee7a h\u1ecd.<\/h4>\n<h4>\u1ea2nh, t\u00ean, ch\u1ee9c v\u1ee5, ph\u00f2ng ban, th\u00f4ng tin v\u1ec1 c\u01a1 quan, c\u00f4ng ty hay doanh nghi\u1ec7p l\u00e0\u00a0nh\u1eefng ph\u1ea7n c\u01a1 b\u1ea3n nh\u1ea5t tr\u00ean m\u1ed9t t\u1ea5m th\u1ebb nh\u00e2n vi\u00ean \u0111\u1eb9p. B\u1ec1 m\u1eb7t th\u1ebb \u0111\u01b0\u1ee3c ph\u1ee7 m\u1ed9t l\u1edbp b\u00eca\u00a0nh\u1ef1a b\u00f3ng t\u1ea1o cho ng\u01b0\u1eddi \u0111eo t\u1ea5m th\u1ebb s\u1ef1 chuy\u00ean nghi\u1ec7p, n\u0103ng \u0111\u1ed9ng<\/h4>\n<h4>Ngo\u00e0i nh\u1eefng y\u1ebfu t\u1ed1 c\u1ea7n thi\u1ebft \u0111\u1ec3 t\u1ea1o ra chi\u1ebfc th\u1ebb nh\u00e2n vi\u00ean \u0111\u1eb9p ra th\u00ec c\u00e1c doanh nghi\u1ec7p hay c\u00f4ng ty c\u00f3 th\u1ec3 in nhi\u1ec1u m\u00e0u, in hai m\u1eb7t, in m\u00e3 v\u1ea1ch\u00a0ho\u1eb7c m\u00e3 QR l\u00ean th\u1ebb nh\u00e2n vi\u00ean \u0111\u1ec3 th\u1ec3 hi\u1ec7n s\u1ef1 chuy\u00ean nghi\u1ec7p nh\u1ea5t m\u00e0 m\u1ed9t chi\u1ebfc th\u1ebb nh\u00e2n vi\u00ean \u0111\u1eb9p c\u1ea7n c\u00f3<\/h4>\n<h4>M\u1ecdi th\u00f4ng tin xin vui l\u00f2ng li\u00ean h\u1ec7<\/h4>\n<h4><\/h4>\n<h4>C\u00f4ng ty TNHH \u0110\u1ea7u t\u01b0 v\u00e0 D\u1ecbch v\u1ee5 \u0110\u1ea1i D\u01b0\u01a1ng Xanh<\/p>\n<p>\u0110C: s\u1ed1 14 ng\u00e1ch 83\/51\/27, ng\u00f5 83, \u0111\u01b0\u1eddng T\u00e2n Tri\u1ec1u, x\u00e3 T\u00e2n Tri\u1ec1u, huy\u1ec7n Thanh Tr\u00ec, TP. H\u00e0 N\u1ed9i<\/p>\n<p>VP: S\u1ed1 1 ngh\u00e1ch 2 ng\u00f5 277 V\u0169 T\u00f4ng Phan, Kh\u01b0\u01a1ng \u0110\u00ecnh, Thanh Xu\u00e2n, H\u00e0 N\u1ed9i<\/p>\n<p>MST: 0106665244<\/p>\n<p>TK: 0741100430002 \u2013 T\u1ea1i ng\u00e2n h\u00e0ng TMCP Qu\u00e2n \u0111\u1ed9i \u2013 CN Th\u0103ng Long<\/h4>\n","protected":false},"excerpt":{"rendered":"<h3>Th\u00f4ng tin v\u1ec1\u00a0th\u1ebb\u00a0nh\u00e2n vi\u00ean<\/h3>\n<h3>\u2013 Ch\u1ea5t li\u1ec7u:\u00a0nh\u1ef1a pvc<\/h3>\n<h3>\u2013 C\u00f4ng ngh\u1ec7 in: in tr\u1ef1c ti\u1ebfp tr\u00ean nh\u1ef1a pvc \u00e9p 4 l\u1edbp cao t\u1ea7ng<\/h3>\n<h3>\u2013 K\u00edch th\u01b0\u1edbc:\u00a086\u00d754 (mm)<\/h3>\n","protected":false},"featured_media":214,"comment_status":"open","ping_status":"closed","template":"","meta":[],"product_cat":[20],"product_tag":[],"_links":{"self":[{"href":"https:\/\/demo.bmconnect.vn\/bienchucdanh\/wp-json\/wp\/v2\/product\/213"}],"collection":[{"href":"https:\/\/demo.bmconnect.vn\/bienchucdanh\/wp-json\/wp\/v2\/product"}],"about":[{"href":"https:\/\/demo.bmconnect.vn\/bienchucdanh\/wp-json\/wp\/v2\/types\/product"}],"replies":[{"embeddable":true,"href":"https:\/\/demo.bmconnect.vn\/bienchucdanh\/wp-json\/wp\/v2\/comments?post=213"}],"wp:featuredmedia":[{"embeddable":true,"href":"https:\/\/demo.bmconnect.vn\/bienchucdanh\/wp-json\/wp\/v2\/media\/214"}],"wp:attachment":[{"href":"https:\/\/demo.bmconnect.vn\/bienchucdanh\/wp-json\/wp\/v2\/media?parent=213"}],"wp:term":[{"taxonomy":"product_cat","embeddable":true,"href":"https:\/\/demo.bmconnect.vn\/bienchucdanh\/wp-json\/wp\/v2\/product_cat?post=213"},{"taxonomy":"product_tag","embeddable":true,"href":"https:\/\/demo.bmconnect.vn\/bienchucdanh\/wp-json\/wp\/v2\/product_tag?post=213"}],"curies":[{"name":"wp","href":"https:\/\/api.w.org\/{rel}","templated":true}]}}