{"id":594,"date":"2019-04-03T01:11:59","date_gmt":"2019-04-02T18:11:59","guid":{"rendered":"https:\/\/demo.bmconnect.vn\/?page_id=594"},"modified":"2019-04-03T15:24:03","modified_gmt":"2019-04-03T08:24:03","slug":"lien-he","status":"publish","type":"page","link":"https:\/\/demo.bmconnect.vn\/baohiem\/lien-he\/","title":{"rendered":"Li\u00ean h\u1ec7"},"content":{"rendered":"<div class=\"row\"  id=\"row-1147514099\">\n\n\t<div id=\"col-4172458\" class=\"col small-12 large-12\"  >\n\t\t\t\t<div class=\"col-inner\"  >\n\t\t\t\n\t\t\t\n\t<div class=\"img has-hover x md-x lg-x y md-y lg-y\" id=\"image_2050935284\">\n\t\t\t\t\t\t\t\t<div class=\"img-inner dark\" >\n\t\t\t<img width=\"1920\" height=\"350\" src=\"https:\/\/demo.bmconnect.vn\/baohiem\/wp-content\/uploads\/2019\/04\/lienhe.jpg\" class=\"attachment-original size-original\" alt=\"\" loading=\"lazy\" srcset=\"https:\/\/demo.bmconnect.vn\/baohiem\/wp-content\/uploads\/2019\/04\/lienhe.jpg 1920w, https:\/\/demo.bmconnect.vn\/baohiem\/wp-content\/uploads\/2019\/04\/lienhe-300x55.jpg 300w, https:\/\/demo.bmconnect.vn\/baohiem\/wp-content\/uploads\/2019\/04\/lienhe-768x140.jpg 768w, https:\/\/demo.bmconnect.vn\/baohiem\/wp-content\/uploads\/2019\/04\/lienhe-1024x187.jpg 1024w\" sizes=\"(max-width: 1920px) 100vw, 1920px\" \/>\t\t\t\t\t\t\n\t\t\t\t\t<\/div>\n\t\t\t\t\t\t\t\t\n<style>\n#image_2050935284 {\n  width: 100%;\n}\n<\/style>\n\t<\/div>\n\t\n\t<div id=\"gap-718244611\" class=\"gap-element clearfix\" style=\"display:block; height:auto;\">\n\t\t\n<style>\n#gap-718244611 {\n  padding-top: 30px;\n}\n<\/style>\n\t<\/div>\n\t\n<div class=\"container section-title-container\" ><h2 class=\"section-title section-title-center\"><b><\/b><span class=\"section-title-main\" >LI\u00caN H\u1ec6<\/span><b><\/b><\/h2><\/div>\n<p style=\"text-align: center;\">Ch\u00fang t\u00f4i r\u1ea5t mong mu\u1ed1n nh\u1eadn \u0111\u01b0\u1ee3c nh\u1eefng \u00fd ki\u1ebfn \u0111\u00f3ng g\u00f3p c\u1ee7a c\u00e1c b\u1ea1n<br \/>Vui l\u00f2ng li\u00ean h\u1ec7 v\u1edbi ch\u00fang t\u00f4i qua c\u00e1c th\u00f4ng tin b\u00ean d\u01b0\u1edbi.<\/p>\n\t\t<\/div>\n\t\t\t\t\t<\/div>\n\n\t\n<\/div>\n<div class=\"row row-collapse lien-he-section\"  id=\"row-645143654\">\n\n\t<div id=\"col-2029971995\" class=\"col cot1 medium-4 small-12 large-4\"  >\n\t\t\t\t<div class=\"col-inner\"  >\n\t\t\t\n\t\t\t\n<div class=\"contact-title\">\n<h3>Th\u00f4ng tin li\u00ean h\u1ec7<\/h3>\n<\/div>\n<h4 class=\"lien-he1\">CHI NH\u00c1NH (HCM)<\/h4>\n<ul>\n<li class=\"lien-he1\"><span style=\"font-size: 95%;\">T\u1ea7ng 8, To\u0300a nha\u0300 Mapletree Business Centre, 1060 Nguy\u1ec5n V\u0103n Linh, Ph\u01b0\u1eddng T\u00e2n Phong, Qu\u1eadn 7, Th\u00e0nh ph\u1ed1 H\u1ed3 Ch\u00ed Minh<\/span><\/li>\n<li class=\"lien-he1\"><span style=\"font-size: 95%;\">028 7307 5577<\/span><\/li>\n<li class=\"lien-he1\"><span style=\"font-size: 95%;\">wecare@aviva.com.vn<\/span><\/li>\n<\/ul>\n<h4 class=\"lien-he2\">V\u0102N PH\u00d2NG KINH DOANH &#8211; HCM<\/h4>\n<ul>\n<li class=\"lien-he1\">\n<div><span style=\"font-size: 95%;\">72 L\u00ea Th\u00e1nh T\u00f4n, B\u1ebfn Ngh\u00e9, Qu\u1eadn 1, H\u1ed3 Ch\u00ed Minh, Vi\u1ec7t Nam<\/span><\/div>\n<\/li>\n<li class=\"lien-he1\">\n<div><span style=\"font-size: 95%;\">028 7302 5577<\/span><\/div>\n<\/li>\n<li class=\"lien-he1\">\n<div><span style=\"font-size: 95%;\">wecare@aviva.com.vn<\/span><\/div>\n<\/li>\n<\/ul>\n\t\t<\/div>\n\t\t\t\t\t<\/div>\n\n\t\n\n\t<div id=\"col-1756560604\" class=\"col medium-8 small-12 large-8\"  >\n\t\t\t\t<div class=\"col-inner\"  >\n\t\t\t\n\t\t\t\n<div role=\"form\" class=\"wpcf7\" id=\"wpcf7-f1270-o1\" lang=\"vi\" dir=\"ltr\">\n<div class=\"screen-reader-response\"><p role=\"status\" aria-live=\"polite\" aria-atomic=\"true\"><\/p> <ul><\/ul><\/div>\n<form action=\"\/baohiem\/wp-json\/wp\/v2\/pages\/594#wpcf7-f1270-o1\" method=\"post\" class=\"wpcf7-form init\" novalidate=\"novalidate\" data-status=\"init\">\n<div style=\"display: none;\">\n<input type=\"hidden\" name=\"_wpcf7\" value=\"1270\" \/>\n<input type=\"hidden\" name=\"_wpcf7_version\" value=\"5.4.2\" \/>\n<input type=\"hidden\" name=\"_wpcf7_locale\" value=\"vi\" \/>\n<input type=\"hidden\" name=\"_wpcf7_unit_tag\" value=\"wpcf7-f1270-o1\" \/>\n<input type=\"hidden\" name=\"_wpcf7_container_post\" value=\"0\" \/>\n<input type=\"hidden\" name=\"_wpcf7_posted_data_hash\" value=\"\" \/>\n<\/div>\n<div class=\"form-tu-van\">\n<h3>\u0110\u0103ng k\u00fd mua b\u1ea3o hi\u1ec3m<\/h3>\n<h4>1. Th\u00f4ng tin c\u1ee7a b\u1ea1n<\/h4>\n<div class=\"row-form\">\n<div class=\"left\">\n<span class=\"wpcf7-form-control-wrap text-183\"><input type=\"text\" name=\"text-183\" value=\"\" size=\"40\" class=\"wpcf7-form-control wpcf7-text wpcf7-validates-as-required\" aria-required=\"true\" aria-invalid=\"false\" placeholder=\"H\u1ecd t\u00ean c\u1ee7a b\u1ea1n...\" \/><\/span><br \/>\n<span class=\"wpcf7-form-control-wrap text-145\"><input type=\"text\" name=\"text-145\" value=\"\" size=\"40\" class=\"wpcf7-form-control wpcf7-text\" aria-invalid=\"false\" placeholder=\"Khu v\u1ef1c\" \/><\/span><br \/>\n<span class=\"wpcf7-form-control-wrap menu-715\"><select name=\"menu-715\" class=\"wpcf7-form-control wpcf7-select wpcf7-validates-as-required\" aria-required=\"true\" aria-invalid=\"false\"><option value=\"Gi\u1edbi t\u00ednh\">Gi\u1edbi t\u00ednh<\/option><option value=\"Nam\">Nam<\/option><option value=\"N\u1eef\">N\u1eef<\/option><\/select><\/span>\n<\/div>\n<div class=\"right\">\n<span class=\"wpcf7-form-control-wrap tel-434\"><input type=\"tel\" name=\"tel-434\" value=\"\" size=\"40\" class=\"wpcf7-form-control wpcf7-text wpcf7-tel wpcf7-validates-as-required wpcf7-validates-as-tel\" aria-required=\"true\" aria-invalid=\"false\" placeholder=\"S\u1ed1 \u0111i\u1ec7n tho\u1ea1i...\" \/><\/span><br \/>\n<span class=\"wpcf7-form-control-wrap date-255\"><input type=\"date\" name=\"date-255\" value=\"\" class=\"wpcf7-form-control wpcf7-date wpcf7-validates-as-date\" aria-invalid=\"false\" placeholder=\"Ng\u00e0y sinh\" \/><\/span>\n<\/div>\n<\/div>\n<h4>2. Nhu c\u1ea7u c\u1ee7a b\u1ea1n<\/h4>\n<div class=\"row-form\">\n<div class=\"left\">\n<label>D\u00e0nh cho c\u00e1 nh\u00e2n<\/label><br \/>\n<span class=\"wpcf7-form-control-wrap checkbox-345\"><span class=\"wpcf7-form-control wpcf7-checkbox\"><span class=\"wpcf7-list-item first\"><input type=\"checkbox\" name=\"checkbox-345[]\" value=\"T\u1ea1o d\u1ef1ng t\u00e0i s\u1ea3n v\u00e0 \u0111\u1ea7u t\u01b0 hi\u1ec7u qu\u1ea3\" \/><span class=\"wpcf7-list-item-label\">T\u1ea1o d\u1ef1ng t\u00e0i s\u1ea3n v\u00e0 \u0111\u1ea7u t\u01b0 hi\u1ec7u qu\u1ea3<\/span><\/span><span class=\"wpcf7-list-item\"><input type=\"checkbox\" name=\"checkbox-345[]\" value=\"T\u00edch l\u0169y cho t\u01b0\u01a1ng lai h\u1ecdc v\u1ea5n c\u1ee7a con\" \/><span class=\"wpcf7-list-item-label\">T\u00edch l\u0169y cho t\u01b0\u01a1ng lai h\u1ecdc v\u1ea5n c\u1ee7a con<\/span><\/span><span class=\"wpcf7-list-item\"><input type=\"checkbox\" name=\"checkbox-345[]\" value=\"B\u1ea3o v\u1ec7 tr\u01b0\u1edbc nh\u1eefng r\u1ee7i ro trong cu\u1ed9c s\u1ed1ng\" \/><span class=\"wpcf7-list-item-label\">B\u1ea3o v\u1ec7 tr\u01b0\u1edbc nh\u1eefng r\u1ee7i ro trong cu\u1ed9c s\u1ed1ng<\/span><\/span><span class=\"wpcf7-list-item last\"><input type=\"checkbox\" name=\"checkbox-345[]\" value=\"Ch\u0103m s\u00f3c s\u1ee9c kh\u1ecfe\" \/><span class=\"wpcf7-list-item-label\">Ch\u0103m s\u00f3c s\u1ee9c kh\u1ecfe<\/span><\/span><\/span><\/span>\n<\/div>\n<div class=\"right\">\n<label>D\u00e0nh cho doanh nghi\u1ec7p<\/label><br \/>\n<span class=\"wpcf7-form-control-wrap checkbox-355\"><span class=\"wpcf7-form-control wpcf7-checkbox\"><span class=\"wpcf7-list-item first\"><input type=\"checkbox\" name=\"checkbox-355[]\" value=\"B\u1ea3o v\u1ec7 tr\u01b0\u1edbc nh\u1eefng r\u1ee7i ro trong cu\u1ed9c s\u1ed1ng\" \/><span class=\"wpcf7-list-item-label\">B\u1ea3o v\u1ec7 tr\u01b0\u1edbc nh\u1eefng r\u1ee7i ro trong cu\u1ed9c s\u1ed1ng<\/span><\/span><span class=\"wpcf7-list-item last\"><input type=\"checkbox\" name=\"checkbox-355[]\" value=\"Ch\u0103m s\u00f3c s\u1ee9c kh\u1ecfe\" \/><span class=\"wpcf7-list-item-label\">Ch\u0103m s\u00f3c s\u1ee9c kh\u1ecfe<\/span><\/span><\/span><\/span>\n<\/div>\n<\/div>\n<p><input type=\"submit\" value=\"G\u1eedi y\u00eau c\u1ea7u\" class=\"wpcf7-form-control wpcf7-submit\" \/>\n<\/p><\/div>\n<div class=\"wpcf7-response-output\" aria-hidden=\"true\"><\/div><\/form><\/div>\n\t\t<\/div>\n\t\t\t\t\n<style>\n#col-1756560604 > .col-inner {\n  padding: 0px 20px 0px 20px;\n}\n<\/style>\n\t<\/div>\n\n\t\n<\/div>\n","protected":false},"excerpt":{"rendered":"","protected":false},"author":1,"featured_media":0,"parent":0,"menu_order":0,"comment_status":"closed","ping_status":"closed","template":"page-blank.php","meta":[],"_links":{"self":[{"href":"https:\/\/demo.bmconnect.vn\/baohiem\/wp-json\/wp\/v2\/pages\/594"}],"collection":[{"href":"https:\/\/demo.bmconnect.vn\/baohiem\/wp-json\/wp\/v2\/pages"}],"about":[{"href":"https:\/\/demo.bmconnect.vn\/baohiem\/wp-json\/wp\/v2\/types\/page"}],"author":[{"embeddable":true,"href":"https:\/\/demo.bmconnect.vn\/baohiem\/wp-json\/wp\/v2\/users\/1"}],"replies":[{"embeddable":true,"href":"https:\/\/demo.bmconnect.vn\/baohiem\/wp-json\/wp\/v2\/comments?post=594"}],"version-history":[{"count":0,"href":"https:\/\/demo.bmconnect.vn\/baohiem\/wp-json\/wp\/v2\/pages\/594\/revisions"}],"wp:attachment":[{"href":"https:\/\/demo.bmconnect.vn\/baohiem\/wp-json\/wp\/v2\/media?parent=594"}],"curies":[{"name":"wp","href":"https:\/\/api.w.org\/{rel}","templated":true}]}}