{"id":58,"date":"2019-04-01T14:40:17","date_gmt":"2019-04-01T07:40:17","guid":{"rendered":"https:\/\/demo.bmconnect.vn\/?page_id=58"},"modified":"2019-04-03T11:57:48","modified_gmt":"2019-04-03T04:57:48","slug":"cham-soc-khach-hang","status":"publish","type":"page","link":"https:\/\/demo.bmconnect.vn\/baohiem\/ho-tro-khach-hang\/cham-soc-khach-hang\/","title":{"rendered":"Ch\u0103m s\u00f3c kh\u00e1ch h\u00e0ng"},"content":{"rendered":"<div class=\"row\"  id=\"row-1372722526\">\n\n\t<div id=\"col-1687572445\" class=\"col small-12 large-12\"  >\n\t\t\t\t<div class=\"col-inner\"  >\n\t\t\t\n\t\t\t\n\n  <div class=\"banner has-hover\" id=\"banner-61231954\">\n          <div class=\"banner-inner fill\">\n        <div class=\"banner-bg fill\" >\n            <div class=\"bg fill bg-fill \"><\/div>\n                                    \n                    <\/div>\n        <div class=\"banner-layers container\">\n            <div class=\"fill banner-link\"><\/div>            \n   <div id=\"text-box-1404186084\" class=\"text-box banner-layer x10 md-x10 lg-x10 y50 md-y50 lg-y50 res-text\">\n                                <div class=\"text-box-content text dark\">\n              \n              <div class=\"text-inner text-center\">\n                  \n<h3 class=\"uppercase\"><span style=\"font-size: 90%; color: #ffffff;\"><strong>CH\u0102M S\u00d3C KH\u00c1CH H\u00c0NG<\/strong><\/span><\/h3>\n              <\/div>\n           <\/div>\n                            \n<style>\n#text-box-1404186084 {\n  width: 60%;\n}\n#text-box-1404186084 .text-box-content {\n  font-size: 100%;\n}\n@media (min-width:550px) {\n  #text-box-1404186084 {\n    width: 24%;\n  }\n}\n<\/style>\n    <\/div>\n \n        <\/div>\n      <\/div>\n\n              <div class=\"height-fix is-invisible\"><img width=\"1200\" height=\"219\" src=\"https:\/\/demo.bmconnect.vn\/baohiem\/wp-content\/uploads\/2019\/04\/san-phan.jpg\" class=\"attachment-original size-original\" alt=\"\" loading=\"lazy\" srcset=\"https:\/\/demo.bmconnect.vn\/baohiem\/wp-content\/uploads\/2019\/04\/san-phan.jpg 1200w, https:\/\/demo.bmconnect.vn\/baohiem\/wp-content\/uploads\/2019\/04\/san-phan-300x55.jpg 300w, https:\/\/demo.bmconnect.vn\/baohiem\/wp-content\/uploads\/2019\/04\/san-phan-768x140.jpg 768w, https:\/\/demo.bmconnect.vn\/baohiem\/wp-content\/uploads\/2019\/04\/san-phan-1024x187.jpg 1024w\" sizes=\"(max-width: 1200px) 100vw, 1200px\" \/><\/div>\n            \n<style>\n#banner-61231954 .bg.bg-loaded {\n  background-image: url(https:\/\/demo.bmconnect.vn\/baohiem\/wp-content\/uploads\/2019\/04\/san-phan.jpg);\n}\n<\/style>\n  <\/div>\n\n\n\t\t<\/div>\n\t\t\t\t\t<\/div>\n\n\t\n<\/div>\n<div class=\"row\"  id=\"row-1330205434\">\n\n\t<div id=\"col-607919242\" class=\"col small-12 large-12\"  >\n\t\t\t\t<div class=\"col-inner\"  >\n\t\t\t\n\t\t\t\n<h2 class=\"title-news\" style=\"text-align: center;\">CH\u01af\u01a0NG TR\u00ccNH CH\u0102M S\u00d3C KH\u00c1CH H\u00c0NG 2018<\/h2>\n<p><span style=\"font-size: 95%;\">V\u1edbi ph\u01b0\u01a1ng ch\u00e2m ho\u1ea1t \u0111\u1ed9ng tr\u00ean gi\u00e1 tr\u1ecb c\u1ed1t l\u00f5i h\u00e0ng \u0111\u1ea7u \u201cQuan t\u00e2m nhi\u1ec1u h\u01a1n \u0111\u1ebfn kh\u00e1ch h\u00e0ng\u201d, c\u00f9ng v\u1edbi mong mu\u1ed1n ng\u00e0y c\u00e0ng gia t\u0103ng d\u1ecbch v\u1ee5 v\u00e0 s\u1ef1 h\u00e0i l\u00f2ng c\u1ee7a Kh\u00e1ch h\u00e0ng, Aviva ch\u00ednh th\u1ee9c tri\u1ec3n khai Ch\u01b0\u01a1ng tr\u00ecnh ch\u0103m s\u00f3c kh\u00e1ch h\u00e0ng 2018 k\u1ec3 t\u1eeb ng\u00e0y 16\/05\/2018, v\u1edbi n\u1ed9i dung c\u1ee5 th\u1ec3 nh\u01b0 sau:.<\/span><\/p>\n<table class=\"table\">\n<tbody>\n<tr>\n<th>Ph\u00e2n h\u1ea1ng kh\u00e1ch h\u00e0ng<\/th>\n<th>T\u1ed5ng s\u1ed1 ph\u00ed b\u1ea3o hi\u1ec3m quy n\u0103m (APE) (*)<\/th>\n<\/tr>\n<tr>\n<td>B\u1ea1c<\/td>\n<td><strong>D\u01b0\u1edbi 50 tri\u1ec7u<\/strong><\/td>\n<\/tr>\n<tr>\n<td>V\u00e0ng<\/td>\n<td><strong>T\u1eeb 50 tri\u1ec7u \u0111\u1ebfn d\u01b0\u1edbi 100 tri\u1ec7u<\/strong><\/td>\n<\/tr>\n<tr>\n<td>B\u1ea1ch kim<\/td>\n<td><strong>T\u1eeb 100 tri\u1ec7u \u0111\u1ebfn d\u01b0\u1edbi 200 tri\u1ec7u<\/strong><\/td>\n<\/tr>\n<tr>\n<td>Kim c\u01b0\u01a1ng<\/td>\n<td><strong>T\u1eeb 200 tri\u1ec7u tr\u1edf l\u00ean<\/strong><\/td>\n<\/tr>\n<\/tbody>\n<\/table>\n\t\t<\/div>\n\t\t\t\t\t<\/div>\n\n\t\n<\/div>\n","protected":false},"excerpt":{"rendered":"","protected":false},"author":1,"featured_media":0,"parent":40,"menu_order":0,"comment_status":"closed","ping_status":"closed","template":"page-blank.php","meta":[],"_links":{"self":[{"href":"https:\/\/demo.bmconnect.vn\/baohiem\/wp-json\/wp\/v2\/pages\/58"}],"collection":[{"href":"https:\/\/demo.bmconnect.vn\/baohiem\/wp-json\/wp\/v2\/pages"}],"about":[{"href":"https:\/\/demo.bmconnect.vn\/baohiem\/wp-json\/wp\/v2\/types\/page"}],"author":[{"embeddable":true,"href":"https:\/\/demo.bmconnect.vn\/baohiem\/wp-json\/wp\/v2\/users\/1"}],"replies":[{"embeddable":true,"href":"https:\/\/demo.bmconnect.vn\/baohiem\/wp-json\/wp\/v2\/comments?post=58"}],"version-history":[{"count":0,"href":"https:\/\/demo.bmconnect.vn\/baohiem\/wp-json\/wp\/v2\/pages\/58\/revisions"}],"up":[{"embeddable":true,"href":"https:\/\/demo.bmconnect.vn\/baohiem\/wp-json\/wp\/v2\/pages\/40"}],"wp:attachment":[{"href":"https:\/\/demo.bmconnect.vn\/baohiem\/wp-json\/wp\/v2\/media?parent=58"}],"curies":[{"name":"wp","href":"https:\/\/api.w.org\/{rel}","templated":true}]}}