{"id":554,"date":"2019-04-03T00:51:22","date_gmt":"2019-04-02T17:51:22","guid":{"rendered":"https:\/\/demo.bmconnect.vn\/?page_id=554"},"modified":"2019-04-03T01:11:06","modified_gmt":"2019-04-02T18:11:06","slug":"mau-don-thong-dung","status":"publish","type":"page","link":"https:\/\/demo.bmconnect.vn\/baohiem\/mau-don-thong-dung\/","title":{"rendered":"M\u1eabu \u0111\u01a1n th\u00f4ng d\u1ee5ng"},"content":{"rendered":"<div class=\"row cac-mau-don\"  id=\"row-812563875\">\n\n\t<div id=\"col-1643658202\" class=\"col small-12 large-12\"  >\n\t\t\t\t<div class=\"col-inner\"  >\n\t\t\t\n\t\t\t\n\t<div class=\"img has-hover x md-x lg-x y md-y lg-y\" id=\"image_1413333259\">\n\t\t\t\t\t\t\t\t<div class=\"img-inner dark\" >\n\t\t\t<img width=\"1920\" height=\"339\" src=\"https:\/\/demo.bmconnect.vn\/baohiem\/wp-content\/uploads\/2019\/04\/bg4.jpg\" class=\"attachment-original size-original\" alt=\"\" loading=\"lazy\" srcset=\"https:\/\/demo.bmconnect.vn\/baohiem\/wp-content\/uploads\/2019\/04\/bg4.jpg 1920w, https:\/\/demo.bmconnect.vn\/baohiem\/wp-content\/uploads\/2019\/04\/bg4-300x53.jpg 300w, https:\/\/demo.bmconnect.vn\/baohiem\/wp-content\/uploads\/2019\/04\/bg4-768x136.jpg 768w, https:\/\/demo.bmconnect.vn\/baohiem\/wp-content\/uploads\/2019\/04\/bg4-1024x181.jpg 1024w\" sizes=\"(max-width: 1920px) 100vw, 1920px\" \/>\t\t\t\t\t\t\n\t\t\t\t\t<\/div>\n\t\t\t\t\t\t\t\t\n<style>\n#image_1413333259 {\n  width: 100%;\n}\n<\/style>\n\t<\/div>\n\t\n\n\t\t<div class=\"tabbed-content\">\n\t\t\t\n\t\t\t<ul class=\"nav nav-tabs nav-normal nav-size-normal nav-center\"><li class=\"tab active has-icon\"><a href=\"#tab_gi\u1ea3i-quy\u1ebft-quy\u1ec1n-l\u1ee3i-b\u1ea3o-hi\u1ec3m\"><span>Gi\u1ea3i quy\u1ebft quy\u1ec1n l\u1ee3i b\u1ea3o hi\u1ec3m<\/span><\/a><\/li>\n<li class=\"tab has-icon\"><a href=\"#tab_h\u1ee3p-\u0111\u1ed3ng-m\u1edbi\"><span>H\u1ee3p \u0111\u1ed3ng m\u1edbi<\/span><\/a><\/li>\n<li class=\"tab has-icon\"><a href=\"#tab_\u0110i\u1ec1u-ch\u1ec9nh-h\u1ee3p-\u0111\u1ed3ng\"><span>\u0110i\u1ec1u ch\u1ec9nh h\u1ee3p \u0111\u1ed3ng<\/span><\/a><\/li>\n<li class=\"tab has-icon\"><a href=\"#tab_\u1ee6y-quy\u1ec1n\"><span>\u1ee6y quy\u1ec1n<\/span><\/a><\/li><\/ul><div class=\"tab-panels\"><div class=\"panel active entry-content\" id=\"tab_gi\u1ea3i-quy\u1ebft-quy\u1ec1n-l\u1ee3i-b\u1ea3o-hi\u1ec3m\">\n\t<div id=\"gap-1118167342\" class=\"gap-element clearfix\" style=\"display:block; height:auto;\">\n\t\t\n<style>\n#gap-1118167342 {\n  padding-top: 30px;\n}\n<\/style>\n\t<\/div>\n\t\n<div class=\"row\"  id=\"row-678791964\">\n\n\t<div id=\"col-1457249427\" class=\"col medium-6 small-12 large-6\"  >\n\t\t\t\t<div class=\"col-inner\"  >\n\t\t\t\n\t\t\t\n<h2 class=\"title-page\">GI\u1ea2I QUY\u1ebeT QUY\u1ec0N L\u1ee2I B\u1ea2O HI\u1ec2M<\/h2>\n<ul>\n<li>Qu\u00fd kh\u00e1ch vui l\u00f2ng ch\u1ecdn m\u1eabu bi\u1ec3u ph\u00f9 h\u1ee3p, \u0111i\u1ec1n \u0111\u1ea7y \u0111\u1ee7 th\u00f4ng tin v\u00e0 g\u1eedi v\u1ec1 Aviva Vi\u1ec7t Nam theo m\u1ed9t trong nh\u1eefng ph\u01b0\u01a1ng th\u1ee9c sau:<\/li>\n<li>N\u1ed9p tr\u1ef1c ti\u1ebfp Phi\u1ebfu y\u00eau c\u1ea7u t\u1ea1i c\u00e1c v\u0103n ph\u00f2ng c\u1ee7a Aviva Vi\u1ec7t Nam ho\u1eb7c v\u0103n ph\u00f2ng chi nh\u00e1nh Aviva Vi\u1ec7t Nam g\u1ea7n nh\u1ea5t<\/li>\n<li>Th\u00f4ng qua \u0111\u1ea1i l\u00fd ph\u1ee5c v\u1ee5 h\u1ee3p \u0111\u1ed3ng b\u1ea3o hi\u1ec3m c\u1ee7a Qu\u00fd kh\u00e1ch<\/li>\n<li>G\u1eedi Phi\u1ebfu y\u00eau c\u1ea7u qua B\u01b0u \u0111i\u1ec7n Vi\u1ec7t Nam (VNPost) v\u1ec1: T\u1ea7ng 13, T\u00f2a nh\u00e0 Mipec tower, 229 T\u00e2y S\u01a1n, Qu\u1eadn \u0110\u1ed1ng \u0110a, H\u00e0 N\u1ed9i<\/li>\n<\/ul>\n\t\t<\/div>\n\t\t\t\t\t<\/div>\n\n\t\n\n\t<div id=\"col-1951117703\" class=\"col medium-6 small-12 large-6\"  >\n\t\t\t\t<div class=\"col-inner\"  >\n\t\t\t\n\t\t\t\n\t<div class=\"img has-hover x md-x lg-x y md-y lg-y\" id=\"image_242733613\">\n\t\t\t\t\t\t\t\t<div class=\"img-inner dark\" >\n\t\t\t<img width=\"602\" height=\"290\" src=\"https:\/\/demo.bmconnect.vn\/baohiem\/wp-content\/uploads\/2019\/04\/fb_logo.jpg\" class=\"attachment-original size-original\" alt=\"\" loading=\"lazy\" srcset=\"https:\/\/demo.bmconnect.vn\/baohiem\/wp-content\/uploads\/2019\/04\/fb_logo.jpg 602w, https:\/\/demo.bmconnect.vn\/baohiem\/wp-content\/uploads\/2019\/04\/fb_logo-300x145.jpg 300w\" sizes=\"(max-width: 602px) 100vw, 602px\" \/>\t\t\t\t\t\t\n\t\t\t\t\t<\/div>\n\t\t\t\t\t\t\t\t\n<style>\n#image_242733613 {\n  width: 100%;\n}\n<\/style>\n\t<\/div>\n\t\n\t\t<\/div>\n\t\t\t\t\t<\/div>\n\n\t\n<\/div>\n<div class=\"table-responsive\">\n<table class=\"table\">\n<thead>\n<tr>\n<th>STT<\/th>\n<th>Bi\u1ec3u m\u1eabu<\/th>\n<th>T\u1ea3i v\u1ec1<\/th>\n<\/tr>\n<\/thead>\n<tbody>\n<tr>\n<td>1<\/td>\n<td>\n<h2>\n                <a href=\"#\">T\u01b0\u1eddng tr\u00ecnh tai n\u1ea1n<\/a><\/h2>\n<\/td>\n<td>\n              <a class=\"download\" href=\"#\"><br \/>\n                <i class=\"material-icons\">Download<\/i><br \/>\n              <\/a>\n            <\/td>\n<\/tr>\n<tr>\n<td>2<\/td>\n<td>\n<h2>\n                <a href=\"#\">Phi\u1ebfu y\u00eau c\u1ea7u gi\u1ea3i quy\u1ebft Quy\u1ec1n l\u1ee3i b\u1ea3o hi\u1ec3m<\/a><\/h2>\n<\/td>\n<td>\n              <a class=\"#\"><br \/>\n                <i class=\"material-icons\">Download<\/i><br \/>\n              <\/a>\n            <\/td>\n<\/tr>\n<tr>\n<td>3<\/td>\n<td>\n<h2>\n                <a href=\"#\">H\u01b0\u1edbng d\u1eabn h\u1ed3 s\u01a1 GQQLBH B\u1ec7nh hi\u1ec3m ngh\u00e8o<\/a><\/h2>\n<\/td>\n<td>\n              <a class=\"download\" href=\"#\"><br \/>\n                <i class=\"material-icons\">Download<\/i><br \/>\n              <\/a>\n            <\/td>\n<\/tr>\n<tr>\n<td>4<\/td>\n<td>\n<h2>\n                <a href=\"#\">H\u01b0\u1edbng d\u1eabn h\u1ed3 s\u01a1 GQQLBH h\u1ed7 tr\u1ee3 vi\u1ec7n ph\u00ed v\u00e0 ph\u1eabu thu\u1eadt<\/a><\/h2>\n<\/td>\n<td>\n              <a class=\"download\" href=\"#\"><br \/>\n                <i class=\"material-icons\">Download<\/i><br \/>\n              <\/a>\n            <\/td>\n<\/tr>\n<tr>\n<td>5<\/td>\n<td>\n<h2>\n                <a href=\"#\">H\u01b0\u1edbng d\u1eabn h\u1ed3 s\u01a1 GQQLBH Ph\u00e1t An T\u00edn D\u1ee5ng<\/a><\/h2>\n<\/td>\n<td>\n              <a class=\"download\" href=\"#\"><br \/>\n                <i class=\"material-icons\">Download<\/i><br \/>\n              <\/a>\n            <\/td>\n<\/tr>\n<tr>\n<td>6<\/td>\n<td>\n<h2>\n                <a href=\"#\">H\u01b0\u1edbng d\u1eabn h\u1ed3 s\u01a1 GQQLBH t\u1ea1m th\u1eddi<\/a><\/h2>\n<\/td>\n<td>\n              <a class=\"download\" href=\"#\"><br \/>\n                <i class=\"material-icons\">Download<\/i><br \/>\n              <\/a>\n            <\/td>\n<\/tr>\n<tr>\n<td>7<\/td>\n<td>\n<h2>\n                <a href=\"#\">H\u01b0\u1edbng d\u1eabn h\u1ed3 s\u01a1 GQQLBH Th\u01b0\u01a1ng t\u1eadt to\u00e0n b\u1ed9 v\u0129nh vi\u1ec5n<\/a><\/h2>\n<\/td>\n<td>\n              <a class=\"download\" href=\"#\"><br \/>\n                <i class=\"material-icons\">Download<\/i><br \/>\n              <\/a>\n            <\/td>\n<\/tr>\n<tr>\n<td>8<\/td>\n<td>\n<h2>\n                <a href=\"#\">H\u01b0\u1edbng d\u1eabn h\u1ed3 s\u01a1 GQQLBH T\u1eed vong<\/a><\/h2>\n<\/td>\n<td>\n              <a class=\"download\" href=\"#\"><br \/>\n                <i class=\"material-icons\">Download<\/i><br \/>\n              <\/a>\n            <\/td>\n<\/tr>\n<\/tbody>\n<\/table><\/div>\n<\/div>\n<div class=\"panel entry-content\" id=\"tab_h\u1ee3p-\u0111\u1ed3ng-m\u1edbi\">\n\t<div id=\"gap-1610982086\" class=\"gap-element clearfix\" style=\"display:block; height:auto;\">\n\t\t\n<style>\n#gap-1610982086 {\n  padding-top: 30px;\n}\n<\/style>\n\t<\/div>\n\t\n<div class=\"row\"  id=\"row-251060395\">\n\n\t<div id=\"col-41624314\" class=\"col medium-6 small-12 large-6\"  >\n\t\t\t\t<div class=\"col-inner\"  >\n\t\t\t\n\t\t\t\n<h1 class=\"title-page\">H\u1ee2P \u0110\u1ed2NG M\u1edaI<\/h1>\n<p>Qu\u00fd kh\u00e1ch vui l\u00f2ng ch\u1ecdn m\u1eabu bi\u1ec3u ph\u00f9 h\u1ee3p, \u0111i\u1ec1n \u0111\u1ea7y \u0111\u1ee7 th\u00f4ng tin v\u00e0 g\u1eedi v\u1ec1 Aviva Vi\u1ec7t Nam theo m\u1ed9t trong nh\u1eefng ph\u01b0\u01a1ng th\u1ee9c sau:<\/p>\n<ul>\n<li>N\u1ed9p tr\u1ef1c ti\u1ebfp Phi\u1ebfu y\u00eau c\u1ea7u t\u1ea1i c\u00e1c v\u0103n ph\u00f2ng c\u1ee7a Aviva Vi\u1ec7t Nam ho\u1eb7c v\u0103n ph\u00f2ng chi nh\u00e1nh Aviva Vi\u1ec7t Nam g\u1ea7n nh\u1ea5t<\/li>\n<li>Th\u00f4ng qua \u0111\u1ea1i l\u00fd ph\u1ee5c v\u1ee5 h\u1ee3p \u0111\u1ed3ng b\u1ea3o hi\u1ec3m c\u1ee7a Qu\u00fd kh\u00e1ch<\/li>\n<li>G\u1eedi Phi\u1ebfu y\u00eau c\u1ea7u qua B\u01b0u \u0111i\u1ec7n Vi\u1ec7t Nam (VNPost) v\u1ec1: T\u1ea7ng 13, T\u00f2a nh\u00e0 Mipec tower, 229 T\u00e2y S\u01a1n, Qu\u1eadn \u0110\u1ed1ng \u0110a, H\u00e0 N\u1ed9i<\/li>\n<\/ul>\n\t\t<\/div>\n\t\t\t\t\t<\/div>\n\n\t\n\n\t<div id=\"col-617576499\" class=\"col medium-6 small-12 large-6\"  >\n\t\t\t\t<div class=\"col-inner\"  >\n\t\t\t\n\t\t\t\n\t<div class=\"img has-hover x md-x lg-x y md-y lg-y\" id=\"image_397782440\">\n\t\t\t\t\t\t\t\t<div class=\"img-inner dark\" >\n\t\t\t<img width=\"602\" height=\"290\" src=\"https:\/\/demo.bmconnect.vn\/baohiem\/wp-content\/uploads\/2019\/04\/fb_logo.jpg\" class=\"attachment-original size-original\" alt=\"\" loading=\"lazy\" srcset=\"https:\/\/demo.bmconnect.vn\/baohiem\/wp-content\/uploads\/2019\/04\/fb_logo.jpg 602w, https:\/\/demo.bmconnect.vn\/baohiem\/wp-content\/uploads\/2019\/04\/fb_logo-300x145.jpg 300w\" sizes=\"(max-width: 602px) 100vw, 602px\" \/>\t\t\t\t\t\t\n\t\t\t\t\t<\/div>\n\t\t\t\t\t\t\t\t\n<style>\n#image_397782440 {\n  width: 100%;\n}\n<\/style>\n\t<\/div>\n\t\n\t\t<\/div>\n\t\t\t\t\t<\/div>\n\n\t\n<\/div>\n<div class=\"table-responsive\">\n<table class=\"table\">\n<thead>\n<tr>\n<th>STT<\/th>\n<th>Bi\u1ec3u m\u1eabu<\/th>\n<th>T\u1ea3i v\u1ec1<\/th>\n<\/tr>\n<\/thead>\n<tbody>\n<tr>\n<td>1<\/td>\n<td>\n<h2>\n                <a href=\"#\">T\u01b0\u1eddng tr\u00ecnh tai n\u1ea1n<\/a><\/h2>\n<\/td>\n<td>\n              <a class=\"download\" href=\"#\"><br \/>\n                <i class=\"material-icons\">Download<\/i><br \/>\n              <\/a>\n            <\/td>\n<\/tr>\n<tr>\n<td>2<\/td>\n<td>\n<h2>\n                <a href=\"#\">Phi\u1ebfu y\u00eau c\u1ea7u gi\u1ea3i quy\u1ebft Quy\u1ec1n l\u1ee3i b\u1ea3o hi\u1ec3m<\/a><\/h2>\n<\/td>\n<td>\n              <a class=\"#\"><br \/>\n                <i class=\"material-icons\">Download<\/i><br \/>\n              <\/a>\n            <\/td>\n<\/tr>\n<tr>\n<td>3<\/td>\n<td>\n<h2>\n                <a href=\"#\">H\u01b0\u1edbng d\u1eabn h\u1ed3 s\u01a1 GQQLBH B\u1ec7nh hi\u1ec3m ngh\u00e8o<\/a><\/h2>\n<\/td>\n<td>\n              <a class=\"download\" href=\"#\"><br \/>\n                <i class=\"material-icons\">Download<\/i><br \/>\n              <\/a>\n            <\/td>\n<\/tr>\n<tr>\n<td>4<\/td>\n<td>\n<h2>\n                <a href=\"#\">H\u01b0\u1edbng d\u1eabn h\u1ed3 s\u01a1 GQQLBH h\u1ed7 tr\u1ee3 vi\u1ec7n ph\u00ed v\u00e0 ph\u1eabu thu\u1eadt<\/a><\/h2>\n<\/td>\n<td>\n              <a class=\"download\" href=\"#\"><br \/>\n                <i class=\"material-icons\">Download<\/i><br \/>\n              <\/a>\n            <\/td>\n<\/tr>\n<tr>\n<td>5<\/td>\n<td>\n<h2>\n                <a href=\"#\">H\u01b0\u1edbng d\u1eabn h\u1ed3 s\u01a1 GQQLBH Ph\u00e1t An T\u00edn D\u1ee5ng<\/a><\/h2>\n<\/td>\n<td>\n              <a class=\"download\" href=\"#\"><br \/>\n                <i class=\"material-icons\">Download<\/i><br \/>\n              <\/a>\n            <\/td>\n<\/tr>\n<tr>\n<td>6<\/td>\n<td>\n<h2>\n                <a href=\"#\">H\u01b0\u1edbng d\u1eabn h\u1ed3 s\u01a1 GQQLBH t\u1ea1m th\u1eddi<\/a><\/h2>\n<\/td>\n<td>\n              <a class=\"download\" href=\"#\"><br \/>\n                <i class=\"material-icons\">Download<\/i><br \/>\n              <\/a>\n            <\/td>\n<\/tr>\n<tr>\n<td>7<\/td>\n<td>\n<h2>\n                <a href=\"#\">H\u01b0\u1edbng d\u1eabn h\u1ed3 s\u01a1 GQQLBH Th\u01b0\u01a1ng t\u1eadt to\u00e0n b\u1ed9 v\u0129nh vi\u1ec5n<\/a><\/h2>\n<\/td>\n<td>\n              <a class=\"download\" href=\"#\"><br \/>\n                <i class=\"material-icons\">Download<\/i><br \/>\n              <\/a>\n            <\/td>\n<\/tr>\n<tr>\n<td>8<\/td>\n<td>\n<h2>\n                <a href=\"#\">H\u01b0\u1edbng d\u1eabn h\u1ed3 s\u01a1 GQQLBH T\u1eed vong<\/a><\/h2>\n<\/td>\n<td>\n              <a class=\"download\" href=\"#\"><br \/>\n                <i class=\"material-icons\">Download<\/i><br \/>\n              <\/a>\n            <\/td>\n<\/tr>\n<\/tbody>\n<\/table><\/div>\n<\/div>\n<div class=\"panel entry-content\" id=\"tab_\u0110i\u1ec1u-ch\u1ec9nh-h\u1ee3p-\u0111\u1ed3ng\">\n\t<div id=\"gap-665299067\" class=\"gap-element clearfix\" style=\"display:block; height:auto;\">\n\t\t\n<style>\n#gap-665299067 {\n  padding-top: 30px;\n}\n<\/style>\n\t<\/div>\n\t\n<div class=\"row\"  id=\"row-2093674121\">\n\n\t<div id=\"col-200370266\" class=\"col medium-6 small-12 large-6\"  >\n\t\t\t\t<div class=\"col-inner\"  >\n\t\t\t\n\t\t\t\n<h1 class=\"title-page\">\u0110I\u1ec0U CH\u1ec8NH H\u1ee2P \u0110\u1ed2NG<\/h1>\n<p>Qu\u00fd kh\u00e1ch vui l\u00f2ng ch\u1ecdn m\u1eabu bi\u1ec3u ph\u00f9 h\u1ee3p, \u0111i\u1ec1n \u0111\u1ea7y \u0111\u1ee7 th\u00f4ng tin v\u00e0 g\u1eedi v\u1ec1 Aviva Vi\u1ec7t Nam theo m\u1ed9t trong nh\u1eefng ph\u01b0\u01a1ng th\u1ee9c sau:<\/p>\n<ul>\n<li>N\u1ed9p tr\u1ef1c ti\u1ebfp Phi\u1ebfu y\u00eau c\u1ea7u t\u1ea1i c\u00e1c v\u0103n ph\u00f2ng c\u1ee7a Aviva Vi\u1ec7t Nam ho\u1eb7c v\u0103n ph\u00f2ng chi nh\u00e1nh Aviva Vi\u1ec7t Nam g\u1ea7n nh\u1ea5t<\/li>\n<li>Th\u00f4ng qua \u0111\u1ea1i l\u00fd ph\u1ee5c v\u1ee5 h\u1ee3p \u0111\u1ed3ng b\u1ea3o hi\u1ec3m c\u1ee7a Qu\u00fd kh\u00e1ch<\/li>\n<li>G\u1eedi Phi\u1ebfu y\u00eau c\u1ea7u qua B\u01b0u \u0111i\u1ec7n Vi\u1ec7t Nam (VNPost) v\u1ec1: T\u1ea7ng 13, T\u00f2a nh\u00e0 Mipec tower, 229 T\u00e2y S\u01a1n, Qu\u1eadn \u0110\u1ed1ng \u0110a, H\u00e0 N\u1ed9i<\/li>\n<\/ul>\n\t\t<\/div>\n\t\t\t\t\t<\/div>\n\n\t\n\n\t<div id=\"col-1607759452\" class=\"col medium-6 small-12 large-6\"  >\n\t\t\t\t<div class=\"col-inner\"  >\n\t\t\t\n\t\t\t\n\t<div class=\"img has-hover x md-x lg-x y md-y lg-y\" id=\"image_803657928\">\n\t\t\t\t\t\t\t\t<div class=\"img-inner dark\" >\n\t\t\t<img width=\"602\" height=\"290\" src=\"https:\/\/demo.bmconnect.vn\/baohiem\/wp-content\/uploads\/2019\/04\/fb_logo.jpg\" class=\"attachment-original size-original\" alt=\"\" loading=\"lazy\" srcset=\"https:\/\/demo.bmconnect.vn\/baohiem\/wp-content\/uploads\/2019\/04\/fb_logo.jpg 602w, https:\/\/demo.bmconnect.vn\/baohiem\/wp-content\/uploads\/2019\/04\/fb_logo-300x145.jpg 300w\" sizes=\"(max-width: 602px) 100vw, 602px\" \/>\t\t\t\t\t\t\n\t\t\t\t\t<\/div>\n\t\t\t\t\t\t\t\t\n<style>\n#image_803657928 {\n  width: 100%;\n}\n<\/style>\n\t<\/div>\n\t\n\t\t<\/div>\n\t\t\t\t\t<\/div>\n\n\t\n<\/div>\n<div class=\"table-responsive\">\n<table class=\"table\">\n<thead>\n<tr>\n<th>STT<\/th>\n<th>Bi\u1ec3u m\u1eabu<\/th>\n<th>T\u1ea3i v\u1ec1<\/th>\n<\/tr>\n<\/thead>\n<tbody>\n<tr>\n<td>1<\/td>\n<td>\n<h2>\n                <a href=\"#\">T\u01b0\u1eddng tr\u00ecnh tai n\u1ea1n<\/a><\/h2>\n<\/td>\n<td>\n              <a class=\"download\" href=\"#\"><br \/>\n                <i class=\"material-icons\">Download<\/i><br \/>\n              <\/a>\n            <\/td>\n<\/tr>\n<tr>\n<td>2<\/td>\n<td>\n<h2>\n                <a href=\"#\">Phi\u1ebfu y\u00eau c\u1ea7u gi\u1ea3i quy\u1ebft Quy\u1ec1n l\u1ee3i b\u1ea3o hi\u1ec3m<\/a><\/h2>\n<\/td>\n<td>\n              <a class=\"#\"><br \/>\n                <i class=\"material-icons\">Download<\/i><br \/>\n              <\/a>\n            <\/td>\n<\/tr>\n<tr>\n<td>3<\/td>\n<td>\n<h2>\n                <a href=\"#\">H\u01b0\u1edbng d\u1eabn h\u1ed3 s\u01a1 GQQLBH B\u1ec7nh hi\u1ec3m ngh\u00e8o<\/a><\/h2>\n<\/td>\n<td>\n              <a class=\"download\" href=\"#\"><br \/>\n                <i class=\"material-icons\">Download<\/i><br \/>\n              <\/a>\n            <\/td>\n<\/tr>\n<tr>\n<td>4<\/td>\n<td>\n<h2>\n                <a href=\"#\">H\u01b0\u1edbng d\u1eabn h\u1ed3 s\u01a1 GQQLBH h\u1ed7 tr\u1ee3 vi\u1ec7n ph\u00ed v\u00e0 ph\u1eabu thu\u1eadt<\/a><\/h2>\n<\/td>\n<td>\n              <a class=\"download\" href=\"#\"><br \/>\n                <i class=\"material-icons\">Download<\/i><br \/>\n              <\/a>\n            <\/td>\n<\/tr>\n<tr>\n<td>5<\/td>\n<td>\n<h2>\n                <a href=\"#\">H\u01b0\u1edbng d\u1eabn h\u1ed3 s\u01a1 GQQLBH Ph\u00e1t An T\u00edn D\u1ee5ng<\/a><\/h2>\n<\/td>\n<td>\n              <a class=\"download\" href=\"#\"><br \/>\n                <i class=\"material-icons\">Download<\/i><br \/>\n              <\/a>\n            <\/td>\n<\/tr>\n<tr>\n<td>6<\/td>\n<td>\n<h2>\n                <a href=\"#\">H\u01b0\u1edbng d\u1eabn h\u1ed3 s\u01a1 GQQLBH t\u1ea1m th\u1eddi<\/a><\/h2>\n<\/td>\n<td>\n              <a class=\"download\" href=\"#\"><br \/>\n                <i class=\"material-icons\">Download<\/i><br \/>\n              <\/a>\n            <\/td>\n<\/tr>\n<tr>\n<td>7<\/td>\n<td>\n<h2>\n                <a href=\"#\">H\u01b0\u1edbng d\u1eabn h\u1ed3 s\u01a1 GQQLBH Th\u01b0\u01a1ng t\u1eadt to\u00e0n b\u1ed9 v\u0129nh vi\u1ec5n<\/a><\/h2>\n<\/td>\n<td>\n              <a class=\"download\" href=\"#\"><br \/>\n                <i class=\"material-icons\">Download<\/i><br \/>\n              <\/a>\n            <\/td>\n<\/tr>\n<tr>\n<td>8<\/td>\n<td>\n<h2>\n                <a href=\"#\">H\u01b0\u1edbng d\u1eabn h\u1ed3 s\u01a1 GQQLBH T\u1eed vong<\/a><\/h2>\n<\/td>\n<td>\n              <a class=\"download\" href=\"#\"><br \/>\n                <i class=\"material-icons\">Download<\/i><br \/>\n              <\/a>\n            <\/td>\n<\/tr>\n<\/tbody>\n<\/table><\/div>\n<\/div>\n<div class=\"panel entry-content\" id=\"tab_\u1ee6y-quy\u1ec1n\">\n\t<div id=\"gap-1668473479\" class=\"gap-element clearfix\" style=\"display:block; height:auto;\">\n\t\t\n<style>\n#gap-1668473479 {\n  padding-top: 30px;\n}\n<\/style>\n\t<\/div>\n\t\n<div class=\"row\"  id=\"row-1057332311\">\n\n\t<div id=\"col-102866698\" class=\"col medium-6 small-12 large-6\"  >\n\t\t\t\t<div class=\"col-inner\"  >\n\t\t\t\n\t\t\t\n<h1 class=\"title-page\">\u1ee6Y QUY\u1ec0N<\/h1>\n<p class=\"title-page\">Qu\u00fd kh\u00e1ch vui l\u00f2ng ch\u1ecdn m\u1eabu bi\u1ec3u ph\u00f9 h\u1ee3p, \u0111i\u1ec1n \u0111\u1ea7y \u0111\u1ee7 th\u00f4ng tin v\u00e0 g\u1eedi v\u1ec1 Aviva Vi\u1ec7t Nam theo m\u1ed9t trong nh\u1eefng ph\u01b0\u01a1ng th\u1ee9c sau:<\/p>\n<div class=\"brief\">\n<ul>\n<li>N\u1ed9p tr\u1ef1c ti\u1ebfp Phi\u1ebfu y\u00eau c\u1ea7u t\u1ea1i c\u00e1c v\u0103n ph\u00f2ng c\u1ee7a Aviva Vi\u1ec7t Nam ho\u1eb7c v\u0103n ph\u00f2ng chi nh\u00e1nh Aviva Vi\u1ec7t Nam g\u1ea7n nh\u1ea5t<\/li>\n<li>Th\u00f4ng qua \u0111\u1ea1i l\u00fd ph\u1ee5c v\u1ee5 h\u1ee3p \u0111\u1ed3ng b\u1ea3o hi\u1ec3m c\u1ee7a Qu\u00fd kh\u00e1ch<\/li>\n<li>G\u1eedi Phi\u1ebfu y\u00eau c\u1ea7u qua B\u01b0u \u0111i\u1ec7n Vi\u1ec7t Nam (VNPost) v\u1ec1: T\u1ea7ng 13, T\u00f2a nh\u00e0 Mipec tower, 229 T\u00e2y S\u01a1n, Qu\u1eadn \u0110\u1ed1ng \u0110a, H\u00e0 N\u1ed9i<\/li>\n<\/ul>\n<\/div>\n\t\t<\/div>\n\t\t\t\t\t<\/div>\n\n\t\n\n\t<div id=\"col-972978475\" class=\"col medium-6 small-12 large-6\"  >\n\t\t\t\t<div class=\"col-inner\"  >\n\t\t\t\n\t\t\t\n\t<div class=\"img has-hover x md-x lg-x y md-y lg-y\" id=\"image_2134234579\">\n\t\t\t\t\t\t\t\t<div class=\"img-inner dark\" >\n\t\t\t<img width=\"602\" height=\"290\" src=\"https:\/\/demo.bmconnect.vn\/baohiem\/wp-content\/uploads\/2019\/04\/fb_logo.jpg\" class=\"attachment-original size-original\" alt=\"\" loading=\"lazy\" srcset=\"https:\/\/demo.bmconnect.vn\/baohiem\/wp-content\/uploads\/2019\/04\/fb_logo.jpg 602w, https:\/\/demo.bmconnect.vn\/baohiem\/wp-content\/uploads\/2019\/04\/fb_logo-300x145.jpg 300w\" sizes=\"(max-width: 602px) 100vw, 602px\" \/>\t\t\t\t\t\t\n\t\t\t\t\t<\/div>\n\t\t\t\t\t\t\t\t\n<style>\n#image_2134234579 {\n  width: 100%;\n}\n<\/style>\n\t<\/div>\n\t\n\t\t<\/div>\n\t\t\t\t\t<\/div>\n\n\t\n<\/div>\n<div class=\"table-responsive\">\n<table class=\"table\">\n<thead>\n<tr>\n<th>STT<\/th>\n<th>Bi\u1ec3u m\u1eabu<\/th>\n<th>T\u1ea3i v\u1ec1<\/th>\n<\/tr>\n<\/thead>\n<tbody>\n<tr>\n<td>1<\/td>\n<td>\n<h2>\n                <a href=\"#\">T\u01b0\u1eddng tr\u00ecnh tai n\u1ea1n<\/a><\/h2>\n<\/td>\n<td>\n              <a class=\"download\" href=\"#\"><br \/>\n                <i class=\"material-icons\">Download<\/i><br \/>\n              <\/a>\n            <\/td>\n<\/tr>\n<tr>\n<td>2<\/td>\n<td>\n<h2>\n                <a href=\"#\">Phi\u1ebfu y\u00eau c\u1ea7u gi\u1ea3i quy\u1ebft Quy\u1ec1n l\u1ee3i b\u1ea3o hi\u1ec3m<\/a><\/h2>\n<\/td>\n<td>\n              <a class=\"#\"><br \/>\n                <i class=\"material-icons\">Download<\/i><br \/>\n              <\/a>\n            <\/td>\n<\/tr>\n<tr>\n<td>3<\/td>\n<td>\n<h2>\n                <a href=\"#\">H\u01b0\u1edbng d\u1eabn h\u1ed3 s\u01a1 GQQLBH B\u1ec7nh hi\u1ec3m ngh\u00e8o<\/a><\/h2>\n<\/td>\n<td>\n              <a class=\"download\" href=\"#\"><br \/>\n                <i class=\"material-icons\">Download<\/i><br \/>\n              <\/a>\n            <\/td>\n<\/tr>\n<tr>\n<td>4<\/td>\n<td>\n<h2>\n                <a href=\"#\">H\u01b0\u1edbng d\u1eabn h\u1ed3 s\u01a1 GQQLBH h\u1ed7 tr\u1ee3 vi\u1ec7n ph\u00ed v\u00e0 ph\u1eabu thu\u1eadt<\/a><\/h2>\n<\/td>\n<td>\n              <a class=\"download\" href=\"#\"><br \/>\n                <i class=\"material-icons\">Download<\/i><br \/>\n              <\/a>\n            <\/td>\n<\/tr>\n<tr>\n<td>5<\/td>\n<td>\n<h2>\n                <a href=\"#\">H\u01b0\u1edbng d\u1eabn h\u1ed3 s\u01a1 GQQLBH Ph\u00e1t An T\u00edn D\u1ee5ng<\/a><\/h2>\n<\/td>\n<td>\n              <a class=\"download\" href=\"#\"><br \/>\n                <i class=\"material-icons\">Download<\/i><br \/>\n              <\/a>\n            <\/td>\n<\/tr>\n<tr>\n<td>6<\/td>\n<td>\n<h2>\n                <a href=\"#\">H\u01b0\u1edbng d\u1eabn h\u1ed3 s\u01a1 GQQLBH t\u1ea1m th\u1eddi<\/a><\/h2>\n<\/td>\n<td>\n              <a class=\"download\" href=\"#\"><br \/>\n                <i class=\"material-icons\">Download<\/i><br \/>\n              <\/a>\n            <\/td>\n<\/tr>\n<tr>\n<td>7<\/td>\n<td>\n<h2>\n                <a href=\"#\">H\u01b0\u1edbng d\u1eabn h\u1ed3 s\u01a1 GQQLBH Th\u01b0\u01a1ng t\u1eadt to\u00e0n b\u1ed9 v\u0129nh vi\u1ec5n<\/a><\/h2>\n<\/td>\n<td>\n              <a class=\"download\" href=\"#\"><br \/>\n                <i class=\"material-icons\">Download<\/i><br \/>\n              <\/a>\n            <\/td>\n<\/tr>\n<tr>\n<td>8<\/td>\n<td>\n<h2>\n                <a href=\"#\">H\u01b0\u1edbng d\u1eabn h\u1ed3 s\u01a1 GQQLBH T\u1eed vong<\/a><\/h2>\n<\/td>\n<td>\n              <a class=\"download\" href=\"#\"><br \/>\n                <i class=\"material-icons\">Download<\/i><br \/>\n              <\/a>\n            <\/td>\n<\/tr>\n<\/tbody>\n<\/table><\/div>\n<\/div><\/div><\/div>\n\t\t<\/div>\n\t\t\t\t\t<\/div>\n\n\t\n<\/div>\n","protected":false},"excerpt":{"rendered":"","protected":false},"author":1,"featured_media":0,"parent":0,"menu_order":0,"comment_status":"closed","ping_status":"closed","template":"page-blank.php","meta":[],"_links":{"self":[{"href":"https:\/\/demo.bmconnect.vn\/baohiem\/wp-json\/wp\/v2\/pages\/554"}],"collection":[{"href":"https:\/\/demo.bmconnect.vn\/baohiem\/wp-json\/wp\/v2\/pages"}],"about":[{"href":"https:\/\/demo.bmconnect.vn\/baohiem\/wp-json\/wp\/v2\/types\/page"}],"author":[{"embeddable":true,"href":"https:\/\/demo.bmconnect.vn\/baohiem\/wp-json\/wp\/v2\/users\/1"}],"replies":[{"embeddable":true,"href":"https:\/\/demo.bmconnect.vn\/baohiem\/wp-json\/wp\/v2\/comments?post=554"}],"version-history":[{"count":0,"href":"https:\/\/demo.bmconnect.vn\/baohiem\/wp-json\/wp\/v2\/pages\/554\/revisions"}],"wp:attachment":[{"href":"https:\/\/demo.bmconnect.vn\/baohiem\/wp-json\/wp\/v2\/media?parent=554"}],"curies":[{"name":"wp","href":"https:\/\/api.w.org\/{rel}","templated":true}]}}