{"id":42,"date":"2019-04-01T14:37:58","date_gmt":"2019-04-01T07:37:58","guid":{"rendered":"https:\/\/demo.bmconnect.vn\/?page_id=42"},"modified":"2019-04-03T11:38:44","modified_gmt":"2019-04-03T04:38:44","slug":"dieu-chinh-ho-so","status":"publish","type":"page","link":"https:\/\/demo.bmconnect.vn\/baohiem\/ho-tro-khach-hang\/dieu-chinh-ho-so\/","title":{"rendered":"\u0110i\u1ec1u ch\u1ec9nh h\u1ed3 s\u01a1"},"content":{"rendered":"<div class=\"row\"  id=\"row-1383558648\">\n\n\t<div id=\"col-2135520621\" class=\"col small-12 large-12\"  >\n\t\t\t\t<div class=\"col-inner\"  >\n\t\t\t\n\t\t\t\n\n  <div class=\"banner has-hover\" id=\"banner-516475057\">\n          <div class=\"banner-inner fill\">\n        <div class=\"banner-bg fill\" >\n            <div class=\"bg fill bg-fill \"><\/div>\n                                    \n                    <\/div>\n        <div class=\"banner-layers container\">\n            <div class=\"fill banner-link\"><\/div>            \n   <div id=\"text-box-302425796\" class=\"text-box banner-layer x10 md-x10 lg-x10 y50 md-y50 lg-y50 res-text\">\n                                <div class=\"text-box-content text \">\n              \n              <div class=\"text-inner text-center\">\n                  \n<h3 class=\"uppercase\"><span style=\"font-size: 90%; color: #003366;\"><strong>\u0110I\u1ec0U CH\u1ec8NH H\u1ed2 S\u01a0<\/strong><\/span><\/h3>\n              <\/div>\n           <\/div>\n                            \n<style>\n#text-box-302425796 {\n  width: 60%;\n}\n#text-box-302425796 .text-box-content {\n  font-size: 100%;\n}\n@media (min-width:550px) {\n  #text-box-302425796 {\n    width: 40%;\n  }\n}\n<\/style>\n    <\/div>\n \n        <\/div>\n      <\/div>\n\n              <div class=\"height-fix is-invisible\"><img width=\"1920\" height=\"339\" src=\"https:\/\/demo.bmconnect.vn\/baohiem\/wp-content\/uploads\/2019\/04\/bg2.jpg\" class=\"attachment-original size-original\" alt=\"\" loading=\"lazy\" srcset=\"https:\/\/demo.bmconnect.vn\/baohiem\/wp-content\/uploads\/2019\/04\/bg2.jpg 1920w, https:\/\/demo.bmconnect.vn\/baohiem\/wp-content\/uploads\/2019\/04\/bg2-300x53.jpg 300w, https:\/\/demo.bmconnect.vn\/baohiem\/wp-content\/uploads\/2019\/04\/bg2-768x136.jpg 768w, https:\/\/demo.bmconnect.vn\/baohiem\/wp-content\/uploads\/2019\/04\/bg2-1024x181.jpg 1024w\" sizes=\"(max-width: 1920px) 100vw, 1920px\" \/><\/div>\n            \n<style>\n#banner-516475057 .bg.bg-loaded {\n  background-image: url(https:\/\/demo.bmconnect.vn\/baohiem\/wp-content\/uploads\/2019\/04\/bg2.jpg);\n}\n<\/style>\n  <\/div>\n\n\n\t\t<\/div>\n\t\t\t\t\t<\/div>\n\n\t\n<\/div>\n<div class=\"row row-dieu-chinh-ho-so\"  id=\"row-1390574333\">\n\n\t<div id=\"col-1494842163\" class=\"col small-12 large-12\"  >\n\t\t\t\t<div class=\"col-inner\"  >\n\t\t\t\n\t\t\t\n<h3 class=\"title-page\" style=\"text-align: center;\"><span style=\"color: #ff0000;\">\u0110I\u1ec0U CH\u1ec8NH TH\u00d4NG TIN H\u1ed2 S\u01a0\/H\u1ee2P \u0110\u1ed2NG B\u1ea2O HI\u1ec2M<\/span><\/h3>\n<h4><span style=\"color: #003366; font-size: 95%;\">C\u00e1c th\u00f4ng tin Qu\u00fd kh\u00e1ch c\u00f3 th\u1ec3 y\u00eau c\u1ea7u \u0111i\u1ec1u ch\u1ec9nh bao g\u1ed3m:<\/span><\/h4>\n<div class=\"fullContent\">\n<p><span style=\"color: #50b848; font-size: 95%;\"><strong>1. \u0110i\u1ec1u ch\u1ec9nh th\u00f4ng tin h\u1ed3 s\u01a1\/h\u1ee3p \u0111\u1ed3ng b\u1ea3o hi\u1ec3m<\/strong><\/span><\/p>\n<ul>\n<li><span style=\"font-size: 95%;\"><strong>Th\u00f4ng tin b\u00ean mua b\u1ea3o hi\u1ec3m:<\/strong>\u00a0T\u00ean, tu\u1ed5i, gi\u1edbi t\u00ednh, gi\u1ea5y t\u1edd tu\u1ef3 th\u00e2n, ch\u1eef k\u00fd, \u0111\u1ecba ch\u1ec9 li\u00ean h\u1ec7<\/span><\/li>\n<li><span style=\"font-size: 95%;\"><strong>Thay \u0111\u1ed5i th\u00f4ng tin ho\u1eb7c b\u1ed5 sung Ng\u01b0\u1eddi th\u1ee5 h\u01b0\u1edfng;<\/strong><\/span><\/li>\n<li><span style=\"font-size: 95%;\"><strong>Thay \u0111\u1ed5i \u0111\u1ecbnh k\u1ef3 n\u1ed9p ph\u00ed\/ Ph\u01b0\u01a1ng th\u1ee9c n\u1ed9p ph\u00ed;<\/strong><\/span><\/li>\n<li><span style=\"font-size: 95%;\"><strong>Hu\u1ef7 h\u1ed3 s\u01a1\/ Hu\u1ef7 H\u1ee3p \u0111\u1ed3ng b\u1ea3o hi\u1ec3m;<\/strong><\/span><\/li>\n<li><span style=\"font-size: 95%;\"><strong>Thay \u0111\u1ed5i \u0111i\u1ec1u ki\u1ec7n b\u1ea3o hi\u1ec3m:<\/strong>\u00a0Tu\u1ef3 thu\u1ed9c v\u00e0o t\u00ednh n\u0103ng S\u1ea3n ph\u1ea9m b\u1ea3o hi\u1ec3m, c\u00f3 th\u1ec3 cho ph\u00e9p thay \u0111\u1ed5i\/b\u1ed5 sung m\u1ed9t s\u1ed1 \u0111i\u1ec1u ki\u1ec7n b\u1ea3o hi\u1ec3m nh\u01b0 t\u0103ng\/gi\u1ea3m S\u1ed1 ti\u1ec1n b\u1ea3o hi\u1ec3m, b\u1ed5 sung s\u1ea3n ph\u1ea9m b\u1ed5 tr\u1ee3 &#8230;<\/span><\/li>\n<li><span style=\"font-size: 95%;\"><strong>Thay \u0111\u1ed5i li\u00ean quan \u0111\u1ebfn gi\u00e1 tr\u1ecb h\u1ee3p \u0111\u1ed3ng:<\/strong>\u00a0Nh\u1eadn t\u1ea1m \u1ee9ng t\u1eeb Gi\u00e1 tr\u1ecb ho\u00e0n l\u1ea1i, R\u00fat ti\u1ec1n t\u1eeb Gi\u00e1 tr\u1ecb t\u00e0i kho\u1ea3n h\u1ee3p \u0111\u1ed3ng&#8230;<\/span><\/li>\n<\/ul>\n<p><span style=\"font-size: 95%;\"><strong>Th\u1ee7 t\u1ee5c:<\/strong><\/span><\/p>\n<ul>\n<li><span style=\"font-size: 95%;\">T\u00f9y theo lo\u1ea1i \u0111i\u1ec1u ch\u1ec9nh, Aviva s\u1ebd y\u00eau c\u1ea7u \u0110\u01a1n v\u00e0 ch\u1ee9ng t\u1eeb t\u01b0\u01a1ng \u1ee9ng. Qu\u00fd kh\u00e1ch vui l\u00f2ng li\u00ean h\u1ec7 v\u1edbi Nh\u00e2n vi\u00ean t\u01b0 v\u1ea5n c\u1ee7a Qu\u00fd kh\u00e1ch \u0111\u1ec3 \u0111\u01b0\u1ee3c h\u01b0\u1edbng d\u1eabn c\u1ee5 th\u1ec3.<\/span><\/li>\n<li><span style=\"font-size: 95%;\">M\u1ed9t s\u1ed1 \u0111i\u1ec1u ch\u1ec9nh c\u1ea7n n\u1ed9p th\u00eam ph\u00ed (\u0111i\u1ec1u ch\u1ec9nh n\u0103m sinh khi\u1ebfn t\u0103ng tu\u1ed5i, \u0111i\u1ec1u ch\u1ec9nh sang \u0111\u1ecbnh k\u1ef3 \u0111\u00f3ng ph\u00ed d\u00e0i h\u01a1n \u2026)<\/span><\/li>\n<li><span style=\"font-size: 95%;\">Sau khi nh\u1eadn \u0111\u01b0\u1ee3c y\u00eau c\u1ea7u \u0111i\u1ec1u ch\u1ec9nh, Aviva s\u1ebd ki\u1ec3m tra, th\u1ea9m \u0111\u1ecbnh v\u00e0 x\u1eed l\u00fd theo quy \u0111\u1ecbnh c\u1ee7a c\u00f4ng ty. K\u1ebft qu\u1ea3 x\u1eed l\u00fd (ch\u1ea5p thu\u1eadn ho\u1eb7c t\u1eeb ch\u1ed1i y\u00eau c\u1ea7u \u0111i\u1ec1u ch\u1ec9nh) s\u1ebd \u0111\u01b0\u1ee3c th\u00f4ng b\u00e1o \u0111\u1ebfn Qu\u00fd kh\u00e1ch b\u1eb1ng v\u0103n b\u1ea3n.<\/span><\/li>\n<\/ul>\n<ul>\n<li><span style=\"font-size: 95%;\">\u0110\u1ed1i v\u1edbi nh\u1eefng \u0111i\u1ec1u ch\u1ec9nh c\u00f3 ho\u00e0n ph\u00ed th\u1eeba, Aviva s\u1ebd ho\u00e0n l\u1ea1i ph\u00ed cho Qu\u00fd kh\u00e1ch.<\/span><\/li>\n<\/ul>\n<p><span style=\"color: #50b848; font-size: 95%;\"><strong>2. Kh\u00f4i ph\u1ee5c hi\u1ec7u l\u1ef1c h\u1ee3p \u0111\u1ed3ng<\/strong><\/span><\/p>\n<p><span style=\"font-size: 95%;\">Sau khi H\u1ee3p \u0111\u1ed3ng b\u1ea3o hi\u1ec3m b\u1ecb m\u1ea5t hi\u1ec7u l\u1ef1c, Qu\u00fd kh\u00e1ch c\u00f3 quy\u1ec1n y\u00eau c\u1ea7u kh\u00f4i ph\u1ee5c H\u1ee3p \u0111\u1ed3ng b\u1ea3o hi\u1ec3m trong v\u00f2ng 24 th\u00e1ng t\u00ednh t\u1eeb ng\u00e0y H\u1ee3p \u0111\u1ed3ng b\u1ea3o hi\u1ec3m b\u1ecb m\u1ea5t hi\u1ec7u l\u1ef1c.<\/span><\/p>\n<p><span style=\"font-size: 95%;\"><strong>Th\u1ee7 t\u1ee5c<\/strong><\/span><\/p>\n<p><span style=\"font-size: 95%;\">Qu\u00fd kh\u00e1ch c\u1ea7n \u0111i\u1ec1n \u0111\u1ea7y \u0111\u1ee7 th\u00f4ng tin v\u00e0o \u0110\u01a1n y\u00eau c\u1ea7u kh\u00f4i ph\u1ee5c h\u1ee3p \u0111\u1ed3ng b\u1ea3o hi\u1ec3m v\u00e0 T\u1edd khai s\u1ee9c kh\u1ecfe. Xin l\u01b0u \u00fd r\u1eb1ng Qu\u00fd kh\u00e1ch c\u00f3 th\u1ec3 n\u1ed9p ph\u00ed kh\u00f4i ph\u1ee5c n\u1ebfu c\u00f3.<\/span><\/p>\n<p><span style=\"font-size: 95%;\">Sau khi nh\u1eadn \u0111\u01b0\u1ee3c y\u00eau c\u1ea7u kh\u00f4i ph\u1ee5c H\u1ee3p \u0111\u1ed3ng b\u1ea3o hi\u1ec3m, Aviva s\u1ebd ki\u1ec3m tra, th\u1ea9m \u0111\u1ecbnh v\u00e0 x\u1eed l\u00fd theo quy \u0111\u1ecbnh c\u1ee7a c\u00f4ng ty. K\u1ebft qu\u1ea3 x\u1eed l\u00fd s\u1ebd \u0111\u01b0\u1ee3c th\u00f4ng b\u00e1o \u0111\u1ebfn Qu\u00fd kh\u00e1ch b\u1eb1ng v\u0103n b\u1ea3n:<\/span><\/p>\n<ul>\n<li><span style=\"font-size: 95%;\">Ch\u1ea5p nh\u1eadn kh\u00f4i ph\u1ee5c;<\/span><\/li>\n<li><span style=\"font-size: 95%;\">Y\u00eau c\u1ea7u ki\u1ec3m tra s\u1ee9c kh\u1ecfe;<\/span><\/li>\n<li><span style=\"font-size: 95%;\">Y\u00eau c\u1ea7u n\u1ed9p ph\u00ed b\u1ea3o hi\u1ec3m ph\u1ee5 tr\u1ed9i;<\/span><\/li>\n<li><span style=\"font-size: 95%;\">T\u1ea1m ho\u00e3n kh\u00f4i ph\u1ee5c;<\/span><\/li>\n<li><span style=\"font-size: 95%;\">T\u1eeb ch\u1ed1i kh\u00f4i ph\u1ee5c.<\/span><\/li>\n<\/ul>\n<p><span style=\"font-size: 95%;\">Qu\u00fd kh\u00e1ch c\u1ea7n \u0111i\u1ec1n \u0111\u1ea7y \u0111\u1ee7 th\u00f4ng tin v\u00e0o \u0110\u01a1n y\u00eau c\u1ea7u kh\u00f4i ph\u1ee5c h\u1ee3p \u0111\u1ed3ng b\u1ea3o hi\u1ec3m v\u00e0 T\u1edd khai s\u1ee9c kh\u1ecfe (n\u1ebfu h\u1ee3p \u0111\u1ed3ng \u0111\u00e3 m\u1ea5t hi\u1ec7u l\u1ef1c tr\u00ean 6 th\u00e1ng)<\/span><\/p>\n<p><span style=\"font-size: 95%;\">Th\u1eddi \u0111i\u1ec3m cho ph\u00e9p th\u1ef1c hi\u1ec7n \u0111\u1ed1i v\u1edbi t\u1eebng lo\u1ea1i \u0111i\u1ec1u ch\u1ec9nh c\u1ee5 th\u1ec3.<\/span><\/p>\n<ul>\n<li><span style=\"font-size: 95%;\">C\u00e1c y\u00eau c\u1ea7u \u0111i\u1ec1u ch\u1ec9nh b\u1ed5 sung \u0111\u1ed1i v\u1edbi H\u1ed3 s\u01a1 y\u00eau c\u1ea7u b\u1ea3o hi\u1ec3m c\u1ea7n \u0111\u01b0\u1ee3c n\u1ed9p trong th\u1eddi gian t\u1ef1 do c\u00e2n nh\u1eafc (21 ng\u00e0y k\u1ec3 t\u1eeb ng\u00e0y x\u00e1c nh\u1eadn \u0111\u00e3 nh\u1eadn B\u1ed9 h\u1ee3p \u0111\u1ed3ng b\u1ea3o hi\u1ec3m).<\/span><\/li>\n<li><span style=\"font-size: 95%;\">Y\u00eau c\u1ea7u s\u1eeda \u0111\u1ed5i ch\u00ednh s\u00e1ch ph\u1ea3i \u0111\u01b0\u1ee3c g\u1eedi tr\u01b0\u1edbc 30 ng\u00e0y \u0111\u1ebfn h\u1ea1n \u0111\u00f3ng ph\u00ed b\u1ea3o hi\u1ec3m v\u00e0 kh\u00f4ng qu\u00e1 th\u1eddi gian gia h\u1ea1n.<\/span><\/li>\n<\/ul>\n<\/div>\n\t\t<\/div>\n\t\t\t\t\t<\/div>\n\n\t\n<\/div>\n\t<div id=\"gap-1561809522\" class=\"gap-element clearfix\" style=\"display:block; height:auto;\">\n\t\t\n<style>\n#gap-1561809522 {\n  padding-top: 30px;\n}\n<\/style>\n\t<\/div>\n\t\n<div class=\"row row-small row-tai-mau-don\"  id=\"row-276467516\">\n\n\t<div id=\"col-1290957806\" class=\"col medium-2 small-6 large-2\"  >\n\t\t\t\t<div class=\"col-inner\"  >\n\t\t\t\n\t\t\t\n\n\t<a class=\"plain\" href=\"#\"  >\t<div class=\"icon-box featured-box icon-box-center text-center\"  >\n\t\t\t\t\t<div class=\"icon-box-img\" style=\"width: 60px\">\n\t\t\t\t<div class=\"icon\">\n\t\t\t\t\t<div class=\"icon-inner\" >\n\t\t\t\t\t\t<img width=\"70\" height=\"70\" src=\"https:\/\/demo.bmconnect.vn\/baohiem\/wp-content\/uploads\/2019\/04\/icon12.png\" class=\"attachment-medium size-medium\" alt=\"\" loading=\"lazy\" \/>\t\t\t\t\t<\/div>\n\t\t\t\t<\/div>\n\t\t\t<\/div>\n\t\t\t\t<div class=\"icon-box-text last-reset\">\n\t\t\t\t\t\t\t\t\t\n<p style=\"text-align: center;\"><span style=\"font-size: 95%;\">\u0110\u01a1n y\u00eau c\u1ea7u chuy\u1ec3n nh\u01b0\u1ee3ng h\u1ee3p \u0111\u1ed3ng<\/span><\/p>\n\t\t<\/div>\n\t<\/div>\n\t<\/a>\n\t\n\t\t<\/div>\n\t\t\t\t\t<\/div>\n\n\t\n\n\t<div id=\"col-1846674027\" class=\"col medium-2 small-6 large-2\"  >\n\t\t\t\t<div class=\"col-inner\"  >\n\t\t\t\n\t\t\t\n\n\t<a class=\"plain\" href=\"#\"  >\t<div class=\"icon-box featured-box icon-box-center text-center\"  >\n\t\t\t\t\t<div class=\"icon-box-img\" style=\"width: 60px\">\n\t\t\t\t<div class=\"icon\">\n\t\t\t\t\t<div class=\"icon-inner\" >\n\t\t\t\t\t\t<img width=\"70\" height=\"70\" src=\"https:\/\/demo.bmconnect.vn\/baohiem\/wp-content\/uploads\/2019\/04\/icon12.png\" class=\"attachment-medium size-medium\" alt=\"\" loading=\"lazy\" \/>\t\t\t\t\t<\/div>\n\t\t\t\t<\/div>\n\t\t\t<\/div>\n\t\t\t\t<div class=\"icon-box-text last-reset\">\n\t\t\t\t\t\t\t\t\t\n<p style=\"text-align: center;\"><span style=\"font-size: 95%;\">\u0110\u01a1n y\u00eau c\u1ea7u \u0111i\u1ec1u ch\u1ec9nh h\u1ee3p \u0111\u1ed3ng<\/span><\/p>\n\t\t<\/div>\n\t<\/div>\n\t<\/a>\n\t\n\t\t<\/div>\n\t\t\t\t\t<\/div>\n\n\t\n\n\t<div id=\"col-1616910409\" class=\"col medium-2 small-6 large-2\"  >\n\t\t\t\t<div class=\"col-inner\"  >\n\t\t\t\n\t\t\t\n\n\t<a class=\"plain\" href=\"#\"  >\t<div class=\"icon-box featured-box icon-box-center text-center\"  >\n\t\t\t\t\t<div class=\"icon-box-img\" style=\"width: 60px\">\n\t\t\t\t<div class=\"icon\">\n\t\t\t\t\t<div class=\"icon-inner\" >\n\t\t\t\t\t\t<img width=\"70\" height=\"70\" src=\"https:\/\/demo.bmconnect.vn\/baohiem\/wp-content\/uploads\/2019\/04\/icon12.png\" class=\"attachment-medium size-medium\" alt=\"\" loading=\"lazy\" \/>\t\t\t\t\t<\/div>\n\t\t\t\t<\/div>\n\t\t\t<\/div>\n\t\t\t\t<div class=\"icon-box-text last-reset\">\n\t\t\t\t\t\t\t\t\t\n<p style=\"text-align: center;\"><span style=\"font-size: 95%;\">\u0110\u01a1n y\u00eau c\u1ea7u \u0111i\u1ec1u ch\u1ec9nh ng\u01b0\u1eddi th\u1ee5 h\u01b0\u1edfng<\/span><\/p>\n\t\t<\/div>\n\t<\/div>\n\t<\/a>\n\t\n\t\t<\/div>\n\t\t\t\t\t<\/div>\n\n\t\n\n\t<div id=\"col-1383710148\" class=\"col medium-2 small-6 large-2\"  >\n\t\t\t\t<div class=\"col-inner\"  >\n\t\t\t\n\t\t\t\n\n\t<a class=\"plain\" href=\"#\"  >\t<div class=\"icon-box featured-box icon-box-center text-center\"  >\n\t\t\t\t\t<div class=\"icon-box-img\" style=\"width: 60px\">\n\t\t\t\t<div class=\"icon\">\n\t\t\t\t\t<div class=\"icon-inner\" >\n\t\t\t\t\t\t<img width=\"70\" height=\"70\" src=\"https:\/\/demo.bmconnect.vn\/baohiem\/wp-content\/uploads\/2019\/04\/icon12.png\" class=\"attachment-medium size-medium\" alt=\"\" loading=\"lazy\" \/>\t\t\t\t\t<\/div>\n\t\t\t\t<\/div>\n\t\t\t<\/div>\n\t\t\t\t<div class=\"icon-box-text last-reset\">\n\t\t\t\t\t\t\t\t\t\n<p style=\"text-align: center;\"><span style=\"font-size: 95%;\">\u0110\u01a1n y\u00eau c\u1ea7u thay \u0111\u1ed5i b\u00ean mua b\u1ea3o hi\u1ec3m<\/span><\/p>\n\t\t<\/div>\n\t<\/div>\n\t<\/a>\n\t\n\t\t<\/div>\n\t\t\t\t\t<\/div>\n\n\t\n\n\t<div id=\"col-1791326716\" class=\"col medium-2 small-6 large-2\"  >\n\t\t\t\t<div class=\"col-inner\"  >\n\t\t\t\n\t\t\t\n\n\t<a class=\"plain\" href=\"#\"  >\t<div class=\"icon-box featured-box icon-box-center text-center\"  >\n\t\t\t\t\t<div class=\"icon-box-img\" style=\"width: 60px\">\n\t\t\t\t<div class=\"icon\">\n\t\t\t\t\t<div class=\"icon-inner\" >\n\t\t\t\t\t\t<img width=\"70\" height=\"70\" src=\"https:\/\/demo.bmconnect.vn\/baohiem\/wp-content\/uploads\/2019\/04\/icon12.png\" class=\"attachment-medium size-medium\" alt=\"\" loading=\"lazy\" \/>\t\t\t\t\t<\/div>\n\t\t\t\t<\/div>\n\t\t\t<\/div>\n\t\t\t\t<div class=\"icon-box-text last-reset\">\n\t\t\t\t\t\t\t\t\t\n<p style=\"text-align: center;\"><span style=\"font-size: 95%;\">T\u1edd khai s\u1ee9c kh\u1ecfe b\u1ea3n chu\u1ea9n VIVA<\/span><\/p>\n\t\t<\/div>\n\t<\/div>\n\t<\/a>\n\t\n\t\t<\/div>\n\t\t\t\t\t<\/div>\n\n\t\n\n\t<div id=\"col-1288024537\" class=\"col medium-2 small-6 large-2\"  >\n\t\t\t\t<div class=\"col-inner\"  >\n\t\t\t\n\t\t\t\n\n\t<a class=\"plain\" href=\"#\"  >\t<div class=\"icon-box featured-box icon-box-center text-center\"  >\n\t\t\t\t\t<div class=\"icon-box-img\" style=\"width: 60px\">\n\t\t\t\t<div class=\"icon\">\n\t\t\t\t\t<div class=\"icon-inner\" >\n\t\t\t\t\t\t<img width=\"70\" height=\"70\" src=\"https:\/\/demo.bmconnect.vn\/baohiem\/wp-content\/uploads\/2019\/04\/icon12.png\" class=\"attachment-medium size-medium\" alt=\"\" loading=\"lazy\" \/>\t\t\t\t\t<\/div>\n\t\t\t\t<\/div>\n\t\t\t<\/div>\n\t\t\t\t<div class=\"icon-box-text last-reset\">\n\t\t\t\t\t\t\t\t\t\n<p style=\"text-align: center;\"><span style=\"font-size: 95%;\">Phi\u1ebfu b\u00e1o s\u1ef1 ki\u1ec7n b\u1ea3o hi\u1ec3m<\/span><\/p>\n\t\t<\/div>\n\t<\/div>\n\t<\/a>\n\t\n\t\t<\/div>\n\t\t\t\t\t<\/div>\n\n\t\n<\/div>\n","protected":false},"excerpt":{"rendered":"","protected":false},"author":1,"featured_media":0,"parent":40,"menu_order":0,"comment_status":"closed","ping_status":"closed","template":"page-blank.php","meta":[],"_links":{"self":[{"href":"https:\/\/demo.bmconnect.vn\/baohiem\/wp-json\/wp\/v2\/pages\/42"}],"collection":[{"href":"https:\/\/demo.bmconnect.vn\/baohiem\/wp-json\/wp\/v2\/pages"}],"about":[{"href":"https:\/\/demo.bmconnect.vn\/baohiem\/wp-json\/wp\/v2\/types\/page"}],"author":[{"embeddable":true,"href":"https:\/\/demo.bmconnect.vn\/baohiem\/wp-json\/wp\/v2\/users\/1"}],"replies":[{"embeddable":true,"href":"https:\/\/demo.bmconnect.vn\/baohiem\/wp-json\/wp\/v2\/comments?post=42"}],"version-history":[{"count":0,"href":"https:\/\/demo.bmconnect.vn\/baohiem\/wp-json\/wp\/v2\/pages\/42\/revisions"}],"up":[{"embeddable":true,"href":"https:\/\/demo.bmconnect.vn\/baohiem\/wp-json\/wp\/v2\/pages\/40"}],"wp:attachment":[{"href":"https:\/\/demo.bmconnect.vn\/baohiem\/wp-json\/wp\/v2\/media?parent=42"}],"curies":[{"name":"wp","href":"https:\/\/api.w.org\/{rel}","templated":true}]}}