{"id":28,"date":"2019-04-01T14:36:24","date_gmt":"2019-04-01T07:36:24","guid":{"rendered":"https:\/\/demo.bmconnect.vn\/?page_id=28"},"modified":"2019-04-03T14:39:29","modified_gmt":"2019-04-03T07:39:29","slug":"tao-dung-tai-san-va-dau-tu-hieu-qua","status":"publish","type":"page","link":"https:\/\/demo.bmconnect.vn\/baohiem\/san-pham\/ca-nhan\/tao-dung-tai-san-va-dau-tu-hieu-qua\/","title":{"rendered":"T\u1ea1o d\u1ef1ng t\u00e0i s\u1ea3n v\u00e0 \u0111\u1ea7u t\u01b0 hi\u1ec7u qu\u1ea3"},"content":{"rendered":"<div class=\"row banner-row\"  id=\"row-1385152455\">\n\n\t<div id=\"col-2008166962\" class=\"col small-12 large-12\"  >\n\t\t\t\t<div class=\"col-inner\"  >\n\t\t\t\n\t\t\t\n\n  <div class=\"banner has-hover\" id=\"banner-1509495065\">\n          <div class=\"banner-inner fill\">\n        <div class=\"banner-bg fill\" >\n            <div class=\"bg fill bg-fill \"><\/div>\n                        <div class=\"overlay\"><\/div>            \n                    <\/div>\n        <div class=\"banner-layers container\">\n            <div class=\"fill banner-link\"><\/div>            \n   <div id=\"text-box-429941427\" class=\"text-box banner-layer x15 md-x15 lg-x15 y50 md-y50 lg-y50 res-text\">\n                                <div class=\"text-box-content text dark\">\n              \n              <div class=\"text-inner text-center\">\n                  \n<h3 class=\"uppercase\"><strong>C\u00c1 NH\u00c2N<\/strong><\/h3>\n              <\/div>\n           <\/div>\n                            \n<style>\n#text-box-429941427 {\n  width: 36%;\n}\n#text-box-429941427 .text-box-content {\n  font-size: 100%;\n}\n<\/style>\n    <\/div>\n \n        <\/div>\n      <\/div>\n\n              <div class=\"height-fix is-invisible\"><img width=\"1200\" height=\"219\" src=\"https:\/\/demo.bmconnect.vn\/baohiem\/wp-content\/uploads\/2019\/04\/san-phan.jpg\" class=\"attachment-original size-original\" alt=\"\" loading=\"lazy\" srcset=\"https:\/\/demo.bmconnect.vn\/baohiem\/wp-content\/uploads\/2019\/04\/san-phan.jpg 1200w, https:\/\/demo.bmconnect.vn\/baohiem\/wp-content\/uploads\/2019\/04\/san-phan-300x55.jpg 300w, https:\/\/demo.bmconnect.vn\/baohiem\/wp-content\/uploads\/2019\/04\/san-phan-768x140.jpg 768w, https:\/\/demo.bmconnect.vn\/baohiem\/wp-content\/uploads\/2019\/04\/san-phan-1024x187.jpg 1024w\" sizes=\"(max-width: 1200px) 100vw, 1200px\" \/><\/div>\n            \n<style>\n#banner-1509495065 .bg.bg-loaded {\n  background-image: url(https:\/\/demo.bmconnect.vn\/baohiem\/wp-content\/uploads\/2019\/04\/san-phan.jpg);\n}\n#banner-1509495065 .overlay {\n  background-color: rgba(0, 0, 0, 0.17);\n}\n<\/style>\n  <\/div>\n\n\n\t\t<\/div>\n\t\t\t\t\t<\/div>\n\n\t\n<\/div>\n<div class=\"row row-small row-tieu-de ca-nhan\"  id=\"row-65528083\">\n\n\t<div id=\"col-356581134\" class=\"col medium-2 small-6 large-2\"  >\n\t\t\t\t<div class=\"col-inner\"  >\n\t\t\t\n\t\t\t\n\t\t<\/div>\n\t\t\t\t\t<\/div>\n\n\t\n\n\t<div id=\"col-333421012\" class=\"col cot1 medium-2 small-6 large-2\"  >\n\t\t\t\t<div class=\"col-inner\"  >\n\t\t\t\n\t\t\t\n\n\t\t<div class=\"icon-box featured-box ca-nhan icon-box-left text-left\"  >\n\t\t\t\t\t<div class=\"icon-box-img\" style=\"width: 30px\">\n\t\t\t\t<div class=\"icon\">\n\t\t\t\t\t<div class=\"icon-inner\" >\n\t\t\t\t\t\t<img width=\"70\" height=\"70\" src=\"https:\/\/demo.bmconnect.vn\/baohiem\/wp-content\/uploads\/2019\/04\/icon12.png\" class=\"attachment-medium size-medium\" alt=\"\" loading=\"lazy\" \/>\t\t\t\t\t<\/div>\n\t\t\t\t<\/div>\n\t\t\t<\/div>\n\t\t\t\t<div class=\"icon-box-text last-reset\">\n\t\t\t\t\t\t\t\t\t\n<p style=\"text-align: left;\">C\u00e1 nh\u00e2n<\/p>\n\t\t<\/div>\n\t<\/div>\n\t\n\t\n\t\t<\/div>\n\t\t\t\t\t<\/div>\n\n\t\n\n\t<div id=\"col-329710269\" class=\"col medium-2 small-6 large-2\"  >\n\t\t\t\t<div class=\"col-inner\"  >\n\t\t\t\n\t\t\t\n\n\t<a class=\"plain\" href=\"\/san-pham\/doanh-nghiep\/\"  >\t<div class=\"icon-box featured-box ca-nhan icon-box-left text-left\"  >\n\t\t\t\t\t<div class=\"icon-box-img\" style=\"width: 30px\">\n\t\t\t\t<div class=\"icon\">\n\t\t\t\t\t<div class=\"icon-inner\" >\n\t\t\t\t\t\t<img width=\"87\" height=\"70\" src=\"https:\/\/demo.bmconnect.vn\/baohiem\/wp-content\/uploads\/2019\/04\/icon13.png\" class=\"attachment-medium size-medium\" alt=\"\" loading=\"lazy\" \/>\t\t\t\t\t<\/div>\n\t\t\t\t<\/div>\n\t\t\t<\/div>\n\t\t\t\t<div class=\"icon-box-text last-reset\">\n\t\t\t\t\t\t\t\t\t\n<p style=\"text-align: left;\">Doanh nghi\u1ec7p<\/p>\n\t\t<\/div>\n\t<\/div>\n\t<\/a>\n\t\n\t\t<\/div>\n\t\t\t\t\t<\/div>\n\n\t\n\n\t<div id=\"col-558243421\" class=\"col medium-2 small-6 large-2\"  >\n\t\t\t\t<div class=\"col-inner\"  >\n\t\t\t\n\t\t\t\n\n\t<a class=\"plain\" href=\"\/lai-suat-cong-bo\/\"  >\t<div class=\"icon-box featured-box ca-nhan icon-box-left text-left\"  >\n\t\t\t\t\t<div class=\"icon-box-img\" style=\"width: 30px\">\n\t\t\t\t<div class=\"icon\">\n\t\t\t\t\t<div class=\"icon-inner\" >\n\t\t\t\t\t\t<img width=\"53\" height=\"70\" src=\"https:\/\/demo.bmconnect.vn\/baohiem\/wp-content\/uploads\/2019\/04\/icon14.png\" class=\"attachment-medium size-medium\" alt=\"\" loading=\"lazy\" \/>\t\t\t\t\t<\/div>\n\t\t\t\t<\/div>\n\t\t\t<\/div>\n\t\t\t\t<div class=\"icon-box-text last-reset\">\n\t\t\t\t\t\t\t\t\t\n<p style=\"text-align: left;\">L\u00e3i su\u1ea5t c\u00f4ng b\u1ed1<\/p>\n\t\t<\/div>\n\t<\/div>\n\t<\/a>\n\t\n\t\t<\/div>\n\t\t\t\t\t<\/div>\n\n\t\n\n\t<div id=\"col-89782720\" class=\"col medium-2 small-6 large-2\"  >\n\t\t\t\t<div class=\"col-inner\"  >\n\t\t\t\n\t\t\t\n\t\t<\/div>\n\t\t\t\t\t<\/div>\n\n\t\n<\/div>\n<div class=\"row row-small row-tieu-de-2\"  id=\"row-2053059841\">\n\n\t<div id=\"col-306197452\" class=\"col medium-3 small-6 large-3\"  >\n\t\t\t\t<div class=\"col-inner\"  >\n\t\t\t\n\t\t\t\n<p><a href=\"\/san-pham\/ca-nhan\/bao-ve-truoc-nhung-rui-ro-cuoc-song\/\">B\u1ea3o v\u1ec7 tr\u01b0\u1edbc nh\u1eefng r\u1ee7i ro c\u1ee7a cu\u1ed9c s\u1ed1ng<\/a><\/p>\n\t\t<\/div>\n\t\t\t\t\t<\/div>\n\n\t\n\n\t<div id=\"col-1286066445\" class=\"col medium-3 small-6 large-3\"  >\n\t\t\t\t<div class=\"col-inner\"  >\n\t\t\t\n\t\t\t\n<p><span style=\"color: #83b614;\"><a style=\"color: #83b614;\" href=\"\/san-pham\/ca-nhan\/tao-dung-tai-san-va-dau-tu-hieu-qua\/\">T\u1ea1o d\u1ef1ng t\u00e0i s\u1ea3n v\u00e0 \u0111\u1ea7u t\u01b0 hi\u1ec7u qu\u1ea3<\/a><\/span><\/p>\n\t\t<\/div>\n\t\t\t\t\t<\/div>\n\n\t\n\n\t<div id=\"col-1968300740\" class=\"col medium-3 small-6 large-3\"  >\n\t\t\t\t<div class=\"col-inner\"  >\n\t\t\t\n\t\t\t\n<p><a href=\"\/san-pham\/ca-nhan\/tich-luy-cho-tuong-lai-hoc-van-cua-con\/\">T\u00edch l\u0169y t\u01b0\u01a1ng lai v\u00e0 h\u1ecdc v\u1ea5n cho con<\/a><\/p>\n\t\t<\/div>\n\t\t\t\t\t<\/div>\n\n\t\n\n\t<div id=\"col-1458507849\" class=\"col medium-3 small-6 large-3\"  >\n\t\t\t\t<div class=\"col-inner\"  >\n\t\t\t\n\t\t\t\n<p><a href=\"\/san-pham\/ca-nhan\/cham-soc-suc-khoe\/\">Ch\u0103m s\u00f3c s\u1ee9c kh\u1ecfe<\/a><\/p>\n\t\t<\/div>\n\t\t\t\t\t<\/div>\n\n\t\n<\/div>\n\t<div id=\"gap-1843126071\" class=\"gap-element clearfix\" style=\"display:block; height:auto;\">\n\t\t\n<style>\n#gap-1843126071 {\n  padding-top: 30px;\n}\n<\/style>\n\t<\/div>\n\t\n<div class=\"row\"  id=\"row-874961732\">\n\n\t<div id=\"col-1185734699\" class=\"col small-12 large-12\"  >\n\t\t\t\t<div class=\"col-inner\"  >\n\t\t\t\n\t\t\t\n<div class=\"tieu-de-box\">\n<h2>T\u1ea0O D\u1ef0NG T\u00c0I S\u1ea2N V\u00c0 \u0110\u1ea6U T\u01af HI\u1ec6U QU\u1ea2<\/h2>\n<p>N\u1ebfu v\u00ed cu\u1ed9c \u0111\u1eddi l\u00e0 m\u1ed9t h\u00e0nh tr\u00ecnh c\u1ee7a nh\u1eefng s\u1ef1 ki\u1ec7n n\u1ed1i ti\u1ebfp, th\u00ec m\u1ed7i k\u1ebf ho\u1ea1ch \u0111\u01b0\u1ee3c hi\u1ec7n th\u1ef1c h\u00f3a l\u00e0 m\u1ed9t d\u1ea5u m\u1ed1c v\u00f4 c\u00f9ng quan tr\u1ecdng trong cu\u1ed9c \u0111\u1eddi con ng\u01b0\u1eddi. V\u00e0 hi\u1ec3u r\u1eb1ng ch\u1ec9 khi an t\u00e2m v\u1ec1 s\u1ee9c kho\u1ebb v\u00e0 t\u00e0i ch\u00ednh, bi\u1ebft y\u00eau th\u01b0\u01a1ng b\u1ea3n th\u00e2n th\u00ec ta m\u1edbi c\u00f3 th\u1ec3 b\u00ecnh t\u00e2m ch\u0103m lo cho gia \u0111\u00ecnh v\u00e0 c\u1ed1ng hi\u1ebfn cho s\u1ef1 nghi\u1ec7p, Aviva mang \u0111\u1ebfn nh\u1eefng s\u1ea3n ph\u1ea9m b\u1ea3o v\u1ec7 v\u00e0 \u0111\u1ea7u t\u01b0 gi\u00fap b\u1ea1n c\u00f3 \u0111i\u1ec3m t\u1ef1a t\u00e0i ch\u00ednh v\u1eefng v\u00e0ng v\u00e0 t\u1eadn h\u01b0\u1edfng cu\u1ed9c s\u1ed1ng b\u00ecnh an b\u00ean nh\u1eefng ng\u01b0\u1eddi th\u00e2n y\u00eau b\u1eb1ng gi\u1ea3i ph\u00e1p B\u1ea3o v\u1ec7 \u2013 Ti\u1ebft ki\u1ec7m- \u0110\u1ea7u t\u01b0 to\u00e0n di\u1ec7n<\/p>\n<\/div>\n\t\t<\/div>\n\t\t\t\t\t<\/div>\n\n\t\n<\/div>\n<div class=\"row\"  id=\"row-1572048945\">\n\n\t<div id=\"col-1227768778\" class=\"col medium-6 small-12 large-6\"  >\n\t\t\t\t<div class=\"col-inner\"  >\n\t\t\t\n\t\t\t\n\t<div class=\"img has-hover x md-x lg-x y md-y lg-y\" id=\"image_1817439277\">\n\t\t<a class=\"\" href=\"\/phat-nghiep-an-tam\/\"  >\t\t\t\t\t\t<div class=\"img-inner dark\" >\n\t\t\t<img width=\"600\" height=\"336\" src=\"https:\/\/demo.bmconnect.vn\/baohiem\/wp-content\/uploads\/2019\/04\/1-3.jpg\" class=\"attachment-original size-original\" alt=\"\" loading=\"lazy\" srcset=\"https:\/\/demo.bmconnect.vn\/baohiem\/wp-content\/uploads\/2019\/04\/1-3.jpg 600w, https:\/\/demo.bmconnect.vn\/baohiem\/wp-content\/uploads\/2019\/04\/1-3-300x168.jpg 300w\" sizes=\"(max-width: 600px) 100vw, 600px\" \/>\t\t\t\t\t\t\n\t\t\t\t\t<\/div>\n\t\t\t\t\t\t<\/a>\t\t\n<style>\n#image_1817439277 {\n  width: 100%;\n}\n<\/style>\n\t<\/div>\n\t\n<h3 class=\"cate-name\"> <a href=\"\/phat-nghiep-an-tam\/\" >PH\u00c1T NGHI\u1ec6P T\u00c2M AN<\/a><\/h3>\n<div class=\"desc\">\n<p><span style=\"font-size: 95%;\">Ch\u1ec9 v\u1edbi 1 l\u1ea7n duy nh\u1ea5t \u0111\u00f3ng ph\u00ed, Ph\u00e1t Nghi\u1ec7p T\u00e2m An s\u1ebd b\u1ea3o to\u00e0n nh\u1eefng g\u00ec b\u1ea1n \u0111\u00e3 g\u00e2y d\u1ef1ng, gi\u00fap b\u1ea1n v\u1eefng b\u01b0\u1edbc h\u01a1n tr\u00ean h\u00e0nh tr\u00ecnh g\u1eb7t h\u00e1i th\u00e0nh c\u00f4ng<\/span><\/p>\n<\/div>\n\t\t<\/div>\n\t\t\t\t\t<\/div>\n\n\t\n\n\t<div id=\"col-1565666080\" class=\"col medium-6 small-12 large-6\"  >\n\t\t\t\t<div class=\"col-inner\"  >\n\t\t\t\n\t\t\t\n\t<div class=\"img has-hover x md-x lg-x y md-y lg-y\" id=\"image_2096309445\">\n\t\t<a class=\"\" href=\"#\"  >\t\t\t\t\t\t<div class=\"img-inner dark\" >\n\t\t\t<img width=\"600\" height=\"336\" src=\"https:\/\/demo.bmconnect.vn\/baohiem\/wp-content\/uploads\/2019\/04\/yeu-thuong-tron-ven.jpg\" class=\"attachment-original size-original\" alt=\"\" loading=\"lazy\" srcset=\"https:\/\/demo.bmconnect.vn\/baohiem\/wp-content\/uploads\/2019\/04\/yeu-thuong-tron-ven.jpg 600w, https:\/\/demo.bmconnect.vn\/baohiem\/wp-content\/uploads\/2019\/04\/yeu-thuong-tron-ven-300x168.jpg 300w\" sizes=\"(max-width: 600px) 100vw, 600px\" \/>\t\t\t\t\t\t\n\t\t\t\t\t<\/div>\n\t\t\t\t\t\t<\/a>\t\t\n<style>\n#image_2096309445 {\n  width: 100%;\n}\n<\/style>\n\t<\/div>\n\t\n<h3 class=\"cate-name\"><a href=\"\/bao-hiem-phat-an-binh\/\" >PH\u00c1T B\u00ccNH AN<\/a><\/h3>\n<div class=\"desc\">\n<p><span style=\"font-size: 95%;\">Gi\u1ea3i ph\u00e1p b\u1ea3o hi\u1ec3m tr\u01b0\u1edbc r\u1ee7i ro tai n\u1ea1n v\u00e0 th\u01b0\u01a1ng t\u00edch, gi\u00fap b\u1ea1n n\u1eafm tr\u1ecdn h\u1ea1nh ph\u00fac trong t\u1eebng kho\u1ea3nh kh\u1eafc c\u1ee7a cu\u1ed9c s\u1ed1ng<\/span><\/p>\n<\/div>\n\t\t<\/div>\n\t\t\t\t\t<\/div>\n\n\t\n<\/div>\n","protected":false},"excerpt":{"rendered":"","protected":false},"author":1,"featured_media":0,"parent":24,"menu_order":0,"comment_status":"closed","ping_status":"closed","template":"page-blank.php","meta":[],"_links":{"self":[{"href":"https:\/\/demo.bmconnect.vn\/baohiem\/wp-json\/wp\/v2\/pages\/28"}],"collection":[{"href":"https:\/\/demo.bmconnect.vn\/baohiem\/wp-json\/wp\/v2\/pages"}],"about":[{"href":"https:\/\/demo.bmconnect.vn\/baohiem\/wp-json\/wp\/v2\/types\/page"}],"author":[{"embeddable":true,"href":"https:\/\/demo.bmconnect.vn\/baohiem\/wp-json\/wp\/v2\/users\/1"}],"replies":[{"embeddable":true,"href":"https:\/\/demo.bmconnect.vn\/baohiem\/wp-json\/wp\/v2\/comments?post=28"}],"version-history":[{"count":0,"href":"https:\/\/demo.bmconnect.vn\/baohiem\/wp-json\/wp\/v2\/pages\/28\/revisions"}],"up":[{"embeddable":true,"href":"https:\/\/demo.bmconnect.vn\/baohiem\/wp-json\/wp\/v2\/pages\/24"}],"wp:attachment":[{"href":"https:\/\/demo.bmconnect.vn\/baohiem\/wp-json\/wp\/v2\/media?parent=28"}],"curies":[{"name":"wp","href":"https:\/\/api.w.org\/{rel}","templated":true}]}}