{"id":201,"date":"2018-06-03T00:03:26","date_gmt":"2018-06-02T17:03:26","guid":{"rendered":"https:\/\/demo.bmconnect.vn\/?post_type=product&#038;p=201"},"modified":"2018-06-03T16:56:57","modified_gmt":"2018-06-03T09:56:57","slug":"set-ao-linen-beo-tui-truoc-quan-bi-caro-de-thuong-cho-be-gai","status":"publish","type":"product","link":"https:\/\/demo.bmconnect.vn\/babyshop\/san-pham\/set-ao-linen-beo-tui-truoc-quan-bi-caro-de-thuong-cho-be-gai\/","title":{"rendered":"Set \u00e1o linen b\u00e8o t\u00fai tr\u01b0\u1edbc qu\u1ea7n b\u00ed caro d\u1ec5 th\u01b0\u01a1ng cho b\u00e9 g\u00e1i"},"content":{"rendered":"<p>&#8211; V\u00f2 b\u1eb1ng tay v\u1edbi l\u1ea7n gi\u1eb7t \u0111\u1ea7u ti\u00ean, gi\u1eb7t b\u1eb1ng n\u01b0\u1edbc l\u00e3 v\u00e0 kh\u00f4ng c\u00f3 x\u00e0 ph\u00f2ng \u0111\u1ec3 l\u1edbp in m\u1ec1m h\u01a1n, ch\u1ed1ng bong tr\u00f3c. N\u00ean gi\u1eb7t s\u1ea3n ph\u1ea9m b\u1eb1ng n\u01b0\u1edbc l\u1ea1nh ho\u1eb7c n\u01b0\u1edbc n\u00f3ng d\u01b0\u1edbi 40 \u0111\u1ed9 v\u00ec n\u1ebfu gi\u1eb7t trong n\u01b0\u1edbc qu\u00e1 n\u00f3ng s\u1ebd l\u00e0m v\u1ea3i gi\u00e3n ra v\u00e0 l\u1ecfng s\u1ea3n ph\u1ea9m.<\/p>\n<p>&#8211; \u0110\u1ec3 gi\u1eef m\u00e0u s\u1ea3n \u0111\u01b0\u1ee3c l\u00e2u v\u00e0 kh\u00f4ng b\u1ecb ra m\u00e0u trong qu\u00e1 tr\u00ecnh gi\u1eb7t, m\u1eb9 c\u00f3 th\u1ec3 ng\u00e2m s\u1ea3n ph\u1ea9m trong n\u01b0\u1edbc \u1ea5m c\u00f3 pha ch\u00fat gi\u1ea5m trong kho\u1ea3ng 15-20 ph\u00fat.<\/p>\n<p>&#8211; Kh\u00f4ng \u0111\u1ed5 tr\u1ef1c ti\u1ebfp c\u00e1c lo\u1ea1i x\u00e0 b\u00f4ng ho\u1eb7c n\u01b0\u1edbc t\u1ea9y l\u00ean h\u00ecnh in. M\u1eb9 n\u00ean h\u1ea1n ch\u1ebf d\u00f9ng c\u00e1c lo\u1ea1i n\u01b0\u1edbc x\u1ea3 m\u1ec1m v\u1ea3i v\u00ec n\u00f3 s\u1ebd l\u00e0m s\u1ea3n ph\u1ea9m b\u1ecb gi\u00e3n r\u1ea5t nhanh v\u00e0 khi\u1ebfn h\u00ecnh in b\u1ecb m\u1ec1m, d\u1ec5 bong tr\u00f3c. N\u1ebf n mu\u1ed1n s\u1ea3n ph\u1ea9m th\u01a1m h\u01a1n sau khi gi\u1eb7t, m\u1eb9 c\u00f3 th\u1ec3 d\u00f9ng c\u00e1c lo\u1ea1i n\u01b0\u1edbc x\u1ea3 th\u01a1m.<\/p>\n<p>&#8211; Kh\u00f4ng n\u00ean \u0111\u1ec3 s\u1ea3n ph\u1ea9m \u1edf nh\u1eefng n\u01a1i \u1ea9m \u01b0\u1edbt, v\u1edbi t\u00ednh ch\u1ea5t h\u00fat \u1ea9m, h\u00fat n\u01b0\u1edbc t\u1ed1t, s\u1ea3n ph\u1ea9m d\u1ec5 b\u1ecb \u1ea9m m\u1ed1c, th\u1eadm ch\u00ed \u0111\u1ec3 l\u1ea1i nh\u1eefng v\u1ebft \u1ed1 tr\u00ean v\u1ea3i. Tr\u00e1nh ph\u01a1i s\u1ea3n ph\u1ea9m tr\u1ef1c ti\u1ebfp d\u01b0\u1edbi n\u1eafng v\u00ec s\u1ebd l\u00e0m m\u00e0u v\u00e0 h\u00ecnh in phai m\u00e0u.<\/p>\n<p>&#8211; Khi \u1ee7i s\u1ea3n ph\u1ea9m tuy\u1ec7t \u0111\u1ed1i kh\u00f4ng \u0111\u01b0\u1ee3c \u1ee7i l\u00ean b\u1ec1 m\u1eb7t in h\u00ecnh tr\u00ean s\u1ea3n ph\u1ea9m, n\u00ean \u1ee7i \u1edf nhi\u1ec7t \u0111\u1ed9 th\u1ea5p v\u00e0 l\u1ed9n tr\u00e1i s\u1ea3n ph\u1ea9m ra tr\u01b0\u1edbc khi \u1ee7i \u0111\u1ec3 tr\u00e1nh l\u00e0m ch\u1ebft m\u00e0u s\u1eafc c\u1ee7a v\u1ea3i v\u00e0 l\u00e0m bong tr\u00f3c hay bi\u1ebfn d\u1ea1ng nh\u1eefng h\u00ecnh \u1ea3nh \u0111\u01b0\u1ee3c in tr\u00ean s\u1ea3n ph\u1ea9m.<\/p>\n","protected":false},"excerpt":{"rendered":"<p>Set \u00e1o nh\u00fan b\u00e8o xo\u00e8 may t\u00fai tr\u01b0\u1edbc qu\u1ea7n b\u00ed caro c\u1ef1c iu cho b\u00e9 ng\u00e0y h\u00e8. \u00c1o ch\u1ea5t v\u1ea3i linen m\u1ec1m m\u00e1t, tho\u00e1ng th\u00edch h\u1ee3p ng\u00e0y h\u00e8, eo nh\u00fan b\u00e8o k\u00e8m t\u00fai ki\u1ec3u c\u1ef1c iu, ph\u00eda sau c\u1ed9t d\u00e2y c\u1ed5. qu\u1ea7n b\u00ed caro ch\u1ea5t kate m\u1ec1m m\u1ea1i, bo thun.<\/p>\n","protected":false},"featured_media":202,"comment_status":"open","ping_status":"closed","template":"","meta":[],"product_cat":[17,16],"product_tag":[],"_links":{"self":[{"href":"https:\/\/demo.bmconnect.vn\/babyshop\/wp-json\/wp\/v2\/product\/201"}],"collection":[{"href":"https:\/\/demo.bmconnect.vn\/babyshop\/wp-json\/wp\/v2\/product"}],"about":[{"href":"https:\/\/demo.bmconnect.vn\/babyshop\/wp-json\/wp\/v2\/types\/product"}],"replies":[{"embeddable":true,"href":"https:\/\/demo.bmconnect.vn\/babyshop\/wp-json\/wp\/v2\/comments?post=201"}],"wp:featuredmedia":[{"embeddable":true,"href":"https:\/\/demo.bmconnect.vn\/babyshop\/wp-json\/wp\/v2\/media\/202"}],"wp:attachment":[{"href":"https:\/\/demo.bmconnect.vn\/babyshop\/wp-json\/wp\/v2\/media?parent=201"}],"wp:term":[{"taxonomy":"product_cat","embeddable":true,"href":"https:\/\/demo.bmconnect.vn\/babyshop\/wp-json\/wp\/v2\/product_cat?post=201"},{"taxonomy":"product_tag","embeddable":true,"href":"https:\/\/demo.bmconnect.vn\/babyshop\/wp-json\/wp\/v2\/product_tag?post=201"}],"curies":[{"name":"wp","href":"https:\/\/api.w.org\/{rel}","templated":true}]}}