{"id":504,"date":"2017-08-19T00:56:24","date_gmt":"2017-08-18T17:56:24","guid":{"rendered":"https:\/\/demo.bmconnect.vn\/aomua\/?post_type=product&#038;p=504"},"modified":"2017-08-19T00:56:24","modified_gmt":"2017-08-18T17:56:24","slug":"o-tu-dong-esprit-mau-do-man-cho-nu","status":"publish","type":"product","link":"https:\/\/demo.bmconnect.vn\/aomua\/cua-hang\/o-tu-dong-esprit-mau-do-man-cho-nu\/","title":{"rendered":"\u00d4 t\u1ef1 \u0111\u1ed9ng ESPRIT m\u00e0u \u0111\u1ecf m\u1eadn cho n\u1eef"},"content":{"rendered":"<h2><strong>MUA \u00d4 CHE N\u1eaeNG ESPIRIT C\u1ea6M TAY NG\u1eccT NG\u00c0O, N\u1eee T\u00cdNH \u1ede \u0110\u00c2U?<\/strong><\/h2>\n<p>Ch\u1eafc h\u1eb3n h\u00ecnh \u1ea3nh m\u1ed9t c\u00f4 n\u00e0ng m\u1ecfng manh v\u1edbi chi\u1ebfc \u00f4 che n\u1eafng ng\u1ecdt ng\u00e0o s\u1ebd l\u00e0m si\u00eau l\u00f2ng bi\u1ebft bao \u0111\u1ea5ng m\u00e0y r\u00e2u. Th\u1ebf nh\u01b0ng ch\u1ecdn mua <strong><a href=\"http:\/\/odutudong.com\/\">\u00f4 che n\u1eafng c\u1ea7m tay<\/a>\u00a0<\/strong>\u0111\u1eb9p, ch\u1ea5t l\u01b0\u1ee3ng kh\u00f4ng ph\u1ea3i vi\u1ec7c d\u1ec5 d\u00e0ng. Shop ch\u00fang t\u00f4i chuy\u00ean cung c\u1ea5p c\u00e1c lo\u1ea1i \u00f4 d\u00f9 gi\u00fap t\u00f4n l\u00ean v\u1ebb \u0111\u1eb9p \u0111\u1eb1m th\u1eafm c\u1ee7a ng\u01b0\u1eddi ph\u1ee5 n\u1eef \u00c1 \u0110\u00f4ng.<\/p>\n<p>Ch\u00fang t\u00f4i t\u1ef1 h\u00e0o gi\u1edbi thi\u1ec7u cho b\u1ea1n s\u1ea3n ph\u1ea9m \u00f4 t\u1ef1 \u0111\u1ed9ng m\u00e0u \u0111\u1ecf m\u1eadn \u0111\u1ebfn t\u1eeb nh\u00e3n hi\u1ec7u Espirit danh ti\u1ebfng. Esprit l\u00e0 th\u01b0\u01a1ng hi\u1ec7u th\u1eddi trang c\u1ee7a M\u1ef9. Th\u01b0\u01a1ng hi\u1ec7u th\u1eddi trang n\u00e0y h\u01b0\u1edbng \u0111\u1ebfn s\u1ef1 tr\u1ebb trung, phong c\u00e1ch, ti\u1ec7n d\u1ee5ng. \u00d4 t\u1ef1\u00a0\u0111\u1ed9ng\u00a0Esprit l\u00e0 s\u1ea3n ph\u1ea9m\u00a0\u00f4 \u0111\u00f3ng m\u1edf\u00a0t\u1ef1\u00a0\u0111\u1ed9ng cho n\u1eef.\u00a0\u00d4 g\u1ea5p 3 n\u00ean kh\u00e1 nh\u1ecf g\u1ecdn khi s\u1eed d\u1ee5ng.<\/p>\n<p><strong><img src=\"http:\/\/odutudong.com\/images\/O-NU\/Esprit-do-man\/o-dong-mo-tu-dong-esprit-02.jpg\" alt=\"o-dong-mo-tu-dong-esprit-02\" \/><\/strong><\/p>\n<div id=\"attachment_5359\" class=\"wp-caption aligncenter\"><em>\u00d4 t\u1ef1 \u0111\u1ed9ng Esprit m\u00e0u m\u1eadn nh\u00ecn nghi\u00eang<\/em><\/div>\n<p>&nbsp;<\/p>\n<p>Tu\u00e2n th\u1ee7 theo \u0111\u1ecbnh h\u01b0\u1edbng c\u1ee7a th\u01b0\u01a1ng hi\u1ec7u. <a href=\"http:\/\/odutudong.com\/o-du-tu-dong\/o-du-che-nang.html\"><strong>\u00d4 che n\u1eafng c\u1ea7m tay<\/strong><\/a> Esprit mang \u0111\u1ebfn m\u00e0u s\u1eafc tr\u1ebb trung, thi\u1ebft k\u1ebf n\u0103ng \u0111\u1ed9ng, hi\u1ec7n \u0111\u1ea1i.<\/p>\n<p>N\u1ed5i b\u1eadt v\u1edbi m\u00e0u \u0111\u1ecf m\u1eadn r\u1ef1c r\u1ee1 nh\u01b0ng kh\u00f4ng h\u1ec1 g\u00e2y c\u1ea3m gi\u00e1c ch\u00f3i l\u00f3a, n\u00f3ng b\u1ee9c. Chi\u1ebfc \u00f4 n\u00e0y mang \u0111\u1ebfn cho b\u1ea1n g\u00e1i s\u1ef1 ng\u1ecdt ng\u00e0o nh\u01b0ng c\u0169ng kh\u00f4ng k\u00e9m ph\u1ea7n quy\u1ebfn r\u0169. \u0110\u1eb7c bi\u1ec7t m\u00e0u \u0111\u1ecf m\u1eadn r\u1ea5t d\u1ec5 ph\u1ed1i \u0111\u1ed3.<\/p>\n<p>V\u1edbi \u0111\u01b0\u1eddng k\u00ednh t\u00e1n \u00f4 t\u1edbi 96cm, b\u1ea1n ho\u00e0n to\u00e0n kh\u00f4ng ph\u1ea3i lo s\u1ee3 tr\u1eddi n\u1eafng hay m\u01b0a. V\u1edbi tr\u1ecdng l\u01b0\u1ee3ng ch\u1ec9 300g, k\u00edch th\u01b0\u1edbc khi g\u1ea5p g\u1ecdn h\u01a1n m\u1ed9t gang tay d\u1ec5 d\u00e0ng cho t\u00fai x\u00e1ch. \u0110\u00e2y th\u1eadt s\u1ef1 l\u00e0 m\u1ed9t thi\u1ebft k\u1ebf l\u00ed t\u01b0\u1edfng d\u00e0nh cho c\u00e1c c\u00f4 n\u00e0ng m\u1ecfng manh, y\u1ebfu \u0111u\u1ed1i.<\/p>\n<p><img src=\"http:\/\/odutudong.com\/images\/O-NU\/Esprit-do-man\/o-dong-mo-tu-dong-esprit-01.jpg\" alt=\"o-dong-mo-tu-dong-esprit-01\" \/><\/p>\n<div id=\"attachment_5358\" class=\"wp-caption aligncenter\"><em>T\u00e1n c\u1ee7a \u00f4 t\u1ef1 \u0111\u1ed9ng Esprit m\u00e0u m\u1eadn<\/em><\/div>\n<div class=\"wp-caption aligncenter\"><\/div>\n<div class=\"wp-caption aligncenter\">B\u00ean c\u1ea1nh \u0111\u00f3 \u00f4 s\u1eed d\u1ee5ng v\u1ea3i cr\u00f4m d\u1ea7y d\u1eb7n, kh\u00f4ng th\u1ea5m n\u01b0\u1edbc. B\u1ea1n s\u1ebd ch\u1eb3ng ph\u1ea3i lo ng\u1ea1i m\u1ed7i khi tr\u1eddi ch\u1ee3t \u0111\u1ed5 c\u01a1n m\u01b0a. S\u1ef1 k\u1ebft h\u1ee3p v\u1edbi k\u1ebft c\u1ea5u x\u01b0\u01a1ng s\u1ee3i th\u1ee7y tinh v\u00e0 v\u00e0 gia c\u00f3 nh\u1ef1a \u1edf m\u1ed9t s\u1ed1 chi ti\u1ebft n\u00ean \u00f4 Esprit kh\u00e1 nh\u1eb9, kh\u00f4ng s\u1ee3 m\u1ecfi tay khi c\u1ea7m l\u00e2u.<\/div>\n<div class=\"wp-caption aligncenter\"><\/div>\n<div class=\"wp-caption aligncenter\"><em><img src=\"http:\/\/odutudong.com\/images\/O-NU\/Esprit-do-man\/o-dong-mo-tu-dong-esprit-03.jpg\" alt=\"o-dong-mo-tu-dong-esprit-03\" \/><\/em><\/div>\n<div id=\"attachment_5357\" class=\"wp-caption aligncenter\"><em>\u00d4 t\u1ef1 \u0111\u1ed9ng Esprit m\u00e0u m\u1eadn c\u00f3 t\u00e1n \u00f4 b\u1eb1ng v\u1ea3i cao su ch\u1ed1ng UV t\u1ed1t<\/em><\/div>\n<p>&nbsp;<\/p>\n<p>&nbsp;<\/p>\n<p>\u0110\u1eb7c bi\u1ec7t \u00f4 c\u00f3 ch\u1ec9 s\u1ed1 UVPE l\u00ean t\u1edbi 40+, s\u1eed d\u1ee5ng l\u1edbp l\u00f3t ch\u1ed1ng UV m\u00e0u \u0111\u1ecf m\u1eadn. V\u1edbi ch\u1ec9 s\u1ed1 n\u00e0y chi\u1ebfc \u00f4 mang t\u1edbi cho b\u1ea1n kh\u1ea3 n\u0103ng ch\u1ed1ng n\u1eafng g\u1ea7n nh\u01b0 tuy\u1ec7t \u0111\u1ed1i. L\u1edbp ch\u1ed1ng UV c\u00f9ng m\u00e0u c\u00e0ng l\u00e0m t\u0103ng hi\u1ec7u \u1ee9ng m\u00e0u s\u1eafc v\u00e0 th\u1eddi trang cho s\u1ea3n ph\u1ea9m.<\/p>\n<p>N\u00fat b\u1ea5m \u0111\u01b0\u1ee3c thi\u1ebft k\u1ebf t\u1ef1 \u0111\u1ed9ng \u00eam \u00e1i, nh\u1eb9 nh\u00e0ng. C\u00e1n c\u1ea7m thu\u00f4n nh\u0103n, c\u00f3 \u0111\u1ed9 cong ph\u00f9 h\u1ee3p v\u1eeba ti\u1ec7n d\u1ee5ng l\u1ea1i t\u0103ng t\u00ednh th\u1ea9m m\u1ef9 cho s\u1ea3n ph\u1ea9m.\u00a0T\u00e1n\u00a0\u00f4 r\u1ed9ng 96cm, tho\u1ea3i m\u00e1i cho 1 ng\u01b0\u1eddi s\u1eed d\u1ee5ng.<\/p>\n<p><img src=\"http:\/\/odutudong.com\/images\/O-NU\/Esprit-do-man\/o-dong-mo-tu-dong-esprit-04.jpg\" alt=\"o-dong-mo-tu-dong-esprit-04\" \/><\/p>\n<div id=\"attachment_5356\" class=\"wp-caption aligncenter\"><em>\u00d4 t\u1ef1 \u0111\u1ed9ng Esprit m\u00e0u m\u1eadn r\u1ea5t \u0111\u01b0\u1ee3c c\u00e1c b\u1ea1n n\u1eef y\u00eau th\u00edch<\/em><\/div>\n<div class=\"wp-caption aligncenter\"><\/div>\n<div class=\"wp-caption aligncenter\">V\u1edbi nh\u1eefng t\u00ednh n\u0103ng v\u01b0\u1ee3t tr\u1ed9i c\u00f9ng ki\u1ec3u d\u00e1ng ng\u1ecdt ng\u00e0o \u1ea5n t\u01b0\u1ee3ng, <strong>\u00f4 che n\u1eafng c\u1ea7m tay<\/strong> Esprit m\u00e0u \u0111\u1ecf m\u1eadn l\u00e0 l\u1ef1a ch\u1ecdn h\u00e0ng \u0111\u1ea7u c\u1ee7a b\u1ea1n. C\u00f2n ch\u1ea7n ch\u1eeb g\u00ec m\u00e0 kh\u00f4ng mua \u00f4 che n\u1eafng c\u1ea7m tay ho\u00e0n h\u1ea3o n\u00e0y cho m\u00ecnh ngay h\u00f4m nay.<\/div>\n<div class=\"wp-caption aligncenter\"><\/div>\n<h3><\/h3>\n<div id=\"attachment_5360\" class=\"wp-caption aligncenter\"><img loading=\"lazy\" src=\"http:\/\/odutudong.com\/images\/O-NU\/Esprit-do-man\/o-dong-mo-tu-dong-esprit-05.jpg\" alt=\"o-dong-mo-tu-dong-esprit-05\" width=\"724\" height=\"549\" \/><\/div>\n<div id=\"attachment_5349\" class=\"wp-caption aligncenter\"><em>\u00d4 t\u1ef1 \u0111\u1ed9ng \u0111\u1eb9p cho n\u1eef<\/em><\/div>\n","protected":false},"excerpt":{"rendered":"<p>Ch\u1eafc h\u1eb3n h\u00ecnh \u1ea3nh m\u1ed9t c\u00f4 n\u00e0ng m\u1ecfng manh v\u1edbi chi\u1ebfc \u00f4 che n\u1eafng ng\u1ecdt ng\u00e0o s\u1ebd l\u00e0m si\u00eau l\u00f2ng bi\u1ebft bao \u0111\u1ea5ng m\u00e0y r\u00e2u. Th\u1ebf nh\u01b0ng ch\u1ecdn mua <strong>\u00f4 che n\u1eafng c\u1ea7m tay\u00a0<\/strong>\u0111\u1eb9p, ch\u1ea5t l\u01b0\u1ee3ng kh\u00f4ng ph\u1ea3i vi\u1ec7c d\u1ec5 d\u00e0ng. Shop ch\u00fang t\u00f4i chuy\u00ean cung c\u1ea5p c\u00e1c lo\u1ea1i \u00f4 d\u00f9 gi\u00fap t\u00f4n l\u00ean v\u1ebb \u0111\u1eb9p \u0111\u1eb1m th\u1eafm c\u1ee7a ng\u01b0\u1eddi ph\u1ee5 n\u1eef \u00c1 \u0110\u00f4ng.<\/p>\n","protected":false},"featured_media":505,"template":"","meta":[],"product_cat":[18],"product_tag":[],"_links":{"self":[{"href":"https:\/\/demo.bmconnect.vn\/aomua\/wp-json\/wp\/v2\/product\/504"}],"collection":[{"href":"https:\/\/demo.bmconnect.vn\/aomua\/wp-json\/wp\/v2\/product"}],"about":[{"href":"https:\/\/demo.bmconnect.vn\/aomua\/wp-json\/wp\/v2\/types\/product"}],"wp:featuredmedia":[{"embeddable":true,"href":"https:\/\/demo.bmconnect.vn\/aomua\/wp-json\/wp\/v2\/media\/505"}],"wp:attachment":[{"href":"https:\/\/demo.bmconnect.vn\/aomua\/wp-json\/wp\/v2\/media?parent=504"}],"wp:term":[{"taxonomy":"product_cat","embeddable":true,"href":"https:\/\/demo.bmconnect.vn\/aomua\/wp-json\/wp\/v2\/product_cat?post=504"},{"taxonomy":"product_tag","embeddable":true,"href":"https:\/\/demo.bmconnect.vn\/aomua\/wp-json\/wp\/v2\/product_tag?post=504"}],"curies":[{"name":"wp","href":"https:\/\/api.w.org\/{rel}","templated":true}]}}